000
CXHW52 PHFO 011250
CF6OGG
PRELIMINARY LOCAL CLIMATOLOGICAL DATA (WS FORM: F-6)
STATION: KAHULUI HI
MONTH: FEBRUARY
YEAR: 2022
LATITUDE: 20 53 N
LONGITUDE: 156 26 W
TEMPERATURE IN F: :PCPN: SNOW: WIND :SUNSHINE: SKY :PK WND
================================================================================
1 2 3 4 5 6A 6B 7 8 9 10 11 12 13 14 15 16 17 18
12Z AVG MX 2MIN
DY MAX MIN AVG DEP HDD CDD WTR SNW DPTH SPD SPD DIR MIN PSBL S-S WX SPD DR
================================================================================
1 84 60 72 -1 0 7 0.00 M M 11.1 24 40 M M 2 8 28 50
2 85 60 73 0 0 8 0.00 M M 6.5 20 20 M M 2 23 30
3 81 58 70 -3 0 5 0.00 M M 7.6 20 30 M M 1 23 30
4 83 57 70 -3 0 5 T M M 7.8 17 30 M M 2 21 30
5 85 63 74 1 0 9 0.00 M M 10.5 25 40 M M 2 30 40
6 83 70 77 4 0 12 T M M 15.3 29 40 M M 1 36 40
7 83 70 77 4 0 12 0.00 M M 15.7 26 60 M M 3 35 60
8 84 58 71 -2 0 6 0.00 M M 9.4 23 70 M M 1 29 60
9 85 56 71 -2 0 6 0.00 M M 6.6 21 40 M M 2 27 40
10 83 59 71 -2 0 6 0.00 M M 7.7 18 40 M M 2 22 10
11 83 58 71 -2 0 6 0.00 M M 7.3 17 20 M M 2 21 20
12 82 57 70 -3 0 5 0.00 M M 9.0 21 20 M M 2 24 10
13 82 66 74 1 0 9 0.11 M M 10.5 20 20 M M 3 1 24 30
14 82 58 70 -3 0 5 0.00 M M 8.5 22 30 M M 2 27 40
15 83 54 69 -4 0 4 0.00 M M 10.4 25 40 M M 2 30 40
16 83 60 72 -1 0 7 0.00 M M 10.7 24 40 M M 2 28 30
17 88 60 74 1 0 9 0.00 M M 10.8 28 40 M M 2 33 40
18 86 62 74 1 0 9 0.00 M M 12.4 24 30 M M 3 28 30
19 85 64 75 2 0 10 0.00 M M 6.5 15 360 M M 2 22 20
20 83 65 74 1 0 9 0.00 M M 10.4 18 10 M M 4 8 22 30
21 85 65 75 2 0 10 0.00 M M 12.7 23 20 M M 4 26 20
22 86 70 78 5 0 13 0.00 M M 15.2 29 60 M M 2 38 70
23 86 67 77 4 0 12 0.00 M M 16.5 28 70 M M 1 37 70
24 87 61 74 1 0 9 0.00 M M 11.3 24 30 M M 2 33 50
25 85 59 72 -1 0 7 0.00 M M 13.7 31 40 M M 2 37 40
26 87 63 75 2 0 10 0.00 M M 9.9 24 50 M M 3 31 30
27 86 64 75 2 0 10 0.00 M M 5.7 16 20 M M 5 8 20 360
28 86 63 75 2 0 10 0.00 M M 7.8 17 40 M M 3 21 40
================================================================================
SM 2361 1727 0 230 0.11 M 287.5 M 64
================================================================================
AV 84.3 61.7 10.3 FASTST M M 2 MAX(MPH)
MISC ----> 31 40 38 70
================================================================================
NOTES:
# LAST OF SEVERAL OCCURRENCES
COLUMN 17 PEAK WIND IN M.P.H.
PRELIMINARY LOCAL CLIMATOLOGICAL DATA (WS FORM: F-6) , PAGE 2
STATION: KAHULUI HI
MONTH: FEBRUARY
YEAR: 2022
LATITUDE: 20 53 N
LONGITUDE: 156 26 W
[TEMPERATURE DATA] [PRECIPITATION DATA] SYMBOLS USED IN COLUMN 16
AVERAGE MONTHLY: 73.0 TOTAL FOR MONTH: 0.11 1 = FOG OR MIST
DPTR FM NORMAL: 0.0 DPTR FM NORMAL: -1.89 2 = FOG REDUCING VISIBILITY
HIGHEST: 88 ON 17 GRTST 24HR 0.11 ON 13-13 TO 1/4 MILE OR LESS
LOWEST: 54 ON 15 3 = THUNDER
SNOW, ICE PELLETS, HAIL 4 = ICE PELLETS
TOTAL MONTH: M 5 = HAIL
GRTST 24HR M ON M 6 = FREEZING RAIN OR DRIZZLE
GRTST DEPTH: M ON M 7 = DUSTSTORM OR SANDSTORM:
VSBY 1/2 MILE OR LESS
8 = SMOKE OR HAZE
[NO. OF DAYS WITH] [WEATHER - DAYS WITH] 9 = BLOWING SNOW
X = TORNADO
MAX 32 OR BELOW: 0 0.01 INCH OR MORE: 1
MAX 90 OR ABOVE: 0 0.10 INCH OR MORE: 1
MIN 32 OR BELOW: 0 0.50 INCH OR MORE: 0
MIN 0 OR BELOW: 0 1.00 INCH OR MORE: 0
[HDD (BASE 65) ]
TOTAL THIS MO. 0 CLEAR (SCALE 0-3) 23
DPTR FM NORMAL 0 PTCLDY (SCALE 4-7) 5
TOTAL FM JUL 1 0 CLOUDY (SCALE 8-10) 0
DPTR FM NORMAL 0
[CDD (BASE 65) ]
TOTAL THIS MO. 230
DPTR FM NORMAL 6 [PRESSURE DATA]
TOTAL FM JAN 1 492 HIGHEST SLP 30.15 ON 25
DPTR FM NORMAL 23 LOWEST SLP 29.91 ON 14
[REMARKS]
#FINAL-02-22#