000
CXUS55 KGGW 010910
CF6OLF
PRELIMINARY LOCAL CLIMATOLOGICAL DATA (WS FORM: F-6)
STATION: WOLF POINT MT
MONTH: JANUARY
YEAR: 2022
LATITUDE: 48 5 N
LONGITUDE: 105 35 W
TEMPERATURE IN F: :PCPN: SNOW: WIND :SUNSHINE: SKY :PK WND
================================================================================
1 2 3 4 5 6A 6B 7 8 9 10 11 12 13 14 15 16 17 18
12Z AVG MX 2MIN
DY MAX MIN AVG DEP HDD CDD WTR SNW DPTH SPD SPD DIR MIN PSBL S-S WX SPD DR
================================================================================
1 -14 -35 -24 -38 89 0 T M M 0.1 6 280 M M 1 7 140
2 16 -19 -1 -15 66 0 0.00 M M 2.5 12 240 M M 1 14 250
3 13 0 7 -7 58 0 0.00 M M 10.0 20 70 M M 1 18 26 60
4 14 -16 -1 -15 66 0 T M M 18.9 31 300 M M 8 8 39 330
5 -13 -23 -18 -31 83 0 0.00 M M 9.4 20 260 M M 3 25 260
6 -8 -34 -21 -34 86 0 T M M 7.7 17 80 M M 2 8 21 80
7 20 -8 6 -7 59 0 T M M 8.3 15 70 M M 8 M M
8 26 -18 4 -9 61 0 T M M 14.4 29 290 M M 0 8 36 280
9 -3 -22 -12 -25 77 0 0.00 M M 5.0 10 80 M M 1 8 12 70
10 9 -10 0 -13 65 0 0.00 M M 4.2 17 230 M M 0 20 230
11 36 8 22 9 43 0 0.00 M M 10.7 28 280 M M 1 39 280
12 42 28 35 22 30 0 0.00 M M 8.1 18 260 M M 2 23 260
13 37 22 30 17 35 0 T M M 7.7 33 340 M M 5 1 49 360
14 33 21 27 14 38 0 0.00 M M 8.8 39 350 M M 9 12 57 350
15 40 12 26 13 39 0 T M M 5.4 16 250 M M 4 128 20 240
16 38 18 28 15 37 0 0.00 M M 9.0 21 260 M M 4 12 28 270
17 38 16 27 14 38 0 0.00 M M 3.3 14 260 M M 2 128 18 260
18 38 -9 15 2 50 0 0.00 M M 17.8 41 330 M M 4 55 330
19 -1 -22 -11 -24 76 0 0.00 M M 4.2 10 300 M M 0 14 310
20 33 -22 6 -7 59 0 T M M 5.5 12 210 M M 3 6 15 210
21 37 19 28 15 37 0 0.00 M M 14.7 40 310 M M 5 62 290
22 40 18 29 16 36 0 T M M 9.9 22 300 M M 10 1 29 300
23 40 22 31 17 34 0 T M M 10.7 24 250 M M 9 30 250
24 37 4 21 7 44 0 T M M 10.6 22 20 M M 10 18 36 360
25 12 -13 0 -14 65 0 0.00 M M 2.9 8 50 M M 1 9 50
26 37 11 24 10 41 0 0.00 M M 15.1 30 300 M M 6 44 300
27 32 10 21 7 44 0 0.02 M M 4.1 15 300 M M 8 1 20 310
28 32 8 20 6 45 0 0.00 M M 7.0 15 230 M M 1 17 230
29 33 14 24 10 41 0 0.00 M M 5.2 14 260 M M 0 16 240
30 38 13 26 12 39 0 0.00 M M 6.1 20 250 M M 0 1 24 250
31 43 8 26 12 39 0 T M M 15.3 43 300 M M 6 55 290
================================================================================
SM 775 1 1620 0 0.02 M 262.6 M 115
================================================================================
AV 25.0 0.0 8.5 FASTST M M 4 MAX(MPH)
MISC ----> 43 300 62 290
================================================================================
NOTES:
# LAST OF SEVERAL OCCURRENCES
COLUMN 17 PEAK WIND IN M.P.H.
PRELIMINARY LOCAL CLIMATOLOGICAL DATA (WS FORM: F-6) , PAGE 2
STATION: WOLF POINT MT
MONTH: JANUARY
YEAR: 2022
LATITUDE: 48 5 N
LONGITUDE: 105 35 W
[TEMPERATURE DATA] [PRECIPITATION DATA] SYMBOLS USED IN COLUMN 16
AVERAGE MONTHLY: 12.5 TOTAL FOR MONTH: 0.02 1 = FOG OR MIST
DPTR FM NORMAL: -1.0 DPTR FM NORMAL: -0.18 2 = FOG REDUCING VISIBILITY
HIGHEST: 43 ON 31 GRTST 24HR 0.06 ON 24-24 TO 1/4 MILE OR LESS
LOWEST: -35 ON 1 3 = THUNDER
SNOW, ICE PELLETS, HAIL 4 = ICE PELLETS
TOTAL MONTH: M 5 = HAIL
GRTST 24HR M ON M 6 = FREEZING RAIN OR DRIZZLE
GRTST DEPTH: M ON M 7 = DUSTSTORM OR SANDSTORM:
VSBY 1/2 MILE OR LESS
8 = SMOKE OR HAZE
[NO. OF DAYS WITH] [WEATHER - DAYS WITH] 9 = BLOWING SNOW
X = TORNADO
MAX 32 OR BELOW: 14 0.01 INCH OR MORE: 1
MAX 90 OR ABOVE: 0 0.10 INCH OR MORE: 0
MIN 32 OR BELOW: 31 0.50 INCH OR MORE: 0
MIN 0 OR BELOW: 14 1.00 INCH OR MORE: 0
[HDD (BASE 65) ]
TOTAL THIS MO. 1620 CLEAR (SCALE 0-3) 17
DPTR FM NORMAL 22 PTCLDY (SCALE 4-7) 9
TOTAL FM JUL 1 4964 CLOUDY (SCALE 8-10) 5
DPTR FM NORMAL -117
[CDD (BASE 65) ]
TOTAL THIS MO. 0
DPTR FM NORMAL 0 [PRESSURE DATA]
TOTAL FM JAN 1 0 HIGHEST SLP M ON M
DPTR FM NORMAL 0 LOWEST SLP 29.40 ON 8
[REMARKS]
#FINAL-01-22#