000
CXUS55 KGGW 010810
CF6OLF
PRELIMINARY LOCAL CLIMATOLOGICAL DATA (WS FORM: F-6)
STATION: WOLF POINT MT
MONTH: AUGUST
YEAR: 2021
LATITUDE: 48 5 N
LONGITUDE: 105 35 W
TEMPERATURE IN F: :PCPN: SNOW: WIND :SUNSHINE: SKY :PK WND
================================================================================
1 2 3 4 5 6A 6B 7 8 9 10 11 12 13 14 15 16 17 18
12Z AVG MX 2MIN
DY MAX MIN AVG DEP HDD CDD WTR SNW DPTH SPD SPD DIR MIN PSBL S-S WX SPD DR
================================================================================
1 96 55 76 3 0 11 0.00 M M 4.5 12 70 M M 0 18 60
2 98 57 78 5 0 13 0.00 M M 7.8 16 80 M M 0 20 70
3 89 63 76 3 0 11 T M M 5.8 14 310 M M 2 8 19 300
4 96 59 78 5 0 13 0.00 M M 6.8 22 330 M M 0 38 27 340
5 87 60 74 2 0 9 T M M 6.7 13 90 M M 1 8 20 60
6 91 65 78 6 0 13 0.01 M M 7.7 16 160 M M 1 27 130
7 93 60 77 5 0 12 0.00 M M 5.3 17 260 M M 0 18 23 270
8 99 53 76 4 0 11 T M M 9.0 33 20 M M 1 8 45 10
9 75 56 66 -6 0 1 0.03 M M 10.4 30 280 M M 6 37 280
10 86 46 66 -6 0 1 0.00 M M 10.0 30 360 M M 3 39 290
11 91 46 69 -3 0 4 0.00 M M 10.9 28 330 M M 2 43 330
12 83 54 69 -2 0 4 0.00 M M 11.9 24 310 M M 1 8 34 320
13 91 45 68 -3 0 3 0.00 M M 5.9 21 290 M M 0 8 29 280
14 100 47 74 3 0 9 0.00 M M 2.1 9 250 M M 0 8 15 250
15 99 52 76 5 0 11 0.00 M M 7.6 24 280 M M 0 8 31 290
16 102 52 77 7 0 12 0.00 M M 5.6 16 50 M M 0 8 23 90
17 94 60 77 7 0 12 0.00 M M 18.1 39 20 M M 0 58 360
18 68 56 62 -8 3 0 T M M 15.8 39 20 M M 8 59 20
19 63 57 60 -9 5 0 0.52 M M 1.4 10 350 M M 10 1 13 260
20 60 55 58 -11 7 0 0.20 M M 8.1 21 350 M M 10 1 26 360
21 75 48 62 -7 3 0 0.00 M M 7.2 14 70 M M 0 1 19 80
22 73 52 63 -5 2 0 0.30 M M 12.4 29 280 M M 6 1 41 280
23 89 48 69 1 0 4 0.00 M M 11.5 37 360 M M 1 1 49 360
24 72 45 59 -9 6 0 T M M 11.2 28 290 M M 2 38 300
25 74 41 58 -9 7 0 0.00 M M 9.9 20 80 M M 0 12 29 70
26 78 55 67 0 0 2 0.03 M M 13.1 20 80 M M 1 27 130
27 76 50 63 -4 2 0 T M M 4.0 14 250 M M 3 12 23 70
28 77 48 63 -3 2 0 T M M 8.1 23 340 M M 2 13 31 340
29 85 45 65 -1 0 0 0.00 M M 3.6 14 250 M M 0 1 19 270
30 92 49 71 5 0 6 0.00 M M 7.2 15 80 M M 0 20 80
31 95 62 79 14 0 14 0.00 M M 10.4 20 170 M M 0 8 32 150
================================================================================
SM 2647 1641 37 176 1.09 M 260.0 M 60
================================================================================
AV 85.4 52.9 8.4 FASTST M M 2 MAX(MPH)
MISC ----> # 39 20 59 20
================================================================================
NOTES:
# LAST OF SEVERAL OCCURRENCES
COLUMN 17 PEAK WIND IN M.P.H.
PRELIMINARY LOCAL CLIMATOLOGICAL DATA (WS FORM: F-6) , PAGE 2
STATION: WOLF POINT MT
MONTH: AUGUST
YEAR: 2021
LATITUDE: 48 5 N
LONGITUDE: 105 35 W
[TEMPERATURE DATA] [PRECIPITATION DATA] SYMBOLS USED IN COLUMN 16
AVERAGE MONTHLY: 69.2 TOTAL FOR MONTH: 1.09 1 = FOG OR MIST
DPTR FM NORMAL: -0.7 DPTR FM NORMAL: -0.41 2 = FOG REDUCING VISIBILITY
HIGHEST: 102 ON 16 GRTST 24HR 0.72 ON 19-20 TO 1/4 MILE OR LESS
LOWEST: 41 ON 25 3 = THUNDER
SNOW, ICE PELLETS, HAIL 4 = ICE PELLETS
TOTAL MONTH: M 5 = HAIL
GRTST 24HR M ON M 6 = FREEZING RAIN OR DRIZZLE
GRTST DEPTH: M ON M 7 = DUSTSTORM OR SANDSTORM:
VSBY 1/2 MILE OR LESS
8 = SMOKE OR HAZE
[NO. OF DAYS WITH] [WEATHER - DAYS WITH] 9 = BLOWING SNOW
X = TORNADO
MAX 32 OR BELOW: 0 0.01 INCH OR MORE: 6
MAX 90 OR ABOVE: 14 0.10 INCH OR MORE: 3
MIN 32 OR BELOW: 0 0.50 INCH OR MORE: 1
MIN 0 OR BELOW: 0 1.00 INCH OR MORE: 0
[HDD (BASE 65) ]
TOTAL THIS MO. 37 CLEAR (SCALE 0-3) 25
DPTR FM NORMAL 3 PTCLDY (SCALE 4-7) 3
TOTAL FM JUL 1 37 CLOUDY (SCALE 8-10) 3
DPTR FM NORMAL -8
[CDD (BASE 65) ]
TOTAL THIS MO. 176
DPTR FM NORMAL -8 [PRESSURE DATA]
TOTAL FM JAN 1 726 HIGHEST SLP M ON M
DPTR FM NORMAL 256 LOWEST SLP 29.51 ON 31
[REMARKS]
#FINAL-08-21#