000
CXUS55 KTWC 010855
CF6OLS
PRELIMINARY LOCAL CLIMATOLOGICAL DATA (WS FORM: F-6)
STATION: NOGALES AZ AIRPORT
MONTH: AUGUST
YEAR: 2022
LATITUDE: 31 25 N
LONGITUDE: 110 51 W
TEMPERATURE IN F: :PCPN: SNOW: WIND :SUNSHINE: SKY :PK WND
================================================================================
1 2 3 4 5 6A 6B 7 8 9 10 11 12 13 14 15 16 17 18
12Z AVG MX 2MIN
DY MAX MIN AVG DEP HDD CDD WTR SNW DPTH SPD SPD DIR MIN PSBL S-S WX SPD DR
================================================================================
1 92 64 78 -1 0 13 0.00 M M 2.8 13 220 M M M 3 18 220
2 90 67 79 0 0 14 0.00 M M 3.8 21 140 M M M 3 30 160
3 90 68 79 0 0 14 0.02 M M 4.8 13 170 M M M 3 21 340
4 90 69 80 1 0 15 T M M 5.1 13 290 M M M 19 30
5 93 67 80 1 0 15 0.00 M M 3.2 22 40 M M M 3 33 40
6 96 68 82 3 0 17 0.39 M M 5.5 32 20 M M M 13 54 30
7 88 64 76 -3 0 11 T M M 5.6 29 20 M M 2 3 46 30
8 89 66 78 -1 0 13 0.03 M M 4.8 21 40 M M 3 3 32 40
9 90 66 78 -1 0 13 0.05 M M 4.3 20 170 M M 2 13 31 190
10 91 65 78 -1 0 13 0.36 M M 4.8 16 100 M M 2 13 24 30
11 89 69 79 0 0 14 T M M 3.5 20 120 M M 3 3 31 110
12 90 68 79 0 0 14 T M M 2.7 12 240 M M 1 3 17 230
13 93 65 79 0 0 14 1.56 M M 3.4 24 220 M M 2 123 38 320
14 89 66 78 -1 0 13 0.33 M M 3.2 22 140 M M 3 3 33 200
15 89 68 79 0 0 14 0.04 M M 3.5 28 90 M M 2 38 43 90
16 92 63 78 -1 0 13 0.12 M M 3.8 14 140 M M 1 3 35 100
17 90 65 78 -1 0 13 0.26 M M 4.1 31 70 M M 5 13 43 80
18 83 67 75 -4 0 10 0.02 M M 2.8 14 20 M M 7 123 20 360
19 82 68 75 -4 0 10 0.30 M M 4.4 16 220 M M 7 1 21 260
20 80 65 73 -6 0 8 1.29 M M 4.3 17 180 M M M 12 23 170
21 83 66 75 -4 0 10 0.43 M M 4.0 13 100 M M M 3 20 50
22 87 66 77 -2 0 12 T M M 4.4 10 200 M M M 16 290
23 90 64 77 -2 0 12 0.52 M M 4.5 22 200 M M M 3 33 50
24 87 62 75 -4 0 10 0.06 M M 3.8 14 60 M M M 18 90
25 88 65 77 -2 0 12 0.00 M M 3.5 20 160 M M 2 3 27 70
26 91 66 79 0 0 14 0.03 M M 2.3 16 270 M M 1 3 26 250
27 90 66 78 -1 0 13 T M M 3.9 16 260 M M 1 3 25 270
28 89 65 77 -2 0 12 0.00 M M 4.3 15 300 M M 1 3 23 320
29 93 64 79 0 0 14 0.00 M M 3.5 12 320 M M 0 19 330
30 95 64 80 1 0 15 0.00 M M 6.2 17 60 M M 0 24 60
31 89 64 77 -1 0 12 0.00 M M 7.2 18 70 M M 1 29 60
================================================================================
SM 2768 2040 0 397 5.81 M 128.0 M 46
================================================================================
AV 89.3 65.8 4.1 FASTST M M 2 MAX(MPH)
MISC ----> 32 20 54 30
================================================================================
NOTES:
# LAST OF SEVERAL OCCURRENCES
COLUMN 17 PEAK WIND IN M.P.H.
PRELIMINARY LOCAL CLIMATOLOGICAL DATA (WS FORM: F-6) , PAGE 2
STATION: NOGALES AZ AIRPORT
MONTH: AUGUST
YEAR: 2022
LATITUDE: 31 25 N
LONGITUDE: 110 51 W
[TEMPERATURE DATA] [PRECIPITATION DATA] SYMBOLS USED IN COLUMN 16
AVERAGE MONTHLY: 77.5 TOTAL FOR MONTH: 5.81 1 = FOG OR MIST
DPTR FM NORMAL: -1.4 DPTR FM NORMAL: 2.40 2 = FOG REDUCING VISIBILITY
HIGHEST: 96 ON 6 GRTST 24HR 1.56 ON 13-13 TO 1/4 MILE OR LESS
LOWEST: 62 ON 24 3 = THUNDER
SNOW, ICE PELLETS, HAIL 4 = ICE PELLETS
TOTAL MONTH: M 5 = HAIL
GRTST 24HR M ON M 6 = FREEZING RAIN OR DRIZZLE
GRTST DEPTH: M ON M 7 = DUSTSTORM OR SANDSTORM:
VSBY 1/2 MILE OR LESS
8 = SMOKE OR HAZE
[NO. OF DAYS WITH] [WEATHER - DAYS WITH] 9 = BLOWING SNOW
X = TORNADO
MAX 32 OR BELOW: 0 0.01 INCH OR MORE: 17
MAX 90 OR ABOVE: 17 0.10 INCH OR MORE: 10
MIN 32 OR BELOW: 0 0.50 INCH OR MORE: 3
MIN 0 OR BELOW: 0 1.00 INCH OR MORE: 2
[HDD (BASE 65) ]
TOTAL THIS MO. 0 CLEAR (SCALE 0-3) 17
DPTR FM NORMAL 0 PTCLDY (SCALE 4-7) 3
TOTAL FM JUL 1 0 CLOUDY (SCALE 8-10) 11
DPTR FM NORMAL 0
[CDD (BASE 65) ]
TOTAL THIS MO. 397
DPTR FM NORMAL -34 [PRESSURE DATA]
TOTAL FM JAN 1 1709 HIGHEST SLP M ON M
DPTR FM NORMAL 149 LOWEST SLP 29.70 ON 6
[REMARKS]
#FINAL-08-22#