000
CXUS53 KARX 010900
CF6OLZ
PRELIMINARY LOCAL CLIMATOLOGICAL DATA (WS FORM: F-6)
STATION: OELWEIN IA
MONTH: MARCH
YEAR: 2024
LATITUDE: 42 40 N
LONGITUDE: 91 58 W
TEMPERATURE IN F: :PCPN: SNOW: WIND :SUNSHINE: SKY :PK WND
================================================================================
1 2 3 4 5 6A 6B 7 8 9 10 11 12 13 14 15 16 17 18
12Z AVG MX 2MIN
DY MAX MIN AVG DEP HDD CDD WTR SNW DPTH SPD SPD DIR MIN PSBL S-S WX SPD DR
================================================================================
1 52 30 41 M 24 0 0.00 0.0 0 17.8 27 180 M M 0 35 190
2 64 30 47 M 18 0 0.00 0.0 0 16.1 23 160 M M 0 30 190
3 75 39 57 M 8 0 0.00 0.0 0 23.4 37 210 M M 0 48 210
4 43 32 38 M 27 0 0.14 0.0 0 14.7 24 50 M M 8 38 33 50
5 52 30 41 M 24 0 0.00 0.0 0 9.7 17 20 M M 1 24 20
6 55 28 42 M 23 0 0.00 0.0 0 11.0 17 120 M M 3 22 110
7 54 34 44 M 21 0 0.00 0.0 0 10.1 15 120 M M 7 17 110
8 43 28 36 M 29 0 0.03 M M 13.5 20 350 M M 7 1 25 360
9 41 21 31 M 34 0 M M M 15.3 23 330 M M 0 31 330
10 48 16 32 M 33 0 0.00 0.0 0 6.6 13 160 M M 0 17 250
11 73 34 54 M 11 0 0.00 0.0 0 14.1 21 250 M M 0 25 230
12 68 43 56 M 9 0 0.00 0.0 0 9.4 18 260 M M 0 21 250
13 72 37 55 M 10 0 0.00 0.0 0 11.5 16 90 M M 2 22 110
14 54 43 49 M 16 0 0.46 0.0 0 11.5 20 40 M M 8 1 28 60
15 55 34 45 M 20 0 0.00 0.0 0 9.1 20 300 M M 0 24 300
16 48 32 40 M 25 0 M M 0 18.5 28 310 M M 4 39 310
17 36 19 28 M 37 0 M M 0 19.6 25 310 M M 5 37 290
18 36 18 27 M 38 0 M M 0 14.0 20 330 M M 5 24 300
19 59 25 42 M 23 0 0.00 0.0 0 19.2 31 300 M M 0 38 300
20 36 23 30 M 35 0 0.00 0.0 0 14.2 21 330 M M 2 29 340
21 37 27 32 M 33 0 M M 0 7.9 14 110 M M 9 18 80
22 34 21 28 M 37 0 M M M 13.0 20 350 M M 8 1 25 350
23 37 14 26 M 39 0 M M M 8.2 14 120 M M 3 1 18 120
24 41 28 35 M 30 0 0.47 M M 19.2 30 130 M M 8 12 51 130
25 55 39 47 M 18 0 0.09 M M 15.2 20 130 M M 9 1 27 130
26 48 25 37 M 28 0 0.17 M M 19.2 25 290 M M 10 1 37 280
27 36 21 29 M 36 0 M M M 14.2 20 270 M M 4 27 290
28 46 23 35 M 30 0 0.00 0.0 M 5.8 9 350 M M 3 14 270
29 57 30 44 M 21 0 0.09 M M 15.0 23 120 M M 5 1 30 110
30 57 34 46 M 19 0 0.00 0.0 M 10.4 18 320 M M 3 1 25 350
31 54 37 46 M 19 0 0.13 0.0 M 9.2 15 50 M M 7 1 17 70
================================================================================
SM 1566 895 775 0 1.58 0.0 416.6 M 121
================================================================================
AV 50.5 28.9 13.4 FASTST M M 4 MAX(MPH)
MISC ----> 37 210 51 130
================================================================================
NOTES:
# LAST OF SEVERAL OCCURRENCES
COLUMN 17 PEAK WIND IN M.P.H.
PRELIMINARY LOCAL CLIMATOLOGICAL DATA (WS FORM: F-6) , PAGE 2
STATION: OELWEIN IA
MONTH: MARCH
YEAR: 2024
LATITUDE: 42 40 N
LONGITUDE: 91 58 W
[TEMPERATURE DATA] [PRECIPITATION DATA] SYMBOLS USED IN COLUMN 16
AVERAGE MONTHLY: 39.7 TOTAL FOR MONTH: 1.58 1 = FOG OR MIST
DPTR FM NORMAL: 0.0 DPTR FM NORMAL: M 2 = FOG REDUCING VISIBILITY
HIGHEST: 75 ON 3 GRTST 24HR 0.47 ON 24-24 TO 1/4 MILE OR LESS
LOWEST: 14 ON 23 3 = THUNDER
SNOW, ICE PELLETS, HAIL 4 = ICE PELLETS
TOTAL MONTH: 0.0 INCH 5 = HAIL
GRTST 24HR 0.0 6 = FREEZING RAIN OR DRIZZLE
GRTST DEPTH: 0 7 = DUSTSTORM OR SANDSTORM:
VSBY 1/2 MILE OR LESS
8 = SMOKE OR HAZE
[NO. OF DAYS WITH] [WEATHER - DAYS WITH] 9 = BLOWING SNOW
X = TORNADO
MAX 32 OR BELOW: 0 0.01 INCH OR MORE: 8
MAX 90 OR ABOVE: 0 0.10 INCH OR MORE: 5
MIN 32 OR BELOW: 21 0.50 INCH OR MORE: 0
MIN 0 OR BELOW: 0 1.00 INCH OR MORE: 0
[HDD (BASE 65) ]
TOTAL THIS MO. 775 CLEAR (SCALE 0-3) 16
DPTR FM NORMAL M PTCLDY (SCALE 4-7) 10
TOTAL FM JUL 1 5289 CLOUDY (SCALE 8-10) 5
DPTR FM NORMAL M
[CDD (BASE 65) ]
TOTAL THIS MO. 0
DPTR FM NORMAL M [PRESSURE DATA]
TOTAL FM JAN 1 0 HIGHEST SLP M ON M
DPTR FM NORMAL M LOWEST SLP M ON M
[REMARKS]
#FINAL-03-24#