000
CXUS53 KOAX 011000
CF6OMA
PRELIMINARY LOCAL CLIMATOLOGICAL DATA (WS FORM: F-6)
STATION: OMAHA NE
MONTH: APRIL
YEAR: 2020
LATITUDE: 41 17 N
LONGITUDE: 95 54 W
TEMPERATURE IN F: :PCPN: SNOW: WIND :SUNSHINE: SKY :PK WND
================================================================================
1 2 3 4 5 6A 6B 7 8 9 10 11 12 13 14 15 16 17 18
12Z AVG MX 2MIN
DY MAX MIN AVG DEP HDD CDD WTR SNW DPTH SPD SPD DIR MIN PSBL S-S WX SPD DR
================================================================================
1 74 45 60 14 5 0 0.00 0.0 0 15.9 26 160 M M 5 34 140
2 66 26 46 0 19 0 T 0.0 0 17.4 28 340 M M 9 16 37 340
3 31 24 28 -19 37 0 0.15 0.3 T 18.6 26 340 M M 9 146 36 320
4 51 28 40 -7 25 0 0.00 0.0 0 8.4 15 350 M M 7 19 140
5 63 29 46 -2 19 0 0.00 0.0 0 10.7 23 140 M M 4 1 28 150
6 71 51 61 13 4 0 0.01 0.0 0 11.7 21 160 M M 7 1 26 160
7 86 49 68 20 0 3 0.00 0.0 0 7.6 23 280 M M 2 12 34 260
8 72 39 56 7 9 0 0.00 0.0 0 13.4 35 340 M M 4 44 360
9 52 27 40 -9 25 0 0.00 0.0 0 18.6 38 310 M M 3 78 50 320
10 57 26 42 -8 23 0 0.00 0.0 0 9.4 23 180 M M 3 8 31 180
11 73 42 58 8 7 0 0.01 0.0 0 7.3 20 360 M M 5 8 26 330
12 54 29 42 -8 23 0 0.04 T 0 24.1 39 340 M M 9 138 55 350
13 42 23 33 -18 32 0 0.00 0.0 0 13.5 29 300 M M 2 36 290
14 48 24 36 -15 29 0 0.00 0.0 0 11.6 25 270 M M 5 33 250
15 52 21 37 -15 28 0 0.00 0.0 0 7.7 22 70 M M 4 1 29 60
16 39 31 35 -17 30 0 0.38 5.0 0 9.1 22 100 M M 10 12 26 100
17 49 27 38 -14 27 0 0.01 0.4 4 8.3 20 230 M M 4 1 26 240
18 74 36 55 2 10 0 0.00 0.0 0 13.9 28 220 M M 2 40 210
19 64 41 53 0 12 0 0.00 0.0 0 9.2 20 50 M M 6 25 50
20 73 42 58 4 7 0 T 0.0 0 10.1 28 320 M M 5 39 310
21 73 37 55 1 10 0 0.00 0.0 0 7.3 18 170 M M 2 24 180
22 80 54 67 13 0 2 T 0.0 0 10.2 21 160 M M 8 28 200
23 81 49 65 10 0 0 T 0.0 0 6.4 21 330 M M 6 128 25 330
24 62 50 56 1 9 0 0.02 0.0 0 8.0 17 10 M M 10 1 22 330
25 68 43 56 1 9 0 0.04 0.0 0 7.0 24 360 M M 5 13 36 340
26 70 42 56 0 9 0 0.01 0.0 0 7.1 20 180 M M 5 3 24 160
27 83 56 70 14 0 5 0.01 0.0 0 11.6 24 160 M M 5 3 33 160
28 74 52 63 7 2 0 T 0.0 0 16.4 36 330 M M 7 78 51 320
29 71 51 61 4 4 0 0.01 0.0 0 20.9 39 340 M M 6 7 52 350
30 74 44 59 2 6 0 0.00 0.0 0 5.3 10 160 M M 3 16 190
================================================================================
SM 1927 1138 420 10 0.69 5.7 346.7 M 162
================================================================================
AV 64.2 37.9 11.6 FASTST M M 5 MAX(MPH)
MISC ----> # 39 340 # 55 350
================================================================================
NOTES:
# LAST OF SEVERAL OCCURRENCES
COLUMN 17 PEAK WIND IN M.P.H.
PRELIMINARY LOCAL CLIMATOLOGICAL DATA (WS FORM: F-6) , PAGE 2
STATION: OMAHA NE
MONTH: APRIL
YEAR: 2020
LATITUDE: 41 17 N
LONGITUDE: 95 54 W
[TEMPERATURE DATA] [PRECIPITATION DATA] SYMBOLS USED IN COLUMN 16
AVERAGE MONTHLY: 51.1 TOTAL FOR MONTH: 0.69 1 = FOG OR MIST
DPTR FM NORMAL: -0.6 DPTR FM NORMAL: -2.27 2 = FOG REDUCING VISIBILITY
HIGHEST: 86 ON 7 GRTST 24HR 0.38 ON 16-16 TO 1/4 MILE OR LESS
LOWEST: 21 ON 15 3 = THUNDER
SNOW, ICE PELLETS, HAIL 4 = ICE PELLETS
TOTAL MONTH: 5.7 INCHES 5 = HAIL
GRTST 24HR 5.0 ON 16-16 6 = FREEZING RAIN OR DRIZZLE
GRTST DEPTH: 4 ON 17 7 = DUSTSTORM OR SANDSTORM:
VSBY 1/2 MILE OR LESS
8 = SMOKE OR HAZE
[NO. OF DAYS WITH] [WEATHER - DAYS WITH] 9 = BLOWING SNOW
X = TORNADO
MAX 32 OR BELOW: 1 0.01 INCH OR MORE: 11
MAX 90 OR ABOVE: 0 0.10 INCH OR MORE: 2
MIN 32 OR BELOW: 12 0.50 INCH OR MORE: 0
MIN 0 OR BELOW: 0 1.00 INCH OR MORE: 0
[HDD (BASE 65) ]
TOTAL THIS MO. 420 CLEAR (SCALE 0-3) 5
DPTR FM NORMAL 7 PTCLDY (SCALE 4-7) 19
TOTAL FM JUL 1 5554 CLOUDY (SCALE 8-10) 6
DPTR FM NORMAL -448
[CDD (BASE 65) ]
TOTAL THIS MO. 10
DPTR FM NORMAL -5 [PRESSURE DATA]
TOTAL FM JAN 1 10 HIGHEST SLP 30.33 ON 16
DPTR FM NORMAL -6 LOWEST SLP 29.53 ON 11
[REMARKS]
#FINAL-04-20#