000
CXAK56 PAFG 011003
CF6OME
PRELIMINARY LOCAL CLIMATOLOGICAL DATA (WS FORM: F-6)
STATION: NOME AK
MONTH: FEBRUARY
YEAR: 2023
LATITUDE: 64 30 N
LONGITUDE: 165 26 W
TEMPERATURE IN F: :PCPN: SNOW: WIND :SUNSHINE: SKY :PK WND
================================================================================
1 2 3 4 5 6A 6B 7 8 9 10 11 12 13 14 15 16 17 18
12Z AVG MX 2MIN
DY MAX MIN AVG DEP HDD CDD WTR SNW DPTH SPD SPD DIR MIN PSBL S-S WX SPD DR
================================================================================
1 22 -4 9 1 56 0 0.00 M M 3.1 12 30 M M 9 12 13 40
2 20 -13 4 -4 61 0 T M M 2.3 7 200 M M 9 12 8 350
3 7 -21 -7 -15 72 0 T M M 1.4 8 360 M M 7 12 9 360
4 19 2 11 3 54 0 0.05 M M 6.3 13 40 M M 10 18 14 40
5 20 7 14 6 51 0 T M M 8.1 20 10 M M 8 27 30
6 14 -8 3 -5 62 0 0.00 M M 6.1 21 350 M M 0 18 25 340
7 -1 -14 -7 -16 72 0 0.00 M M 1.1 6 290 M M 1 1 7 360
8 1 -9 -4 -13 69 0 T M M 3.1 8 340 M M 10 18 9 300
9 0 -5 -2 -11 67 0 T M M 6.1 17 40 M M 10 18 21 30
10 7 -11 -2 -11 67 0 T M M 17.2 33 10 M M 3 89 43 10
11 8 -9 0 -9 65 0 0.04 M M 10.2 24 360 M M 8 189 29 10
12 -1 -14 -7 -16 72 0 T M M 10.0 21 300 M M 9 18 26 310
13 -5 -18 -11 -20 76 0 0.01 M M 6.4 12 340 M M 7 18 13 350
14 -5 -22 -13 -22 78 0 0.00 M M 5.3 15 330 M M 1 17 330
15 -8 -24 -16 -26 81 0 0.00 M M 4.3 13 350 M M 2 14 340
16 0 -15 -7 -17 72 0 T M M 6.1 15 40 M M 2 17 40
17 18 0 9 -1 56 0 T M M 17.1 30 30 M M 4 89 36 40
18 11 -1 5 -5 60 0 0.01 M M 3.4 15 350 M M 10 1 17 350
19 12 -6 3 -7 62 0 0.02 M M 8.0 16 70 M M 10 1 21 70
20 20 12 16 6 49 0 0.07 M M 10.8 18 70 M M 10 1 23 70
21 33 16 25 15 40 0 0.22 M M 27.2 39 90 M M 10 129 52 110
22 33 31 32 22 33 0 0.46 M M 18.3 33 120 M M 10 1 42 120
23 32 21 27 17 38 0 T M M 20.6 41 240 M M 10 189 52 240
24 21 7 14 4 51 0 0.04 M M 7.6 21 270 M M 6 12 23 260
25 9 -16 -3 -13 68 0 T M M 5.8 16 300 M M 4 18 20 260
26 -3 -20 -11 -20 76 0 T M M 0.9 8 40 M M 3 1 8 50
27 9 -20 -5 -14 70 0 0.00 M M 8.7 28 70 M M 2 1 36 60
28 21 7 14 5 51 0 0.30 M M 24.8 36 70 M M 10 129 47 70
================================================================================
SM 314 -147 1729 0 1.22 M 250.3 M 185
================================================================================
AV 11.2 -5.2 8.9 FASTST M M 7 MAX(MPH)
MISC ----> 41 240 # 52 110
================================================================================
NOTES:
# LAST OF SEVERAL OCCURRENCES
COLUMN 17 PEAK WIND IN M.P.H.
PRELIMINARY LOCAL CLIMATOLOGICAL DATA (WS FORM: F-6) , PAGE 2
STATION: NOME AK
MONTH: FEBRUARY
YEAR: 2023
LATITUDE: 64 30 N
LONGITUDE: 165 26 W
[TEMPERATURE DATA] [PRECIPITATION DATA] SYMBOLS USED IN COLUMN 16
AVERAGE MONTHLY: 3.0 TOTAL FOR MONTH: 1.22 1 = FOG OR MIST
DPTR FM NORMAL: -6.0 DPTR FM NORMAL: 0.23 2 = FOG REDUCING VISIBILITY
HIGHEST: 33 ON 22,21 GRTST 24HR 0.46 ON 22-22 TO 1/4 MILE OR LESS
LOWEST: -24 ON 15 3 = THUNDER
SNOW, ICE PELLETS, HAIL 4 = ICE PELLETS
TOTAL MONTH: M 5 = HAIL
GRTST 24HR M ON M 6 = FREEZING RAIN OR DRIZZLE
GRTST DEPTH: M ON M 7 = DUSTSTORM OR SANDSTORM:
VSBY 1/2 MILE OR LESS
8 = SMOKE OR HAZE
[NO. OF DAYS WITH] [WEATHER - DAYS WITH] 9 = BLOWING SNOW
X = TORNADO
MAX 32 OR BELOW: 26 0.01 INCH OR MORE: 10
MAX 90 OR ABOVE: 0 0.10 INCH OR MORE: 3
MIN 32 OR BELOW: 28 0.50 INCH OR MORE: 0
MIN 0 OR BELOW: 20 1.00 INCH OR MORE: 0
[HDD (BASE 65) ]
TOTAL THIS MO. 1729 CLEAR (SCALE 0-3) 6
DPTR FM NORMAL 162 PTCLDY (SCALE 4-7) 8
TOTAL FM JUL 1 8805 CLOUDY (SCALE 8-10) 14
DPTR FM NORMAL -330
[CDD (BASE 65) ]
TOTAL THIS MO. 0
DPTR FM NORMAL 0 [PRESSURE DATA]
TOTAL FM JAN 1 0 HIGHEST SLP M ON M
DPTR FM NORMAL 0 LOWEST SLP 28.47 ON 28
[REMARKS]
#FINAL-02-23#