000
CXUS56 KBOI 011002
CF6ONO
PRELIMINARY LOCAL CLIMATOLOGICAL DATA (WS FORM: F-6)
STATION: ONTARIO OR
MONTH: MAY
YEAR: 2021
LATITUDE: 44 1 N
LONGITUDE: 117 1 W
TEMPERATURE IN F: :PCPN: SNOW: WIND :SUNSHINE: SKY :PK WND
================================================================================
1 2 3 4 5 6A 6B 7 8 9 10 11 12 13 14 15 16 17 18
12Z AVG MX 2MIN
DY MAX MIN AVG DEP HDD CDD WTR SNW DPTH SPD SPD DIR MIN PSBL S-S WX SPD DR
================================================================================
1 76 57 67 10 0 2 T M M 17.1 26 300 M M 1 3 35 310
2 69 50 60 2 5 0 0.00 M M 17.3 29 330 M M 3 40 330
3 73 49 61 3 4 0 0.00 M M 9.0 20 320 M M 1 26 320
4 75 52 64 6 1 0 0.00 M M 11.5 23 330 M M 4 30 340
5 80 40 60 1 5 0 0.00 M M 3.9 14 160 M M 0 19 160
6 91 41 66 7 0 1 0.00 M M 7.1 30 330 M M 0 8 39 330
7 70 46 58 -2 7 0 0.00 M M 17.1 33 320 M M 3 44 320
8 66 38 52 -8 13 0 0.00 M M 10.0 20 340 M M 0 26 350
9 68 47 58 -2 7 0 0.00 M M 12.1 21 330 M M 3 28 340
10 73 46 60 0 5 0 0.00 M M 11.1 21 330 M M 2 27 360
11 75 38 57 -4 8 0 0.00 M M 2.7 13 360 M M 0 19 360
12 84 42 63 2 2 0 0.00 M M 3.9 10 350 M M 0 15 50
13 87 53 70 8 0 5 0.00 M M 5.5 14 340 M M 0 22 350
14 83 53 68 6 0 3 0.00 M M 6.4 16 340 M M 2 22 340
15 87 58 73 11 0 8 0.00 M M 9.7 18 340 M M 0 26 340
16 91 54 73 11 0 8 0.00 M M 5.3 16 330 M M 0 22 340
17 90 53 72 9 0 7 0.00 M M 6.7 28 320 M M 0 37 330
18 76 57 67 4 0 2 0.00 M M 12.3 24 330 M M 0 32 340
19 61 50 56 -7 9 0 T M M 12.9 26 330 M M 7 34 320
20 64 45 55 -9 10 0 T M M 18.4 29 320 M M 4 36 320
21 58 50 54 -10 11 0 T M M 20.7 28 330 M M 8 37 320
22 58 46 52 -12 13 0 0.20 M M 6.4 20 320 M M 8 26 320
23 66 39 53 -11 12 0 0.06 M M 4.4 21 320 M M 5 1238 27 240
24 72 48 60 -5 5 0 0.10 M M 5.3 12 10 M M 7 17 20
25 65 47 56 -9 9 0 0.22 M M 6.2 16 260 M M 6 1 21 260
26 73 48 61 -4 4 0 0.01 M M 2.9 10 210 M M 2 14 70
27 82 45 64 -1 1 0 T M M 6.4 26 330 M M 0 35 330
28 75 52 64 -2 1 0 T M M 12.2 28 330 M M 0 36 330
29 82 44 63 -3 2 0 0.00 M M 3.7 10 10 M M 0 15 50
30 86 50 68 2 0 3 0.00 M M 5.1 16 330 M M 0 22 330
31 93 62 78 12 0 13 0.00 M M 7.2 17 320 M M 0 24 330
================================================================================
SM 2349 1500 134 52 0.59 M 280.5 M 66
================================================================================
AV 75.8 48.4 9.0 FASTST M M 2 MAX(MPH)
MISC ----> 33 320 44 320
================================================================================
NOTES:
# LAST OF SEVERAL OCCURRENCES
COLUMN 17 PEAK WIND IN M.P.H.
PRELIMINARY LOCAL CLIMATOLOGICAL DATA (WS FORM: F-6) , PAGE 2
STATION: ONTARIO OR
MONTH: MAY
YEAR: 2021
LATITUDE: 44 1 N
LONGITUDE: 117 1 W
[TEMPERATURE DATA] [PRECIPITATION DATA] SYMBOLS USED IN COLUMN 16
AVERAGE MONTHLY: 62.1 TOTAL FOR MONTH: 0.59 1 = FOG OR MIST
DPTR FM NORMAL: 0.0 DPTR FM NORMAL: -0.58 2 = FOG REDUCING VISIBILITY
HIGHEST: 93 ON 31 GRTST 24HR 0.31 ON 24-25 TO 1/4 MILE OR LESS
LOWEST: 38 ON 11, 8 3 = THUNDER
SNOW, ICE PELLETS, HAIL 4 = ICE PELLETS
TOTAL MONTH: M 5 = HAIL
GRTST 24HR M ON M 6 = FREEZING RAIN OR DRIZZLE
GRTST DEPTH: M ON M 7 = DUSTSTORM OR SANDSTORM:
VSBY 1/2 MILE OR LESS
8 = SMOKE OR HAZE
[NO. OF DAYS WITH] [WEATHER - DAYS WITH] 9 = BLOWING SNOW
X = TORNADO
MAX 32 OR BELOW: 0 0.01 INCH OR MORE: 5
MAX 90 OR ABOVE: 4 0.10 INCH OR MORE: 3
MIN 32 OR BELOW: 0 0.50 INCH OR MORE: 0
MIN 0 OR BELOW: 0 1.00 INCH OR MORE: 0
[HDD (BASE 65) ]
TOTAL THIS MO. 134 CLEAR (SCALE 0-3) 23
DPTR FM NORMAL -12 PTCLDY (SCALE 4-7) 8
TOTAL FM JUL 1 5020 CLOUDY (SCALE 8-10) 0
DPTR FM NORMAL -148
[CDD (BASE 65) ]
TOTAL THIS MO. 52
DPTR FM NORMAL -5 [PRESSURE DATA]
TOTAL FM JAN 1 55 HIGHEST SLP M ON M
DPTR FM NORMAL -4 LOWEST SLP 29.65 ON 17
[REMARKS]
#FINAL-05-21#