000
CXUS56 KBOI 011002
CF6ONO
PRELIMINARY LOCAL CLIMATOLOGICAL DATA (WS FORM: F-6)
STATION: ONTARIO OR
MONTH: MAY
YEAR: 2020
LATITUDE: 44 1 N
LONGITUDE: 117 1 W
TEMPERATURE IN F: :PCPN: SNOW: WIND :SUNSHINE: SKY :PK WND
================================================================================
1 2 3 4 5 6A 6B 7 8 9 10 11 12 13 14 15 16 17 18
12Z AVG MX 2MIN
DY MAX MIN AVG DEP HDD CDD WTR SNW DPTH SPD SPD DIR MIN PSBL S-S WX SPD DR
================================================================================
1 74 43 59 4 6 0 0.00 M M 4.2 13 320 M M 1 8 16 320
2 82 42 62 7 3 0 0.00 M M 8.2 32 240 M M 1 8 40 240
3 68 45 57 2 8 0 T M M 9.3 24 310 M M 2 30 320
4 72 36 54 -2 11 0 0.00 M M 4.4 14 310 M M 0 16 300
5 86 38 62 6 3 0 0.00 M M 4.1 13 170 M M 0 14 40
6 68 43 56 0 9 0 0.01 M M 13.0 38 310 M M 1 48 310
7 71 37 54 -3 11 0 0.00 M M 4.3 12 350 M M 0 16 320
8 80 36 58 1 7 0 0.00 M M 4.6 15 360 M M 0 20 10
9 83 45 64 7 1 0 0.00 M M 5.9 18 150 M M 0 22 140
10 87 42 65 7 0 0 0.00 M M 4.4 10 160 M M 0 15 140
11 86 51 69 11 0 4 0.00 M M 7.4 28 260 M M 0 8 36 250
12 72 50 61 3 4 0 T M M 12.9 30 260 M M 2 8 39 260
13 67 47 57 -2 8 0 0.03 M M 5.8 15 150 M M 5 18 150
14 63 48 56 -3 9 0 0.15 M M 4.4 21 340 M M 6 3 26 340
15 71 46 59 0 6 0 0.06 M M 4.6 15 300 M M 4 18 18 300
16 78 41 60 0 5 0 0.00 M M 4.9 18 140 M M 1 25 150
17 81 57 69 9 0 4 0.01 M M 7.9 28 310 M M 5 8 34 310
18 60 51 56 -4 9 0 0.33 M M 4.5 14 110 M M 7 1 19 160
19 67 49 58 -2 7 0 0.44 M M 8.8 22 330 M M 8 1 25 330
20 56 47 52 -9 13 0 0.62 M M 12.1 22 280 M M 9 1 27 280
21 63 44 54 -7 11 0 0.09 M M 6.5 25 260 M M 5 8 32 260
22 63 45 54 -7 11 0 T M M 9.8 22 290 M M 5 27 290
23 72 45 59 -3 6 0 0.00 M M 8.1 16 310 M M 2 20 350
24 77 44 61 -1 4 0 0.00 M M 3.2 9 140 M M 0 18 210
25 82 47 65 3 0 0 T M M 5.1 25 330 M M 2 32 330
26 81 60 71 9 0 6 T M M 5.3 15 300 M M 6 20 320
27 89 55 72 9 0 7 0.00 M M 4.6 12 20 M M 0 16 20
28 93 53 73 10 0 8 0.00 M M 4.1 8 260 M M 0 14 140
29 98 61 80 17 0 15 0.00 M M 4.1 9 40 M M 0 24 330
30 98 64 81 17 0 16 0.02 M M 7.8 36 190 M M 1 38 47 190
31 81 59 70 6 0 5 0.05 M M 7.0 17 320 M M 4 3 20 320
================================================================================
SM 2369 1471 152 65 1.81 M 201.3 M 77
================================================================================
AV 76.4 47.5 6.5 FASTST M M 2 MAX(MPH)
MISC ----> 38 310 48 310
================================================================================
NOTES:
# LAST OF SEVERAL OCCURRENCES
COLUMN 17 PEAK WIND IN M.P.H.
PRELIMINARY LOCAL CLIMATOLOGICAL DATA (WS FORM: F-6) , PAGE 2
STATION: ONTARIO OR
MONTH: MAY
YEAR: 2020
LATITUDE: 44 1 N
LONGITUDE: 117 1 W
[TEMPERATURE DATA] [PRECIPITATION DATA] SYMBOLS USED IN COLUMN 16
AVERAGE MONTHLY: 61.9 TOTAL FOR MONTH: 1.81 1 = FOG OR MIST
DPTR FM NORMAL: 2.5 DPTR FM NORMAL: 0.53 2 = FOG REDUCING VISIBILITY
HIGHEST: 98 ON 30,29 GRTST 24HR 1.00 ON 19-20 TO 1/4 MILE OR LESS
LOWEST: 36 ON 8, 4 3 = THUNDER
SNOW, ICE PELLETS, HAIL 4 = ICE PELLETS
TOTAL MONTH: M 5 = HAIL
GRTST 24HR M ON M 6 = FREEZING RAIN OR DRIZZLE
GRTST DEPTH: M ON M 7 = DUSTSTORM OR SANDSTORM:
VSBY 1/2 MILE OR LESS
8 = SMOKE OR HAZE
[NO. OF DAYS WITH] [WEATHER - DAYS WITH] 9 = BLOWING SNOW
X = TORNADO
MAX 32 OR BELOW: 0 0.01 INCH OR MORE: 11
MAX 90 OR ABOVE: 3 0.10 INCH OR MORE: 4
MIN 32 OR BELOW: 0 0.50 INCH OR MORE: 1
MIN 0 OR BELOW: 0 1.00 INCH OR MORE: 0
[HDD (BASE 65) ]
TOTAL THIS MO. 152 CLEAR (SCALE 0-3) 20
DPTR FM NORMAL -57 PTCLDY (SCALE 4-7) 10
TOTAL FM JUL 1 5065 CLOUDY (SCALE 8-10) 1
DPTR FM NORMAL -885
[CDD (BASE 65) ]
TOTAL THIS MO. 65
DPTR FM NORMAL 30 [PRESSURE DATA]
TOTAL FM JAN 1 65 HIGHEST SLP M ON M
DPTR FM NORMAL 29 LOWEST SLP 29.43 ON 30
[REMARKS]
#FINAL-05-20#