000
CXUS52 KMFL 011030
CF6OPF
PRELIMINARY LOCAL CLIMATOLOGICAL DATA (WS FORM: F-6)
STATION: OPA-LOCKA ARPT
MONTH: AUGUST
YEAR: 2022
LATITUDE: 25 53 N
LONGITUDE: 80 17 W
TEMPERATURE IN F: :PCPN: SNOW: WIND :SUNSHINE: SKY :PK WND
================================================================================
1 2 3 4 5 6A 6B 7 8 9 10 11 12 13 14 15 16 17 18
12Z AVG MX 2MIN
DY MAX MIN AVG DEP HDD CDD WTR SNW DPTH SPD SPD DIR MIN PSBL S-S WX SPD DR
================================================================================
1 92 78 85 1 0 20 T 0.0 0 10.3 18 140 M M 3 26 130
2 93 76 85 1 0 20 0.00 0.0 0 7.2 16 10 M M 1 3 21 120
3 92 77 85 1 0 20 0.00 0.0 0 6.2 15 100 M M 2 3 22 120
4 92 79 86 2 0 21 T M M 7.9 16 130 M M 1 22 120
5 92 78 85 1 0 20 0.10 0.0 0 8.4 21 130 M M 2 3 26 90
6 91 76 84 0 0 19 0.22 0.0 0 12.7 29 110 M M 3 38 36 110
7 89 78 84 0 0 19 0.13 0.0 0 9.8 23 70 M M 2 3 37 90
8 91 78 85 1 0 20 0.06 0.0 0 9.2 17 80 M M 3 3 26 100
9 92 81 87 3 0 22 T 0.0 0 11.7 23 140 M M 3 27 130
10 93 81 87 3 0 22 T 0.0 0 10.7 24 90 M M 2 31 100
11 92 81 87 3 0 22 T M M 8.8 15 110 M M 1 22 140
12 92 79 86 2 0 21 0.00 M M 7.9 15 90 M M 2 20 120
13 92 77 85 1 0 20 1.39 0.0 0 5.1 18 150 M M 2 13 22 150
14 90 75 83 -1 0 18 0.99 0.0 0 3.5 23 240 M M 3 13 28 220
15 92 74 83 -1 0 18 1.25 0.0 M 3.2 22 150 M M 2 13 25 220
16 93 79 86 2 0 21 0.23 0.0 M 4.6 24 190 M M 1 3 33 200
17 95 78 87 3 0 22 T 0.0 M 6.5 20 290 M M 2 23 260
18 95 79 87 3 0 22 T 0.0 0 4.5 17 150 M M 2 3 20 160
19 94 80 87 3 0 22 T M M 5.7 15 140 M M 1 20 110
20 93 81 87 3 0 22 T 0.0 0 10.0 18 100 M M 2 3 23 90
21 92 81 87 3 0 22 T 0.0 0 9.4 16 100 M M 2 23 70
22 92 81 87 3 0 22 0.00 0.0 0 7.5 15 100 M M 1 3 18 90
23 92 80 86 2 0 21 T 0.0 0 4.3 15 140 M M 2 3 19 150
24 93 80 87 3 0 22 0.00 0.0 0 6.2 16 120 M M 2 3 22 120
25 94 81 88 4 0 23 0.00 0.0 0 7.7 17 130 M M 1 23 120
26 93 81 87 3 0 22 T 0.0 0 6.1 15 130 M M 2 3 21 140
27 95 78 87 3 0 22 0.00 0.0 0 3.5 22 320 M M 2 38 25 320
28 91 78 85 1 0 20 0.01 0.0 0 4.5 18 110 M M 1 3 23 110
29 90 75 83 -1 0 18 0.25 0.0 0 7.8 25 190 M M 4 1 31 190
30 93 80 87 3 0 22 0.01 0.0 0 8.3 17 140 M M 2 22 130
31 90 76 83 -1 0 18 0.32 0.0 0 5.2 14 140 M M 2 138 20 140
================================================================================
SM 2860 2436 0 643 4.96 0.0 224.4 M 61
================================================================================
AV 92.3 78.6 7.2 FASTST M M 2 MAX(MPH)
MISC ----> 29 110 37 90
================================================================================
NOTES:
# LAST OF SEVERAL OCCURRENCES
COLUMN 17 PEAK WIND IN M.P.H.
PRELIMINARY LOCAL CLIMATOLOGICAL DATA (WS FORM: F-6) , PAGE 2
STATION: OPA-LOCKA ARPT
MONTH: AUGUST
YEAR: 2022
LATITUDE: 25 53 N
LONGITUDE: 80 17 W
[TEMPERATURE DATA] [PRECIPITATION DATA] SYMBOLS USED IN COLUMN 16
AVERAGE MONTHLY: 85.4 TOTAL FOR MONTH: 4.96 1 = FOG OR MIST
DPTR FM NORMAL: 1.4 DPTR FM NORMAL: -3.12 2 = FOG REDUCING VISIBILITY
HIGHEST: 95 ON 27,18 GRTST 24HR 1.39 ON 13-13 TO 1/4 MILE OR LESS
LOWEST: 74 ON 15 3 = THUNDER
SNOW, ICE PELLETS, HAIL 4 = ICE PELLETS
TOTAL MONTH: 0.0 INCH 5 = HAIL
GRTST 24HR 0.0 6 = FREEZING RAIN OR DRIZZLE
GRTST DEPTH: 0 7 = DUSTSTORM OR SANDSTORM:
VSBY 1/2 MILE OR LESS
8 = SMOKE OR HAZE
[NO. OF DAYS WITH] [WEATHER - DAYS WITH] 9 = BLOWING SNOW
X = TORNADO
MAX 32 OR BELOW: 0 0.01 INCH OR MORE: 12
MAX 90 OR ABOVE: 30 0.10 INCH OR MORE: 9
MIN 32 OR BELOW: 0 0.50 INCH OR MORE: 3
MIN 0 OR BELOW: 0 1.00 INCH OR MORE: 2
[HDD (BASE 65) ]
TOTAL THIS MO. 0 CLEAR (SCALE 0-3) 29
DPTR FM NORMAL 0 PTCLDY (SCALE 4-7) 2
TOTAL FM JUL 1 0 CLOUDY (SCALE 8-10) 0
DPTR FM NORMAL 0
[CDD (BASE 65) ]
TOTAL THIS MO. 643
DPTR FM NORMAL 56 [PRESSURE DATA]
TOTAL FM JAN 1 3427 HIGHEST SLP 30.20 ON 10
DPTR FM NORMAL 397 LOWEST SLP 29.89 ON 27
[REMARKS]
#FINAL-08-22#