826
CXUS52 KMLB 010736
CF6ORL
PRELIMINARY LOCAL CLIMATOLOGICAL DATA (WS FORM: F-6)
STATION: ORLANDO EXEC
MONTH: JANUARY
YEAR: 2021
LATITUDE: 28 32 N
LONGITUDE: 81 20 W
TEMPERATURE IN F: :PCPN: SNOW: WIND :SUNSHINE: SKY :PK WND
================================================================================
1 2 3 4 5 6A 6B 7 8 9 10 11 12 13 14 15 16 17 18
12Z AVG MX 2MIN
DY MAX MIN AVG DEP HDD CDD WTR SNW DPTH SPD SPD DIR MIN PSBL S-S WX SPD DR
================================================================================
1 85 66 76 16 0 11 0.00 0.0 0 10.9 23 160 M M 1 1 28 170
2 85 69 77 17 0 12 T 0.0 0 7.8 18 200 M M 5 1 24 190
3 72 58 65 5 0 0 0.05 0.0 0 7.6 18 290 M M 8 12 21 280
4 68 49 59 -1 6 0 0.00 0.0 0 5.7 13 340 M M 2 16 300
5 71 45 58 -2 7 0 0.00 0.0 0 7.2 20 290 M M 0 24 300
6 70 48 59 -1 6 0 0.00 0.0 0 4.1 10 60 M M 0 14 30
7 74 54 64 4 1 0 T 0.0 0 8.2 21 160 M M 2 25 170
8 69 51 60 0 5 0 0.01 0.0 0 11.4 25 270 M M 6 18 33 290
9 57 44 51 -9 14 0 0.00 0.0 0 9.7 17 280 M M 5 22 320
10 64 38 51 -9 14 0 0.00 0.0 0 5.6 13 50 M M 0 17 60
11 77 50 64 4 1 0 0.00 0.0 0 5.2 18 190 M M 1 1 23 190
12 67 58 63 3 2 0 0.00 0.0 0 8.1 16 300 M M 5 20 290
13 60 53 57 -3 8 0 0.01 0.0 0 6.8 15 310 M M 8 20 300
14 65 49 57 -3 8 0 0.00 0.0 0 4.3 14 300 M M 2 12 16 300
15 75 45 60 0 5 0 0.02 0.0 0 8.5 23 230 M M 3 12 30 220
16 64 48 56 -4 9 0 0.00 0.0 0 8.3 22 280 M M 1 28 260
17 63 42 53 -7 12 0 0.00 0.0 0 3.0 12 280 M M 0 18 17 270
18 68 47 58 -2 7 0 0.00 0.0 0 4.8 17 280 M M 0 21 280
19 72 43 58 -2 7 0 0.00 0.0 0 4.0 9 80 M M 0 13 90
20 74 48 61 1 4 0 0.00 0.0 0 3.5 12 200 M M 0 18 280
21 78 52 65 5 0 0 0.00 0.0 0 7.5 17 230 M M 0 21 230
22 80 58 69 9 0 4 0.00 0.0 0 7.9 21 290 M M 3 8 25 290
23 68 62 65 5 0 0 0.06 0.0 0 5.8 13 20 M M 8 1 16 40
24 81 60 71 10 0 6 0.00 0.0 0 4.9 13 100 M M 5 15 100
25 84 63 74 13 0 9 0.00 0.0 0 7.5 18 180 M M 5 12 25 170
26 79 63 71 10 0 6 0.00 0.0 0 6.0 16 240 M M 4 12 19 250
27 84 65 75 14 0 10 0.17 0.0 0 9.7 20 250 M M 5 128 24 250
28 72 51 62 1 3 0 0.00 0.0 0 10.9 21 10 M M 2 8 28 350
29 68 48 58 -3 7 0 0.00 0.0 0 6.4 14 70 M M 0 8 16 350
30 74 47 61 0 4 0 0.00 0.0 0 5.6 14 120 M M 2 1 19 180
31 80 53 67 6 0 2 0.00 0.0 0 10.1 23 220 M M 3 28 220
================================================================================
SM 2248 1627 130 60 0.32 0.0 217.0 M 86
================================================================================
AV 72.5 52.5 7.0 FASTST M M 3 MAX(MPH)
MISC ----> 25 270 33 290
================================================================================
NOTES:
# LAST OF SEVERAL OCCURRENCES
COLUMN 17 PEAK WIND IN M.P.H.
PRELIMINARY LOCAL CLIMATOLOGICAL DATA (WS FORM: F-6) , PAGE 2
STATION: ORLANDO EXEC
MONTH: JANUARY
YEAR: 2021
LATITUDE: 28 32 N
LONGITUDE: 81 20 W
[TEMPERATURE DATA] [PRECIPITATION DATA] SYMBOLS USED IN COLUMN 16
AVERAGE MONTHLY: 62.5 TOTAL FOR MONTH: 0.32 1 = FOG OR MIST
DPTR FM NORMAL: 2.3 DPTR FM NORMAL: -2.42 2 = FOG REDUCING VISIBILITY
HIGHEST: 85 ON 2, 1 GRTST 24HR 0.17 ON 27-27 TO 1/4 MILE OR LESS
LOWEST: 38 ON 10 3 = THUNDER
SNOW, ICE PELLETS, HAIL 4 = ICE PELLETS
TOTAL MONTH: 0.0 INCH 5 = HAIL
GRTST 24HR 0.0 6 = FREEZING RAIN OR DRIZZLE
GRTST DEPTH: 0 7 = DUSTSTORM OR SANDSTORM:
VSBY 1/2 MILE OR LESS
8 = SMOKE OR HAZE
[NO. OF DAYS WITH] [WEATHER - DAYS WITH] 9 = BLOWING SNOW
X = TORNADO
MAX 32 OR BELOW: 0 0.01 INCH OR MORE: 6
MAX 90 OR ABOVE: 0 0.10 INCH OR MORE: 1
MIN 32 OR BELOW: 0 0.50 INCH OR MORE: 0
MIN 0 OR BELOW: 0 1.00 INCH OR MORE: 0
[HDD (BASE 65) ]
TOTAL THIS MO. 130 CLEAR (SCALE 0-3) 18
DPTR FM NORMAL -61 PTCLDY (SCALE 4-7) 13
TOTAL FM JUL 1 281 CLOUDY (SCALE 8-10) 0
DPTR FM NORMAL -84
[CDD (BASE 65) ]
TOTAL THIS MO. 60
DPTR FM NORMAL 16 [PRESSURE DATA]
TOTAL FM JAN 1 60 HIGHEST SLP 30.40 ON 19
DPTR FM NORMAL 16 LOWEST SLP 29.78 ON 15
[REMARKS]
#FINAL-01-21#