000
CXUS53 KGRB 011604
CF6OSH
PRELIMINARY LOCAL CLIMATOLOGICAL DATA (WS FORM: F-6)
STATION: OSHKOSH WI
MONTH: NOVEMBER
YEAR: 2023
LATITUDE: 44 0 N
LONGITUDE: 88 34 W
TEMPERATURE IN F: :PCPN: SNOW: WIND :SUNSHINE: SKY :PK WND
================================================================================
1 2 3 4 5 6A 6B 7 8 9 10 11 12 13 14 15 16 17 18
12Z AVG MX 2MIN
DY MAX MIN AVG DEP HDD CDD WTR SNW DPTH SPD SPD DIR MIN PSBL S-S WX SPD DR
================================================================================
1 39 23 31 -11 34 0 0.00 0.0 0 6.8 16 210 M M 2 25 210
2 50 30 40 -2 25 0 0.00 0.0 0 7.8 14 200 M M 0 19 230
3 53 36 45 3 20 0 0.00 0.0 0 8.7 16 30 M M 5 26 200
4 50 30 40 -1 25 0 0.00 0.0 0 4.2 14 20 M M 1 1 20 20
5 58 31 45 4 20 0 T 0.0 0 9.4 25 180 M M 6 18 36 190
6 68 46 57 17 8 0 T 0.0 0 16.9 29 190 M M 6 41 200
7 46 38 42 2 23 0 0.00 0.0 0 10.6 16 80 M M 6 25 100
8 45 42 44 4 21 0 0.12 0.0 0 8.8 20 130 M M 10 13 27 130
9 51 36 44 5 21 0 0.00 0.0 0 9.4 21 270 M M 2 35 250
10 44 30 37 -2 28 0 0.00 0.0 0 7.7 17 290 M M 5 24 290
11 45 22 34 -4 31 0 0.00 0.0 0 4.4 13 150 M M 5 19 150
12 55 41 48 10 17 0 0.00 0.0 0 16.5 29 190 M M 5 41 180
13 58 29 44 7 21 0 0.00 0.0 0 7.4 20 290 M M 0 29 300
14 59 25 42 5 23 0 0.00 0.0 0 11.9 25 200 M M 0 36 190
15 64 34 49 13 16 0 0.00 0.0 0 7.1 20 200 M M 0 29 200
16 68 37 53 17 12 0 0.00 0.0 0 15.2 28 200 M M 1 43 200
17 59 22 41 5 24 0 0.00 0.0 0 8.8 24 330 M M 1 34 320
18 54 23 39 4 26 0 0.00 0.0 0 6.2 12 260 M M 0 20 270
19 46 23 35 0 30 0 0.00 0.0 0 5.6 13 70 M M 0 19 70
20 44 38 41 7 24 0 0.00 0.0 0 9.5 16 110 M M 2 23 50
21 45 31 38 4 27 0 0.14 0.1 T 8.5 15 20 M M 7 1 20 30
22 42 30 36 2 29 0 0.00 0.0 0 7.1 14 200 M M 2 20 190
23 41 22 32 -1 33 0 0.00 0.0 0 9.1 18 350 M M 0 24 330
24 31 19 25 -8 40 0 0.00 0.0 0 7.3 16 350 M M 0 24 360
25 32 20 26 -6 39 0 0.01 T T 3.4 9 210 M M 5 18 15 230
26 31 23 27 -5 38 0 0.09 1.0 1 7.4 23 290 M M 10 18 34 300
27 23 11 17 -14 48 0 T 0.1 1 12.1 22 300 M M 6 30 300
28 20 9 15 -16 50 0 0.00 0.0 T 10.4 18 200 M M 3 29 200
29 40 19 30 -1 35 0 0.00 0.0 T 7.8 18 210 M M 1 29 200
30 45 27 36 6 29 0 0.00 0.0 0 7.6 14 210 M M 0 21 220
================================================================================
SM 1406 847 817 0 0.36 1.2 263.6 M 91
================================================================================
AV 46.9 28.2 8.8 FASTST M M 3 MAX(MPH)
MISC ----> # 29 190 43 200
================================================================================
NOTES:
# LAST OF SEVERAL OCCURRENCES
COLUMN 17 PEAK WIND IN M.P.H.
PRELIMINARY LOCAL CLIMATOLOGICAL DATA (WS FORM: F-6) , PAGE 2
STATION: OSHKOSH WI
MONTH: NOVEMBER
YEAR: 2023
LATITUDE: 44 0 N
LONGITUDE: 88 34 W
[TEMPERATURE DATA] [PRECIPITATION DATA] SYMBOLS USED IN COLUMN 16
AVERAGE MONTHLY: 37.6 TOTAL FOR MONTH: 0.36 1 = FOG OR MIST
DPTR FM NORMAL: 1.3 DPTR FM NORMAL: -1.46 2 = FOG REDUCING VISIBILITY
HIGHEST: 68 ON 16, 6 GRTST 24HR 0.14 ON 21-21 TO 1/4 MILE OR LESS
LOWEST: 9 ON 28 3 = THUNDER
SNOW, ICE PELLETS, HAIL 4 = ICE PELLETS
TOTAL MONTH: 2.2 INCHES 5 = HAIL
GRTST 24HR 1.0 ON 26-26 6 = FREEZING RAIN OR DRIZZLE
GRTST DEPTH: 1 ON 26,27 7 = DUSTSTORM OR SANDSTORM:
VSBY 1/2 MILE OR LESS
8 = SMOKE OR HAZE
[NO. OF DAYS WITH] [WEATHER - DAYS WITH] 9 = BLOWING SNOW
X = TORNADO
MAX 32 OR BELOW: 5 0.01 INCH OR MORE: 4
MAX 90 OR ABOVE: 0 0.10 INCH OR MORE: 2
MIN 32 OR BELOW: 21 0.50 INCH OR MORE: 0
MIN 0 OR BELOW: 0 1.00 INCH OR MORE: 0
[HDD (BASE 65) ]
TOTAL THIS MO. 817 CLEAR (SCALE 0-3) 18
DPTR FM NORMAL -44 PTCLDY (SCALE 4-7) 10
TOTAL FM JUL 1 1314 CLOUDY (SCALE 8-10) 2
DPTR FM NORMAL -220
[CDD (BASE 65) ]
TOTAL THIS MO. 0
DPTR FM NORMAL 0 [PRESSURE DATA]
TOTAL FM JAN 1 726 HIGHEST SLP 30.59 ON 24
DPTR FM NORMAL 159 LOWEST SLP 29.49 ON 6
[REMARKS]
#FINAL-11-23#