000
CDUS43 KDMX 030644
CLIOTM

CLIMATE REPORT
NATIONAL WEATHER SERVICE DES MOINES IA
142 AM CDT FRI JUL 3 2015


...................................

...THE OTTUMWA IA CLIMATE SUMMARY FOR JULY 2 2015...

CLIMATE NORMAL PERIOD 1981 TO 2010
CLIMATE RECORD PERIOD 1920 TO 2015


WEATHER ITEM   OBSERVED TIME   RECORD YEAR NORMAL DEPARTURE LAST
                VALUE   (LST)  VALUE       VALUE  FROM      YEAR
                                                  NORMAL
..................................................................
TEMPERATURE (F)
 YESTERDAY
  MAXIMUM         71    518 PM 104    1911  85    -14       65
  MINIMUM         58    543 AM  49    1932  64     -6       53
  AVERAGE         65                        75    -10       59

PRECIPITATION (IN)
  YESTERDAY        0.00          2.70 1992   0.16  -0.16     0.06
  MONTH TO DATE    T                         0.32  -0.32     0.06
  SINCE JUN 1      7.79                      5.41   2.38     8.08
  SINCE JAN 1     16.70                     17.94  -1.24    21.19

DEGREE DAYS
 HEATING
  YESTERDAY        0                         0      0        6
  MONTH TO DATE    0                         0      0        6
  SINCE JUN 1     10                        21    -11       15
  SINCE JUL 1      0                         0      0        6

 COOLING
  YESTERDAY        0                        10    -10        0
  MONTH TO DATE    5                        20    -15        7
  SINCE JUN 1    209                       221    -12      221
  SINCE JAN 1    270                       285    -15      332
..................................................................


WIND (MPH)
  HIGHEST WIND SPEED    15   HIGHEST WIND DIRECTION     E (70)
  HIGHEST GUST SPEED    18   HIGHEST GUST DIRECTION     E (70)
  AVERAGE WIND SPEED     7.9


SKY COVER
  POSSIBLE SUNSHINE  MM
  AVERAGE SKY COVER 0.1


WEATHER CONDITIONS
 THE FOLLOWING WEATHER WAS RECORDED YESTERDAY.
  NO SIGNIFICANT WEATHER WAS OBSERVED.


RELATIVE HUMIDITY (PERCENT)
 HIGHEST    93           400 AM
 LOWEST     51           100 PM
 AVERAGE    72

..........................................................


THE OTTUMWA IA CLIMATE NORMALS FOR TODAY
                         NORMAL    RECORD    YEAR
 MAXIMUM TEMPERATURE (F)   85       101      1911
 MINIMUM TEMPERATURE (F)   64        49      1924


SUNRISE AND SUNSET
JULY  3 2015..........SUNRISE   542 AM CDT   SUNSET   846 PM CDT
JULY  4 2015..........SUNRISE   543 AM CDT   SUNSET   846 PM CDT


-  INDICATES NEGATIVE NUMBERS.
R  INDICATES RECORD WAS SET OR TIED.
MM INDICATES DATA IS MISSING.
T  INDICATES TRACE AMOUNT.




$$
