000
CDUS43 KDMX 050637 RRA
CLIOTM

CLIMATE REPORT
NATIONAL WEATHER SERVICE DES MOINES IA
136 AM CDT THU MAY 5 2016


...................................

...THE OTTUMWA IA CLIMATE SUMMARY FOR MAY 4 2016...

CLIMATE NORMAL PERIOD 1981 TO 2010
CLIMATE RECORD PERIOD 1920 TO 2016


WEATHER ITEM   OBSERVED TIME   RECORD YEAR NORMAL DEPARTURE LAST
                VALUE   (LST)  VALUE       VALUE  FROM      YEAR
                                                  NORMAL
..................................................................
TEMPERATURE (F)
 YESTERDAY
  MAXIMUM         66    424 PM  88    1949  69     -3       80
  MINIMUM         43   1156 PM  28    2005  46     -3       60
  AVERAGE         55                        57     -2       70

PRECIPITATION (IN)
  YESTERDAY        0.00          1.48 1977   0.14  -0.14     0.94
  MONTH TO DATE    0.16                      0.57  -0.41     1.13
  SINCE MAR 1      4.03                      6.21  -2.18     4.13
  SINCE JAN 1      4.46                      8.39  -3.93     6.25

DEGREE DAYS
 HEATING
  YESTERDAY       10                         8      2        0
  MONTH TO DATE   56                        34     22       13
  SINCE MAR 1   1078                      1279   -201     1129
  SINCE JUL 1   5132                      6164  -1032     6260

 COOLING
  YESTERDAY        0                         1     -1        5
  MONTH TO DATE    0                         4     -4        9
  SINCE MAR 1      9                        15     -6       10
  SINCE JAN 1      9                        15     -6       10
..................................................................


WIND (MPH)
  HIGHEST WIND SPEED    28   HIGHEST WIND DIRECTION     N (340)
  HIGHEST GUST SPEED    36   HIGHEST GUST DIRECTION     N (340)
  AVERAGE WIND SPEED    16.2


SKY COVER
  POSSIBLE SUNSHINE  MM
  AVERAGE SKY COVER 0.1


WEATHER CONDITIONS
 THE FOLLOWING WEATHER WAS RECORDED YESTERDAY.
  NO SIGNIFICANT WEATHER WAS OBSERVED.


RELATIVE HUMIDITY (PERCENT)
 HIGHEST    86           500 AM
 LOWEST     28           400 PM
 AVERAGE    57

..........................................................


THE OTTUMWA IA CLIMATE NORMALS FOR TODAY
                         NORMAL    RECORD    YEAR
 MAXIMUM TEMPERATURE (F)   69        91      1926
 MINIMUM TEMPERATURE (F)   47        33      1944


SUNRISE AND SUNSET
MAY  5 2016...........SUNRISE   602 AM CDT   SUNSET   811 PM CDT
MAY  6 2016...........SUNRISE   601 AM CDT   SUNSET   813 PM CDT


-  INDICATES NEGATIVE NUMBERS.
R  INDICATES RECORD WAS SET OR TIED.
MM INDICATES DATA IS MISSING.
T  INDICATES TRACE AMOUNT.




$$
