000
CDUS43 KDMX 200629 RRC
CLIOTM

CLIMATE REPORT
NATIONAL WEATHER SERVICE DES MOINES IA
1228 AM CST MON NOV 20 2017

...................................

...THE OTTUMWA IA CLIMATE SUMMARY FOR NOVEMBER 19 2017...

CLIMATE NORMAL PERIOD 1981 TO 2010
CLIMATE RECORD PERIOD 1920 TO 2017


WEATHER ITEM   OBSERVED TIME   RECORD YEAR NORMAL DEPARTURE LAST
                VALUE   (LST)  VALUE       VALUE  FROM      YEAR
                                                  NORMAL
..................................................................
TEMPERATURE (F)
 YESTERDAY
  MAXIMUM         45    300 PM  79    1942  47     -2       43
  MINIMUM         22    712 AM   9    1937  28     -6       20
  AVERAGE         34                        37     -3       32

PRECIPITATION (IN)
  YESTERDAY        0.00          0.58 1992   0.07  -0.07     0.00
  MONTH TO DATE    0.67                      1.60  -0.93     0.09
  SINCE SEP 1      7.20                      8.22  -1.02     2.11
  SINCE JAN 1     23.04                     34.92 -11.88    23.30

DEGREE DAYS
 HEATING
  YESTERDAY       31                        28      3       33
  MONTH TO DATE  520                       434     86      247
  SINCE SEP 1    870                       947    -77      506
  SINCE JUL 1    870                       958    -88      513

 COOLING
  YESTERDAY        0                         0      0        0
  MONTH TO DATE    0                         0      0        5
  SINCE SEP 1    195                       104     91      223
  SINCE JAN 1   1120                       938    182     1122
..................................................................


WIND (MPH)
  HIGHEST WIND SPEED    23   HIGHEST WIND DIRECTION    NW (320)
  HIGHEST GUST SPEED    30   HIGHEST GUST DIRECTION    NW (320)
  AVERAGE WIND SPEED    12.0


SKY COVER
  POSSIBLE SUNSHINE  MM
  AVERAGE SKY COVER 0.0


WEATHER CONDITIONS
 THE FOLLOWING WEATHER WAS RECORDED YESTERDAY.
  NO SIGNIFICANT WEATHER WAS OBSERVED.


RELATIVE HUMIDITY (PERCENT)
 HIGHEST    71           700 AM
 LOWEST     41           300 PM
 AVERAGE    56

..........................................................


THE OTTUMWA IA CLIMATE NORMALS FOR TODAY
                         NORMAL    RECORD    YEAR
 MAXIMUM TEMPERATURE (F)   46        76      1942
 MINIMUM TEMPERATURE (F)   28        10      1964


SUNRISE AND SUNSET
NOVEMBER 20 2017......SUNRISE   704 AM CST   SUNSET   447 PM CST
NOVEMBER 21 2017......SUNRISE   705 AM CST   SUNSET   446 PM CST


-  INDICATES NEGATIVE NUMBERS.
R  INDICATES RECORD WAS SET OR TIED.
MM INDICATES DATA IS MISSING.
T  INDICATES TRACE AMOUNT.




$$
