000
CDUS43 KDMX 030634
CLIOTM

CLIMATE REPORT
NATIONAL WEATHER SERVICE DES MOINES IA
131 AM CDT WED JUN 3 2015


...................................

...THE OTTUMWA IA CLIMATE SUMMARY FOR JUNE 2 2015...

CLIMATE NORMAL PERIOD 1981 TO 2010
CLIMATE RECORD PERIOD 1920 TO 2015


WEATHER ITEM   OBSERVED TIME   RECORD YEAR NORMAL DEPARTURE LAST
                VALUE   (LST)  VALUE       VALUE  FROM      YEAR
                                                  NORMAL
..................................................................
TEMPERATURE (F)
 YESTERDAY
  MAXIMUM         70    206 PM 105    1934  78     -8       83
  MINIMUM         50    512 AM  43    1928  56     -6       65
  AVERAGE         60                        67     -7       74

PRECIPITATION (IN)
  YESTERDAY        0.00          1.45 1917   0.17  -0.17     0.51
  MONTH TO DATE    0.00                      0.34  -0.34     0.58
  SINCE JUN 1      0.00                      0.34  -0.34     0.58
  SINCE JAN 1      8.91                     12.87  -3.96    13.69

DEGREE DAYS
 HEATING
  YESTERDAY        5                         2      3        0
  MONTH TO DATE   10                         4      6        0
  SINCE JUN 1     10                         4      6        0
  SINCE JUL 1   6379                      6300     79     7098

 COOLING
  YESTERDAY        0                         4     -4        9
  MONTH TO DATE    0                         8     -8       22
  SINCE JUN 1      0                         8     -8       22
  SINCE JAN 1     61                        72    -11      133
..................................................................


WIND (MPH)
  HIGHEST WIND SPEED    16   HIGHEST WIND DIRECTION    SE (140)
  HIGHEST GUST SPEED    21   HIGHEST GUST DIRECTION     S (170)
  AVERAGE WIND SPEED     7.4


SKY COVER
  POSSIBLE SUNSHINE  MM
  AVERAGE SKY COVER 0.4


WEATHER CONDITIONS
 THE FOLLOWING WEATHER WAS RECORDED YESTERDAY.
  FOG
  FOG W/VISIBILITY <= 1/4 MILE


RELATIVE HUMIDITY (PERCENT)
 HIGHEST   100          1200 AM
 LOWEST     61           300 PM
 AVERAGE    81

..........................................................


THE OTTUMWA IA CLIMATE NORMALS FOR TODAY
                         NORMAL    RECORD    YEAR
 MAXIMUM TEMPERATURE (F)   78        97      1931
 MINIMUM TEMPERATURE (F)   57        41      1946


SUNRISE AND SUNSET
JUNE  3 2015..........SUNRISE   539 AM CDT   SUNSET   837 PM CDT
JUNE  4 2015..........SUNRISE   539 AM CDT   SUNSET   838 PM CDT


-  INDICATES NEGATIVE NUMBERS.
R  INDICATES RECORD WAS SET OR TIED.
MM INDICATES DATA IS MISSING.
T  INDICATES TRACE AMOUNT.




$$
