813
CDUS43 KDMX 270642 RRA
CLIOTM

CLIMATE REPORT
NATIONAL WEATHER SERVICE DES MOINES IA
138 AM CDT TUE SEP 27 2016


...................................

...THE OTTUMWA IA CLIMATE SUMMARY FOR SEPTEMBER 26 2016...

CLIMATE NORMAL PERIOD 1981 TO 2010
CLIMATE RECORD PERIOD 1920 TO 2016


WEATHER ITEM   OBSERVED TIME   RECORD YEAR NORMAL DEPARTURE LAST
                VALUE   (LST)  VALUE       VALUE  FROM      YEAR
                                                  NORMAL
..................................................................
TEMPERATURE (F)
 YESTERDAY
  MAXIMUM         73    255 PM  94    1938  72      1       80
  MINIMUM         47    627 AM  29    1984  48     -1       55
  AVERAGE         60                        60      0       68

PRECIPITATION (IN)
  YESTERDAY        0.00          2.75 1933   0.11  -0.11     0.00
  MONTH TO DATE    1.01                      3.35  -2.34     4.26
  SINCE SEP 1      1.01                      3.35  -2.34     4.26
  SINCE JAN 1     22.20                     30.05  -7.85    29.97

DEGREE DAYS
 HEATING
  YESTERDAY        5                         6     -1        0
  MONTH TO DATE    9                        80    -71       36
  SINCE SEP 1      9                        80    -71       36
  SINCE JUL 1     16                        91    -75       58

 COOLING
  YESTERDAY        0                         1     -1        3
  MONTH TO DATE  173                        88     85      189
  SINCE SEP 1    173                        88     85      189
  SINCE JAN 1   1072                       922    150      917
..................................................................


WIND (MPH)
  HIGHEST WIND SPEED    26   HIGHEST WIND DIRECTION    NW (310)
  HIGHEST GUST SPEED    36   HIGHEST GUST DIRECTION     W (290)
  AVERAGE WIND SPEED    11.6


SKY COVER
  POSSIBLE SUNSHINE  MM
  AVERAGE SKY COVER 0.0


WEATHER CONDITIONS
 THE FOLLOWING WEATHER WAS RECORDED YESTERDAY.
  LIGHT RAIN
  HAZE


RELATIVE HUMIDITY (PERCENT)
 HIGHEST    86           300 AM
 LOWEST     26          1200 PM
 AVERAGE    56

..........................................................


THE OTTUMWA IA CLIMATE NORMALS FOR TODAY
                         NORMAL    RECORD    YEAR
 MAXIMUM TEMPERATURE (F)   71        92      1905
 MINIMUM TEMPERATURE (F)   48        30      1942


SUNRISE AND SUNSET
SEPTEMBER 27 2016.....SUNRISE   703 AM CDT   SUNSET   658 PM CDT
SEPTEMBER 28 2016.....SUNRISE   704 AM CDT   SUNSET   656 PM CDT


-  INDICATES NEGATIVE NUMBERS.
R  INDICATES RECORD WAS SET OR TIED.
MM INDICATES DATA IS MISSING.
T  INDICATES TRACE AMOUNT.




$$
