000
CDUS43 KDMX 280629 RRB
CLIOTM

CLIMATE REPORT
NATIONAL WEATHER SERVICE DES MOINES IA
127 AM CDT TUE JUL 28 2015


...................................

...THE OTTUMWA IA CLIMATE SUMMARY FOR JULY 27 2015...

CLIMATE NORMAL PERIOD 1981 TO 2010
CLIMATE RECORD PERIOD 1920 TO 2015


WEATHER ITEM   OBSERVED TIME   RECORD YEAR NORMAL DEPARTURE LAST
                VALUE   (LST)  VALUE       VALUE  FROM      YEAR
                                                  NORMAL
..................................................................
TEMPERATURE (F)
 YESTERDAY
  MAXIMUM         87    124 PM 108    1930  85      2       79
  MINIMUM         70    457 PM  49    2013  64      6       64
  AVERAGE         79                        75      4       72

PRECIPITATION (IN)
  YESTERDAY        0.50          2.29 1957   0.13   0.37     0.00
  MONTH TO DATE    5.34                      3.92   1.42     5.25
  SINCE JUN 1     13.13                      9.01   4.12    13.27
  SINCE JAN 1     22.04                     21.54   0.50    26.38

DEGREE DAYS
 HEATING
  YESTERDAY        0                         0      0        0
  MONTH TO DATE    6                         0      6       13
  SINCE JUN 1     16                        21     -5       22
  SINCE JUL 1      6                         0      6       13

 COOLING
  YESTERDAY       14                        10      4        7
  MONTH TO DATE  234                       270    -36      154
  SINCE JUN 1    438                       471    -33      368
  SINCE JAN 1    499                       535    -36      479
..................................................................


WIND (MPH)
  HIGHEST WIND SPEED    20   HIGHEST WIND DIRECTION     N (350)
  HIGHEST GUST SPEED    22   HIGHEST GUST DIRECTION     N (360)
  AVERAGE WIND SPEED     7.3


SKY COVER
  POSSIBLE SUNSHINE  MM
  AVERAGE SKY COVER 0.5


WEATHER CONDITIONS
 THE FOLLOWING WEATHER WAS RECORDED YESTERDAY.
  THUNDERSTORM
  HEAVY RAIN
  RAIN
  LIGHT RAIN
  FOG
  FOG W/VISIBILITY <= 1/4 MILE


RELATIVE HUMIDITY (PERCENT)
 HIGHEST   100           100 AM
 LOWEST     70          1200 PM
 AVERAGE    85

..........................................................


THE OTTUMWA IA CLIMATE NORMALS FOR TODAY
                         NORMAL    RECORD    YEAR
 MAXIMUM TEMPERATURE (F)   85       105      1983
 MINIMUM TEMPERATURE (F)   64        48      2013


SUNRISE AND SUNSET
JULY 28 2015..........SUNRISE   601 AM CDT   SUNSET   831 PM CDT
JULY 29 2015..........SUNRISE   602 AM CDT   SUNSET   829 PM CDT


-  INDICATES NEGATIVE NUMBERS.
R  INDICATES RECORD WAS SET OR TIED.
MM INDICATES DATA IS MISSING.
T  INDICATES TRACE AMOUNT.




$$
