000
CDUS43 KDMX 020638
CLIOTM

CLIMATE REPORT
NATIONAL WEATHER SERVICE DES MOINES IA
1236 AM CST TUE FEB 2 2016


...................................

...THE OTTUMWA IA CLIMATE SUMMARY FOR FEBRUARY 1 2016...

CLIMATE NORMAL PERIOD 1981 TO 2010
CLIMATE RECORD PERIOD 1920 TO 2016


WEATHER ITEM   OBSERVED TIME   RECORD YEAR NORMAL DEPARTURE LAST
                VALUE   (LST)  VALUE       VALUE  FROM      YEAR
                                                  NORMAL
..................................................................
TEMPERATURE (F)
 YESTERDAY
  MAXIMUM         37    410 PM  57    1987  33      4       33
  MINIMUM         30    126 AM -21    1918  14     16       10
  AVERAGE         34                        23     11       22

PRECIPITATION (IN)
  YESTERDAY        0.00          0.69 1967   0.03  -0.03     0.49
  MONTH TO DATE    0.00                      0.03  -0.03     0.49
  SINCE DEC 1      4.07                      2.30   1.77     2.70
  SINCE JAN 1      0.04                      0.93  -0.89     1.72

DEGREE DAYS
 HEATING
  YESTERDAY       31                        42    -11       43
  MONTH TO DATE   31                        42    -11       43
  SINCE DEC 1   2097                      2566   -469     2322
  SINCE JUL 1   3108                      3864   -756     3830

 COOLING
  YESTERDAY        0                         0      0        0
  MONTH TO DATE    0                         0      0        0
  SINCE DEC 1      0                         0      0        0
  SINCE JAN 1      0                         0      0        0
..................................................................


WIND (MPH)
  HIGHEST WIND SPEED    16   HIGHEST WIND DIRECTION    NE (60)
  HIGHEST GUST SPEED    19   HIGHEST GUST DIRECTION    NE (50)
  AVERAGE WIND SPEED     6.6


SKY COVER
  POSSIBLE SUNSHINE  MM
  AVERAGE SKY COVER 0.8


WEATHER CONDITIONS
 THE FOLLOWING WEATHER WAS RECORDED YESTERDAY.
  FOG
  FOG W/VISIBILITY <= 1/4 MILE


RELATIVE HUMIDITY (PERCENT)
 HIGHEST   100           100 AM
 LOWEST     89           700 PM
 AVERAGE    95

..........................................................


THE OTTUMWA IA CLIMATE NORMALS FOR TODAY
                         NORMAL    RECORD    YEAR
 MAXIMUM TEMPERATURE (F)   33        64      1924
 MINIMUM TEMPERATURE (F)   14       -26      1996


SUNRISE AND SUNSET
FEBRUARY  2 2016......SUNRISE   720 AM CST   SUNSET   527 PM CST
FEBRUARY  3 2016......SUNRISE   719 AM CST   SUNSET   529 PM CST


-  INDICATES NEGATIVE NUMBERS.
R  INDICATES RECORD WAS SET OR TIED.
MM INDICATES DATA IS MISSING.
T  INDICATES TRACE AMOUNT.




$$
