000
CDUS43 KDMX 200633 RRB
CLIOTM

CLIMATE REPORT
NATIONAL WEATHER SERVICE DES MOINES IA
131 AM CDT WED JUL 20 2016


...................................

...THE OTTUMWA IA CLIMATE SUMMARY FOR JULY 19 2016...

CLIMATE NORMAL PERIOD 1981 TO 2010
CLIMATE RECORD PERIOD 1920 TO 2016


WEATHER ITEM   OBSERVED TIME   RECORD YEAR NORMAL DEPARTURE LAST
                VALUE   (LST)  VALUE       VALUE  FROM      YEAR
                                                  NORMAL
..................................................................
TEMPERATURE (F)
 YESTERDAY
  MAXIMUM         78   1158 AM 110    1934  86     -8       81
  MINIMUM         67    211 AM  53    1910  65      2       68
  AVERAGE         73                        75     -2       75

PRECIPITATION (IN)
  YESTERDAY        0.24          2.47 1962   0.13   0.11     0.02
  MONTH TO DATE    3.89                      2.86   1.03     4.27
  SINCE JUN 1      6.47                      7.95  -1.48    12.05
  SINCE JAN 1     14.51                     20.48  -5.97    21.92

DEGREE DAYS
 HEATING
  YESTERDAY        0                         0      0        0
  MONTH TO DATE    7                         0      7        6
  SINCE JUN 1      8                        21    -13       16
  SINCE JUL 1      7                         0      7        6

 COOLING
  YESTERDAY        8                        10     -2       10
  MONTH TO DATE  142                       190    -48      157
  SINCE JUN 1    416                       391     25      361
  SINCE JAN 1    487                       455     32      422
..................................................................


WIND (MPH)
  HIGHEST WIND SPEED    33   HIGHEST WIND DIRECTION     N (340)
  HIGHEST GUST SPEED    39   HIGHEST GUST DIRECTION     N (340)
  AVERAGE WIND SPEED     7.2


SKY COVER
  POSSIBLE SUNSHINE  MM
  AVERAGE SKY COVER 0.2


WEATHER CONDITIONS
 THE FOLLOWING WEATHER WAS RECORDED YESTERDAY.
  THUNDERSTORM
  RAIN
  LIGHT RAIN
  FOG


RELATIVE HUMIDITY (PERCENT)
 HIGHEST   100           200 AM
 LOWEST     79          1100 AM
 AVERAGE    90

..........................................................


THE OTTUMWA IA CLIMATE NORMALS FOR TODAY
                         NORMAL    RECORD    YEAR
 MAXIMUM TEMPERATURE (F)   86       111      1934
 MINIMUM TEMPERATURE (F)   65        53      2009
                                             1941


SUNRISE AND SUNSET
JULY 20 2016..........SUNRISE   555 AM CDT   SUNSET   837 PM CDT
JULY 21 2016..........SUNRISE   556 AM CDT   SUNSET   836 PM CDT


-  INDICATES NEGATIVE NUMBERS.
R  INDICATES RECORD WAS SET OR TIED.
MM INDICATES DATA IS MISSING.
T  INDICATES TRACE AMOUNT.




$$
