000
CDUS43 KDMX 120634 RRB
CLIOTM

CLIMATE REPORT
NATIONAL WEATHER SERVICE DES MOINES IA
133 AM CDT TUE SEP 12 2017

...................................

...THE OTTUMWA IA CLIMATE SUMMARY FOR SEPTEMBER 11 2017...

CLIMATE NORMAL PERIOD 1981 TO 2010
CLIMATE RECORD PERIOD 1920 TO 2017


WEATHER ITEM   OBSERVED TIME   RECORD YEAR NORMAL DEPARTURE LAST
                VALUE   (LST)  VALUE       VALUE  FROM      YEAR
                                                  NORMAL
..................................................................
TEMPERATURE (F)
 YESTERDAY
  MAXIMUM         82    334 PM 101    1936  78      4       76
  MINIMUM         48    523 AM  35    1940  55     -7       49
  AVERAGE         65                        66     -1       63

PRECIPITATION (IN)
  YESTERDAY        0.00          3.73 1913   0.14  -0.14     0.00
  MONTH TO DATE    T                         1.50  -1.50     0.76
  SINCE SEP 1      T                         1.50  -1.50     0.76
  SINCE JAN 1     15.84                     28.20 -12.36    21.95

DEGREE DAYS
 HEATING
  YESTERDAY        0                         2     -2        2
  MONTH TO DATE   17                        16      1        4
  SINCE SEP 1     17                        16      1        4
  SINCE JUL 1     17                        27    -10       11

 COOLING
  YESTERDAY        0                         4     -4        0
  MONTH TO DATE   29                        53    -24       69
  SINCE SEP 1     29                        53    -24       69
  SINCE JAN 1    954                       887     67      968
..................................................................


WIND (MPH)
  HIGHEST WIND SPEED    13   HIGHEST WIND DIRECTION     E (80)
  HIGHEST GUST SPEED    16   HIGHEST GUST DIRECTION     E (70)
  AVERAGE WIND SPEED     5.8


SKY COVER
  POSSIBLE SUNSHINE  MM
  AVERAGE SKY COVER 0.0


WEATHER CONDITIONS
 THE FOLLOWING WEATHER WAS RECORDED YESTERDAY.
  NO SIGNIFICANT WEATHER WAS OBSERVED.


RELATIVE HUMIDITY (PERCENT)
 HIGHEST    86           400 AM
 LOWEST     30           400 PM
 AVERAGE    58

..........................................................


THE OTTUMWA IA CLIMATE NORMALS FOR TODAY
                         NORMAL    RECORD    YEAR
 MAXIMUM TEMPERATURE (F)   78        97      1939
 MINIMUM TEMPERATURE (F)   55        35      1940


SUNRISE AND SUNSET
SEPTEMBER 12 2017.....SUNRISE   648 AM CDT   SUNSET   723 PM CDT
SEPTEMBER 13 2017.....SUNRISE   649 AM CDT   SUNSET   722 PM CDT


-  INDICATES NEGATIVE NUMBERS.
R  INDICATES RECORD WAS SET OR TIED.
MM INDICATES DATA IS MISSING.
T  INDICATES TRACE AMOUNT.




$$
