000
CDUS43 KDMX 140642 RRC
CLIOTM

CLIMATE REPORT
NATIONAL WEATHER SERVICE DES MOINES IA
1236 AM CST TUE NOV 14 2017


...................................

...THE OTTUMWA IA CLIMATE SUMMARY FOR NOVEMBER 13 2017...

CLIMATE NORMAL PERIOD 1981 TO 2010
CLIMATE RECORD PERIOD 1920 TO 2017


WEATHER ITEM   OBSERVED TIME   RECORD YEAR NORMAL DEPARTURE LAST
                VALUE   (LST)  VALUE       VALUE  FROM      YEAR
                                                  NORMAL
..................................................................
TEMPERATURE (F)
 YESTERDAY
  MAXIMUM         46    339 PM  78    1999  50     -4       63
  MINIMUM         27    557 AM   3    1940  31     -4       31
  AVERAGE         37                        41     -4       47

PRECIPITATION (IN)
  YESTERDAY        0.00          0.95 1929   0.09  -0.09     0.00
  MONTH TO DATE    0.38                      1.13  -0.75     0.09
  SINCE SEP 1      6.91                      7.75  -0.84     2.11
  SINCE JAN 1     22.75                     34.45 -11.70    23.30

DEGREE DAYS
 HEATING
  YESTERDAY       28                        24      4       18
  MONTH TO DATE  361                       277     84      155
  SINCE SEP 1    711                       790    -79      414
  SINCE JUL 1    711                       801    -90      421

 COOLING
  YESTERDAY        0                         0      0        0
  MONTH TO DATE    0                         0      0        3
  SINCE SEP 1    195                       104     91      221
  SINCE JAN 1   1120                       938    182     1120
..................................................................


WIND (MPH)
  HIGHEST WIND SPEED    15   HIGHEST WIND DIRECTION     S (180)
  HIGHEST GUST SPEED    17   HIGHEST GUST DIRECTION     S (170)
  AVERAGE WIND SPEED     6.4


SKY COVER
  POSSIBLE SUNSHINE  MM
  AVERAGE SKY COVER 0.7


WEATHER CONDITIONS
 THE FOLLOWING WEATHER WAS RECORDED YESTERDAY.
  FOG
  FOG W/VISIBILITY <= 1/4 MILE


RELATIVE HUMIDITY (PERCENT)
 HIGHEST   100           500 AM
 LOWEST     76          1200 PM
 AVERAGE    88

..........................................................


THE OTTUMWA IA CLIMATE NORMALS FOR TODAY
                         NORMAL    RECORD    YEAR
 MAXIMUM TEMPERATURE (F)   50        75      1964
 MINIMUM TEMPERATURE (F)   31         4      1959


SUNRISE AND SUNSET
NOVEMBER 14 2017......SUNRISE   657 AM CST   SUNSET   451 PM CST
NOVEMBER 15 2017......SUNRISE   658 AM CST   SUNSET   451 PM CST


-  INDICATES NEGATIVE NUMBERS.
R  INDICATES RECORD WAS SET OR TIED.
MM INDICATES DATA IS MISSING.
T  INDICATES TRACE AMOUNT.




$$
