000
CDUS43 KDMX 260632 RRB
CLIOTM

CLIMATE REPORT
NATIONAL WEATHER SERVICE DES MOINES IA
130 AM CDT FRI SEP 26 2014


...................................

...THE OTTUMWA IA CLIMATE SUMMARY FOR SEPTEMBER 25 2014...

CLIMATE NORMAL PERIOD 1981 TO 2010
CLIMATE RECORD PERIOD 1920 TO 2014


WEATHER ITEM   OBSERVED TIME   RECORD YEAR NORMAL DEPARTURE LAST
                VALUE   (LST)  VALUE       VALUE  FROM      YEAR
                                                  NORMAL
..................................................................
TEMPERATURE (F)
 YESTERDAY
  MAXIMUM         78    248 PM  89    1920  72      6       80
  MINIMUM         60   1050 PM  30    1928  49     11       53
  AVERAGE         69                        60      9       67

PRECIPITATION (IN)
  YESTERDAY        0.00          1.92 1930   0.12  -0.12     0.00
  MONTH TO DATE    4.16                      3.24   0.92     0.68
  SINCE SEP 1      4.16                      3.24   0.92     0.68
  SINCE JAN 1     35.13                     29.94   5.19    29.79

DEGREE DAYS
 HEATING
  YESTERDAY        0                         6     -6        0
  MONTH TO DATE  119                        74     45       48
  SINCE SEP 1    119                        74     45       48
  SINCE JUL 1    132                        85     47       64

 COOLING
  YESTERDAY        4                         1      3        2
  MONTH TO DATE   53                        87    -34      153
  SINCE SEP 1     53                        87    -34      153
  SINCE JAN 1    785                       921   -136      968
..................................................................


WIND (MPH)
  HIGHEST WIND SPEED    12   HIGHEST WIND DIRECTION    SE (140)
  HIGHEST GUST SPEED    16   HIGHEST GUST DIRECTION    SE (150)
  AVERAGE WIND SPEED     4.4


SKY COVER
  POSSIBLE SUNSHINE  MM
  AVERAGE SKY COVER 0.7


WEATHER CONDITIONS
 THE FOLLOWING WEATHER WAS RECORDED YESTERDAY.
  NO SIGNIFICANT WEATHER WAS OBSERVED.


RELATIVE HUMIDITY (PERCENT)
 HIGHEST    90          1000 PM
 LOWEST     47           100 PM
 AVERAGE    69

..........................................................


THE OTTUMWA IA CLIMATE NORMALS FOR TODAY
                         NORMAL    RECORD    YEAR
 MAXIMUM TEMPERATURE (F)   72        94      1938
 MINIMUM TEMPERATURE (F)   48        29      1984


SUNRISE AND SUNSET
SEPTEMBER 26 2014.....SUNRISE   701 AM CDT   SUNSET   700 PM CDT
SEPTEMBER 27 2014.....SUNRISE   702 AM CDT   SUNSET   658 PM CDT


-  INDICATES NEGATIVE NUMBERS.
R  INDICATES RECORD WAS SET OR TIED.
MM INDICATES DATA IS MISSING.
T  INDICATES TRACE AMOUNT.




$$
