000
CDUS43 KDMX 230733 RRB
CLIOTM

CLIMATE REPORT
NATIONAL WEATHER SERVICE DES MOINES IA
131 AM CST SUN NOV 23 2014


...................................

...THE OTTUMWA IA CLIMATE SUMMARY FOR NOVEMBER 22 2014...

CLIMATE NORMAL PERIOD 1981 TO 2010
CLIMATE RECORD PERIOD 1920 TO 2014


WEATHER ITEM   OBSERVED TIME   RECORD YEAR NORMAL DEPARTURE LAST
                VALUE   (LST)  VALUE       VALUE  FROM      YEAR
                                                  NORMAL
..................................................................
TEMPERATURE (F)
 YESTERDAY
  MAXIMUM         57    329 PM  67    1966  45     12       30
  MINIMUM         34    100 AM  -8    1937  26      8       17
  AVERAGE         46                        36     10       24

PRECIPITATION (IN)
  YESTERDAY        0.00          1.64 1963   0.07  -0.07      T
  MONTH TO DATE    0.21                      1.81  -1.60     1.76
  SINCE SEP 1      7.88                      8.43  -0.55     7.21
  SINCE JAN 1     39.17                     35.13   4.04    36.32

DEGREE DAYS
 HEATING
  YESTERDAY       19                        29    -10       41
  MONTH TO DATE  702                       520    182      520
  SINCE SEP 1   1224                      1033    191      992
  SINCE JUL 1   1237                      1044    193     1008

 COOLING
  YESTERDAY        0                         0      0        0
  MONTH TO DATE    0                         0      0        0
  SINCE SEP 1     69                       104    -35      199
  SINCE JAN 1    801                       938   -137     1014
..................................................................


WIND (MPH)
  HIGHEST WIND SPEED    20   HIGHEST WIND DIRECTION     S (190)
  HIGHEST GUST SPEED    25   HIGHEST GUST DIRECTION     S (180)
  AVERAGE WIND SPEED    10.6


SKY COVER
  POSSIBLE SUNSHINE  MM
  AVERAGE SKY COVER 1.0


WEATHER CONDITIONS
 THE FOLLOWING WEATHER WAS RECORDED YESTERDAY.
  FOG
  FOG W/VISIBILITY <= 1/4 MILE


RELATIVE HUMIDITY (PERCENT)
 HIGHEST   100           800 AM
 LOWEST     80           200 PM
 AVERAGE    90

..........................................................


THE OTTUMWA IA CLIMATE NORMALS FOR TODAY
                         NORMAL    RECORD    YEAR
 MAXIMUM TEMPERATURE (F)   45        68      1966
 MINIMUM TEMPERATURE (F)   26         1      1937


SUNRISE AND SUNSET
NOVEMBER 23 2014......SUNRISE   707 AM CST   SUNSET   445 PM CST
NOVEMBER 24 2014......SUNRISE   708 AM CST   SUNSET   445 PM CST


-  INDICATES NEGATIVE NUMBERS.
R  INDICATES RECORD WAS SET OR TIED.
MM INDICATES DATA IS MISSING.
T  INDICATES TRACE AMOUNT.




$$
