626
CDUS43 KDMX 180635 RRB
CLIOTM

CLIMATE REPORT
NATIONAL WEATHER SERVICE DES MOINES IA
129 AM CDT SAT MAR 18 2017

...................................

...THE OTTUMWA IA CLIMATE SUMMARY FOR MARCH 17 2017...

CLIMATE NORMAL PERIOD 1981 TO 2010
CLIMATE RECORD PERIOD 1920 TO 2017


WEATHER ITEM   OBSERVED TIME   RECORD YEAR NORMAL DEPARTURE LAST
                VALUE   (LST)  VALUE       VALUE  FROM      YEAR
                                                  NORMAL
..................................................................
TEMPERATURE (F)
 YESTERDAY
  MAXIMUM         66    321 PM  82    2012  50     16       59
  MINIMUM         35   1141 PM   2    1906  29      6       32
  AVERAGE         51                        39     12       46

PRECIPITATION (IN)
  YESTERDAY        0.00          1.07 1998   0.08  -0.08     0.00
  MONTH TO DATE    0.38                      1.17  -0.79     0.66
  SINCE MAR 1      0.38                      1.17  -0.79     0.66
  SINCE JAN 1      1.97                      3.35  -1.38     1.96

DEGREE DAYS
 HEATING
  YESTERDAY       14                        26    -12       19
  MONTH TO DATE  473                       495    -22      315
  SINCE MAR 1    473                       495    -22      315
  SINCE JUL 1   4280                      5380  -1100     4369

 COOLING
  YESTERDAY        0                         0      0        0
  MONTH TO DATE    0                         0      0        0
  SINCE MAR 1      0                         0      0        0
  SINCE JAN 1      0                         0      0        0
..................................................................


WIND (MPH)
  HIGHEST WIND SPEED    31   HIGHEST WIND DIRECTION    NW (330)
  HIGHEST GUST SPEED    39   HIGHEST GUST DIRECTION     N (340)
  AVERAGE WIND SPEED    15.8


SKY COVER
  POSSIBLE SUNSHINE  MM
  AVERAGE SKY COVER 0.2


WEATHER CONDITIONS
 THE FOLLOWING WEATHER WAS RECORDED YESTERDAY.
  NO SIGNIFICANT WEATHER WAS OBSERVED.


RELATIVE HUMIDITY (PERCENT)
 HIGHEST    89           700 AM
 LOWEST     31           300 PM
 AVERAGE    60

..........................................................


THE OTTUMWA IA CLIMATE NORMALS FOR TODAY
                         NORMAL    RECORD    YEAR
 MAXIMUM TEMPERATURE (F)   50        81      2012
 MINIMUM TEMPERATURE (F)   29         2      1923


SUNRISE AND SUNSET
MARCH 18 2017.........SUNRISE   716 AM CDT   SUNSET   720 PM CDT
MARCH 19 2017.........SUNRISE   714 AM CDT   SUNSET   721 PM CDT


-  INDICATES NEGATIVE NUMBERS.
R  INDICATES RECORD WAS SET OR TIED.
MM INDICATES DATA IS MISSING.
T  INDICATES TRACE AMOUNT.

$$

ANSORGE
