000
CDUS43 KDMX 100655
CLIOTM

CLIMATE REPORT
NATIONAL WEATHER SERVICE DES MOINES IA
1252 AM CST FRI FEB 10 2017

...................................

...THE OTTUMWA IA CLIMATE SUMMARY FOR FEBRUARY 9 2017...

CLIMATE NORMAL PERIOD 1981 TO 2010
CLIMATE RECORD PERIOD 1920 TO 2017


WEATHER ITEM   OBSERVED TIME   RECORD YEAR NORMAL DEPARTURE LAST
                VALUE   (LST)  VALUE       VALUE  FROM      YEAR
                                                  NORMAL
..................................................................
TEMPERATURE (F)
 YESTERDAY
  MAXIMUM         22    436 PM  68    1943  34    -12       18
  MINIMUM          7    751 AM -23    1899  16     -9       11
  AVERAGE         15                        25    -10       15

PRECIPITATION (IN)
  YESTERDAY        0.00          0.77 2001   0.04  -0.04      T
  MONTH TO DATE    0.06                      0.30  -0.24     0.32
  SINCE DEC 1      2.58                      2.57   0.01     4.85
  SINCE JAN 1      1.21                      1.20   0.01     0.82

DEGREE DAYS
 HEATING
  YESTERDAY       50                        40     10       50
  MONTH TO DATE  340                       367    -27      329
  SINCE DEC 1   2635                      2891   -256     2395
  SINCE JUL 1   3428                      4189   -761     3406

 COOLING
  YESTERDAY        0                         0      0        0
  MONTH TO DATE    0                         0      0        0
  SINCE DEC 1      0                         0      0        0
  SINCE JAN 1      0                         0      0        0
..................................................................


WIND (MPH)
  HIGHEST WIND SPEED    15   HIGHEST WIND DIRECTION     S (160)
  HIGHEST GUST SPEED    18   HIGHEST GUST DIRECTION     S (160)
  AVERAGE WIND SPEED     8.5


SKY COVER
  POSSIBLE SUNSHINE  MM
  AVERAGE SKY COVER 0.2


WEATHER CONDITIONS
 THE FOLLOWING WEATHER WAS RECORDED YESTERDAY.
  NO SIGNIFICANT WEATHER WAS OBSERVED.


RELATIVE HUMIDITY (PERCENT)
 HIGHEST    74          1100 PM
 LOWEST     45           400 PM
 AVERAGE    60

..........................................................


THE OTTUMWA IA CLIMATE NORMALS FOR TODAY
                         NORMAL    RECORD    YEAR
 MAXIMUM TEMPERATURE (F)   35        68      1943
 MINIMUM TEMPERATURE (F)   16       -13      2014


SUNRISE AND SUNSET
FEBRUARY 10 2017......SUNRISE   710 AM CST   SUNSET   538 PM CST
FEBRUARY 11 2017......SUNRISE   709 AM CST   SUNSET   540 PM CST


-  INDICATES NEGATIVE NUMBERS.
R  INDICATES RECORD WAS SET OR TIED.
MM INDICATES DATA IS MISSING.
T  INDICATES TRACE AMOUNT.




$$
