000
CDUS43 KDMX 060634 RRA
CLIOTM

CLIMATE REPORT
NATIONAL WEATHER SERVICE DES MOINES IA
132 AM CDT SUN APR 6 2014


...................................

...THE OTTUMWA IA CLIMATE SUMMARY FOR APRIL 5 2014...

CLIMATE NORMAL PERIOD 1981 TO 2010
CLIMATE RECORD PERIOD 1920 TO 2014


WEATHER ITEM   OBSERVED TIME   RECORD YEAR NORMAL DEPARTURE LAST
                VALUE   (LST)  VALUE       VALUE  FROM      YEAR
                                                  NORMAL
..................................................................
TEMPERATURE (F)
 YESTERDAY
  MAXIMUM         55    448 PM  86    2000  58     -3       61
  MINIMUM         24    550 AM  18    1982  36    -12       29
  AVERAGE         40                        47     -7       45

PRECIPITATION (IN)
  YESTERDAY        0.00          1.72 1947   0.09  -0.09     0.00
  MONTH TO DATE    0.18                      0.45  -0.27     0.00
  SINCE MAR 1      0.71                      2.69  -1.98     2.46
  SINCE JAN 1      2.04                      4.87  -2.83     5.92

DEGREE DAYS
 HEATING
  YESTERDAY       25                        18      7       20
  MONTH TO DATE  127                        95     32      136
  SINCE MAR 1   1106                       906    200     1147
  SINCE JUL 1   6618                      5791    827     5674

 COOLING
  YESTERDAY        0                         0      0        0
  MONTH TO DATE    0                         0      0        0
  SINCE MAR 1      0                         1     -1        0
  SINCE JAN 1      0                         1     -1        0
..................................................................


WIND (MPH)
  HIGHEST WIND SPEED    13   HIGHEST WIND DIRECTION     S (180)
  HIGHEST GUST SPEED    18   HIGHEST GUST DIRECTION     S (180)
  AVERAGE WIND SPEED     5.8


SKY COVER
  POSSIBLE SUNSHINE  MM
  AVERAGE SKY COVER 0.1


WEATHER CONDITIONS
 THE FOLLOWING WEATHER WAS RECORDED YESTERDAY.
  FOG


RELATIVE HUMIDITY (PERCENT)
 HIGHEST    92           400 AM
 LOWEST     32           300 PM
 AVERAGE    62

..........................................................


THE OTTUMWA IA CLIMATE NORMALS FOR TODAY
                         NORMAL    RECORD    YEAR
 MAXIMUM TEMPERATURE (F)   59        84      1991
 MINIMUM TEMPERATURE (F)   36         9      1982


SUNRISE AND SUNSET
APRIL  6 2014.........SUNRISE   645 AM CDT   SUNSET   740 PM CDT
APRIL  7 2014.........SUNRISE   643 AM CDT   SUNSET   741 PM CDT


-  INDICATES NEGATIVE NUMBERS.
R  INDICATES RECORD WAS SET OR TIED.
MM INDICATES DATA IS MISSING.
T  INDICATES TRACE AMOUNT.




$$
