000
CDUS43 KDMX 140632 RRB
CLIOTM

CLIMATE REPORT
NATIONAL WEATHER SERVICE DES MOINES IA
130 AM CDT SUN MAY 14 2017


...................................

...THE OTTUMWA IA CLIMATE SUMMARY FOR MAY 13 2017...

CLIMATE NORMAL PERIOD 1981 TO 2010
CLIMATE RECORD PERIOD 1920 TO 2017


WEATHER ITEM   OBSERVED TIME   RECORD YEAR NORMAL DEPARTURE LAST
                VALUE   (LST)  VALUE       VALUE  FROM      YEAR
                                                  NORMAL
..................................................................
TEMPERATURE (F)
 YESTERDAY
  MAXIMUM         81    333 PM  92    1940  71     10       69
  MINIMUM         46    307 AM  31    1938  50     -4       41
  AVERAGE         64                        60      4       55

PRECIPITATION (IN)
  YESTERDAY        0.00          1.65 1908   0.16  -0.16     0.30
  MONTH TO DATE    1.02                      1.90  -0.88     1.92
  SINCE MAR 1      9.28                      7.54   1.74     5.79
  SINCE JAN 1     10.87                      9.72   1.15     7.09

DEGREE DAYS
 HEATING
  YESTERDAY        1                         6     -5       10
  MONTH TO DATE   89                        96     -7      100
  SINCE MAR 1   1126                      1341   -215     1122
  SINCE JUL 1   4933                      6226  -1293     5176

 COOLING
  YESTERDAY        0                         1     -1        0
  MONTH TO DATE    7                        13     -6        3
  SINCE MAR 1     22                        24     -2       12
  SINCE JAN 1     22                        24     -2       12
..................................................................


WIND (MPH)
  HIGHEST WIND SPEED    15   HIGHEST WIND DIRECTION    SW (210)
  HIGHEST GUST SPEED    21   HIGHEST GUST DIRECTION    SW (230)
  AVERAGE WIND SPEED     8.1


SKY COVER
  POSSIBLE SUNSHINE  MM
  AVERAGE SKY COVER 0.0


WEATHER CONDITIONS
 THE FOLLOWING WEATHER WAS RECORDED YESTERDAY.
  NO SIGNIFICANT WEATHER WAS OBSERVED.


RELATIVE HUMIDITY (PERCENT)
 HIGHEST    93           100 AM
 LOWEST     30           200 PM
 AVERAGE    62

..........................................................


THE OTTUMWA IA CLIMATE NORMALS FOR TODAY
                         NORMAL    RECORD    YEAR
 MAXIMUM TEMPERATURE (F)   72        92      1988
 MINIMUM TEMPERATURE (F)   50        37      1966


SUNRISE AND SUNSET
MAY 14 2017...........SUNRISE   552 AM CDT   SUNSET   820 PM CDT
MAY 15 2017...........SUNRISE   551 AM CDT   SUNSET   821 PM CDT


-  INDICATES NEGATIVE NUMBERS.
R  INDICATES RECORD WAS SET OR TIED.
MM INDICATES DATA IS MISSING.
T  INDICATES TRACE AMOUNT.




$$
