000
CDUS43 KDMX 170635 RRA
CLIOTM

CLIMATE REPORT
NATIONAL WEATHER SERVICE DES MOINES IA
132 AM CDT SUN AUG 17 2014

...................................

...THE OTTUMWA IA CLIMATE SUMMARY FOR AUGUST 16 2014...

CLIMATE NORMAL PERIOD 1981 TO 2010
CLIMATE RECORD PERIOD 1920 TO 2014


WEATHER ITEM   OBSERVED TIME   RECORD YEAR NORMAL DEPARTURE LAST
                VALUE   (LST)  VALUE       VALUE  FROM      YEAR
                                                  NORMAL
..................................................................
TEMPERATURE (F)
 YESTERDAY
  MAXIMUM         71    356 PM 106    1936  84    -13       79
  MINIMUM         65   1159 PM  49    2013  63      2       49
  AVERAGE         68                        73     -5       64

PRECIPITATION (IN)
  YESTERDAY        0.52          2.22 2009   0.17   0.35     0.00
  MONTH TO DATE    1.32                      2.37  -1.05     0.96
  SINCE JUN 1     14.59                     11.93   2.66     4.79
  SINCE JAN 1     25.43                     24.46   0.97    29.11

DEGREE DAYS
 HEATING
  YESTERDAY        0                         0      0        1
  MONTH TO DATE    0                         0      0        6
  SINCE JUN 1     22                        23     -1       42
  SINCE JUL 1     13                         2     11       16

 COOLING
  YESTERDAY        3                         8     -5        0
  MONTH TO DATE   81                       145    -64       85
  SINCE JUN 1    459                       660   -201      549
  SINCE JAN 1    570                       724   -154      626
..................................................................


WIND (MPH)
  HIGHEST WIND SPEED    16   HIGHEST WIND DIRECTION    SE (150)
  HIGHEST GUST SPEED    21   HIGHEST GUST DIRECTION    SE (150)
  AVERAGE WIND SPEED     8.2


SKY COVER
  POSSIBLE SUNSHINE  MM
  AVERAGE SKY COVER 0.7


WEATHER CONDITIONS
 THE FOLLOWING WEATHER WAS RECORDED YESTERDAY.
  RAIN
  LIGHT RAIN
  FOG


RELATIVE HUMIDITY (PERCENT)
 HIGHEST   100           900 PM
 LOWEST     84           400 PM
 AVERAGE    92

..........................................................


THE OTTUMWA IA CLIMATE NORMALS FOR TODAY
                         NORMAL    RECORD    YEAR
 MAXIMUM TEMPERATURE (F)   84       104      1988
 MINIMUM TEMPERATURE (F)   63        49      2013
                                             2012
                                             1897


SUNRISE AND SUNSET
AUGUST 17 2014........SUNRISE   621 AM CDT   SUNSET   806 PM CDT
AUGUST 18 2014........SUNRISE   622 AM CDT   SUNSET   804 PM CDT


-  INDICATES NEGATIVE NUMBERS.
R  INDICATES RECORD WAS SET OR TIED.
MM INDICATES DATA IS MISSING.
T  INDICATES TRACE AMOUNT.

$$

REV
