622
CDUS43 KDMX 150633 RRA
CLIOTM

CLIMATE REPORT
NATIONAL WEATHER SERVICE DES MOINES IA
130 AM CDT TUE AUG 15 2017


...................................

...THE OTTUMWA IA CLIMATE SUMMARY FOR AUGUST 14 2017...

CLIMATE NORMAL PERIOD 1981 TO 2010
CLIMATE RECORD PERIOD 1920 TO 2017


WEATHER ITEM   OBSERVED TIME   RECORD YEAR NORMAL DEPARTURE LAST
                VALUE   (LST)  VALUE       VALUE  FROM      YEAR
                                                  NORMAL
..................................................................
TEMPERATURE (F)
 YESTERDAY
  MAXIMUM         86    445 PM 109    1936  84      2       84
  MINIMUM         61    414 AM  47    2013  63     -2       63
  AVERAGE         74                        74      0       74

PRECIPITATION (IN)
  YESTERDAY        0.27          2.75 1898   0.16   0.11     0.00
  MONTH TO DATE    0.93                      2.05  -1.12     2.22
  SINCE JUN 1      2.54                     11.61  -9.07     8.69
  SINCE JAN 1     15.00                     24.14  -9.14    17.60

DEGREE DAYS
 HEATING
  YESTERDAY        0                         0      0        0
  MONTH TO DATE    0                         0      0        0
  SINCE JUN 1     10                        23    -13        8
  SINCE JUL 1      0                         2     -2        7

 COOLING
  YESTERDAY        9                         9      0        9
  MONTH TO DATE   76                       128    -52      142
  SINCE JUN 1    760                       643    117      690
  SINCE JAN 1    821                       707    114      761
..................................................................


WIND (MPH)
  HIGHEST WIND SPEED    22   HIGHEST WIND DIRECTION    NE (30)
  HIGHEST GUST SPEED    25   HIGHEST GUST DIRECTION    NE (40)
  AVERAGE WIND SPEED     7.9


SKY COVER
  POSSIBLE SUNSHINE  MM
  AVERAGE SKY COVER 0.3


WEATHER CONDITIONS
 THE FOLLOWING WEATHER WAS RECORDED YESTERDAY.
  THUNDERSTORM
  HEAVY RAIN
  LIGHT RAIN
  FOG


RELATIVE HUMIDITY (PERCENT)
 HIGHEST   100          1000 AM
 LOWEST     55           500 PM
 AVERAGE    78

..........................................................


THE OTTUMWA IA CLIMATE NORMALS FOR TODAY
                         NORMAL    RECORD    YEAR
 MAXIMUM TEMPERATURE (F)   84       105      1936
 MINIMUM TEMPERATURE (F)   63        45      2004


SUNRISE AND SUNSET
AUGUST 15 2017........SUNRISE   620 AM CDT   SUNSET   808 PM CDT
AUGUST 16 2017........SUNRISE   621 AM CDT   SUNSET   807 PM CDT


-  INDICATES NEGATIVE NUMBERS.
R  INDICATES RECORD WAS SET OR TIED.
MM INDICATES DATA IS MISSING.
T  INDICATES TRACE AMOUNT.




$$
