000
CDUS43 KDMX 170647
CLIOTM

CLIMATE REPORT
NATIONAL WEATHER SERVICE DES MOINES IA
146 AM CDT WED AUG 17 2016

...................................

...THE OTTUMWA IA CLIMATE SUMMARY FOR AUGUST 16 2016...

CLIMATE NORMAL PERIOD 1981 TO 2010
CLIMATE RECORD PERIOD 1920 TO 2016


WEATHER ITEM   OBSERVED TIME   RECORD YEAR NORMAL DEPARTURE LAST
                VALUE   (LST)  VALUE       VALUE  FROM      YEAR
                                                  NORMAL
..................................................................
TEMPERATURE (F)
 YESTERDAY
  MAXIMUM         85    255 PM 106    1936  84      1       87
  MINIMUM         62    546 AM  49    2013  63     -1       64
  AVERAGE         74                        73      1       76

PRECIPITATION (IN)
  YESTERDAY        T             2.22 2009   0.17  -0.17     0.00
  MONTH TO DATE    2.22                      2.37  -0.15     0.25
  SINCE JUN 1      8.69                     11.93  -3.24    14.79
  SINCE JAN 1     16.73                     24.46  -7.73    24.66

DEGREE DAYS
 HEATING
  YESTERDAY        0                         0      0        0
  MONTH TO DATE    0                         0      0        0
  SINCE JUN 1      8                        23    -15       16
  SINCE JUL 1      7                         2      5        6

 COOLING
  YESTERDAY        9                         8      1       11
  MONTH TO DATE  159                       145     14      139
  SINCE JUN 1    707                       660     47      619
  SINCE JAN 1    778                       724     54      680
..................................................................


WIND (MPH)
  HIGHEST WIND SPEED    10   HIGHEST WIND DIRECTION     S (180)
  HIGHEST GUST SPEED    15   HIGHEST GUST DIRECTION     S (190)
  AVERAGE WIND SPEED     5.5


SKY COVER
  POSSIBLE SUNSHINE  MM
  AVERAGE SKY COVER 0.1


WEATHER CONDITIONS
 THE FOLLOWING WEATHER WAS RECORDED YESTERDAY.
  LIGHT RAIN
  FOG
  FOG W/VISIBILITY <= 1/4 MILE


RELATIVE HUMIDITY (PERCENT)
 HIGHEST   100           200 AM
 LOWEST     55           200 PM
 AVERAGE    78

..........................................................


THE OTTUMWA IA CLIMATE NORMALS FOR TODAY
                         NORMAL    RECORD    YEAR
 MAXIMUM TEMPERATURE (F)   84       104      1988
 MINIMUM TEMPERATURE (F)   63        49      2013
                                             2012
                                             1897


SUNRISE AND SUNSET
AUGUST 17 2016........SUNRISE   622 AM CDT   SUNSET   805 PM CDT
AUGUST 18 2016........SUNRISE   623 AM CDT   SUNSET   803 PM CDT


-  INDICATES NEGATIVE NUMBERS.
R  INDICATES RECORD WAS SET OR TIED.
MM INDICATES DATA IS MISSING.
T  INDICATES TRACE AMOUNT.

$$

SMALL
