000
CDUS43 KDMX 080711
CLIOTM

CLIMATE REPORT
NATIONAL WEATHER SERVICE DES MOINES IA
209 AM CDT SUN OCT 8 2017


...................................

...THE OTTUMWA IA CLIMATE SUMMARY FOR OCTOBER 7 2017...

CLIMATE NORMAL PERIOD 1981 TO 2010
CLIMATE RECORD PERIOD 1920 TO 2017


WEATHER ITEM   OBSERVED TIME   RECORD YEAR NORMAL DEPARTURE LAST
                VALUE   (LST)  VALUE       VALUE  FROM      YEAR
                                                  NORMAL
..................................................................
TEMPERATURE (F)
 YESTERDAY
  MAXIMUM         69   1013 AM  95    1939  67      2       68
  MINIMUM         54   1159 PM  25    2012  44     10       43
  AVERAGE         62                        56      6       56

PRECIPITATION (IN)
  YESTERDAY        0.29          1.69 1931   0.10   0.19     0.07
  MONTH TO DATE    1.80                      0.69   1.11     0.59
  SINCE SEP 1      5.47                      4.48   0.99     1.60
  SINCE JAN 1     21.31                     31.18  -9.87    22.79

DEGREE DAYS
 HEATING
  YESTERDAY        3                        10     -7        9
  MONTH TO DATE   13                        63    -50       17
  SINCE SEP 1     50                       173   -123       50
  SINCE JUL 1     50                       184   -134       57

 COOLING
  YESTERDAY        0                         1     -1        0
  MONTH TO DATE   22                         7     15       12
  SINCE SEP 1    191                       100     91      185
  SINCE JAN 1   1116                       934    182     1084
..................................................................


WIND (MPH)
  HIGHEST WIND SPEED    28   HIGHEST WIND DIRECTION     W (250)
  HIGHEST GUST SPEED    37   HIGHEST GUST DIRECTION    SW (240)
  AVERAGE WIND SPEED    14.0


SKY COVER
  POSSIBLE SUNSHINE  MM
  AVERAGE SKY COVER 0.7


WEATHER CONDITIONS
 THE FOLLOWING WEATHER WAS RECORDED YESTERDAY.
  RAIN
  LIGHT RAIN
  FOG


RELATIVE HUMIDITY (PERCENT)
 HIGHEST    93           300 AM
 LOWEST     72           300 PM
 AVERAGE    83

..........................................................


THE OTTUMWA IA CLIMATE NORMALS FOR TODAY
                         NORMAL    RECORD    YEAR
 MAXIMUM TEMPERATURE (F)   67        92      1938
 MINIMUM TEMPERATURE (F)   44        25      2000


SUNRISE AND SUNSET
OCTOBER  8 2017.......SUNRISE   714 AM CDT   SUNSET   640 PM CDT
OCTOBER  9 2017.......SUNRISE   715 AM CDT   SUNSET   638 PM CDT


-  INDICATES NEGATIVE NUMBERS.
R  INDICATES RECORD WAS SET OR TIED.
MM INDICATES DATA IS MISSING.
T  INDICATES TRACE AMOUNT.




$$
