975
CDUS43 KDMX 240644 RRA
CLIOTM

CLIMATE REPORT
NATIONAL WEATHER SERVICE DES MOINES IA
135 AM CDT TUE MAY 24 2016

...................................

...THE OTTUMWA IA CLIMATE SUMMARY FOR MAY 23 2016...

CLIMATE NORMAL PERIOD 1981 TO 2010
CLIMATE RECORD PERIOD 1920 TO 2016

WEATHER ITEM   OBSERVED TIME   RECORD YEAR NORMAL DEPARTURE LAST
                VALUE   (LST)  VALUE       VALUE  FROM      YEAR
                                                  NORMAL
..................................................................
TEMPERATURE (F)
 YESTERDAY
  MAXIMUM         83    227 PM  93    1939  74      9       78
  MINIMUM         57    346 AM  35    1931  53      4       50
  AVERAGE         70                        64      6       64

PRECIPITATION (IN)
  YESTERDAY        0.00          1.69 1995   0.15  -0.15      T
  MONTH TO DATE    2.08                      3.43  -1.35     2.31
  SINCE MAR 1      5.95                      9.07  -3.12     5.31
  SINCE JAN 1      6.38                     11.25  -4.87     7.43

DEGREE DAYS
 HEATING
  YESTERDAY        0                         4     -4        1
  MONTH TO DATE  188                       143     45      110
  SINCE MAR 1   1210                      1388   -178     1226
  SINCE JUL 1   5264                      6273  -1009     6357

 COOLING
  YESTERDAY        5                         2      3        0
  MONTH TO DATE    8                        31    -23       39
  SINCE MAR 1     17                        42    -25       40
  SINCE JAN 1     17                        42    -25       40
..................................................................

WIND (MPH)
  HIGHEST WIND SPEED    23   HIGHEST WIND DIRECTION     S (170)
  HIGHEST GUST SPEED    30   HIGHEST GUST DIRECTION     S (160)
  AVERAGE WIND SPEED    12.0

SKY COVER
  POSSIBLE SUNSHINE  MM
  AVERAGE SKY COVER 0.0

WEATHER CONDITIONS
 THE FOLLOWING WEATHER WAS RECORDED YESTERDAY.
  NO SIGNIFICANT WEATHER WAS OBSERVED.

RELATIVE HUMIDITY (PERCENT)
 HIGHEST    67           100 AM
 LOWEST     39           200 PM
 AVERAGE    53
..........................................................

THE OTTUMWA IA CLIMATE NORMALS FOR TODAY
                         NORMAL    RECORD    YEAR
 MAXIMUM TEMPERATURE (F)   75        98      1939
 MINIMUM TEMPERATURE (F)   53        37      1931

SUNRISE AND SUNSET
MAY 24 2016...........SUNRISE   544 AM CDT   SUNSET   830 PM CDT
MAY 25 2016...........SUNRISE   543 AM CDT   SUNSET   831 PM CDT

-  INDICATES NEGATIVE NUMBERS.
R  INDICATES RECORD WAS SET OR TIED.
MM INDICATES DATA IS MISSING.
T  INDICATES TRACE AMOUNT.

$$

FAB
