000
CDUS43 KDMX 040641 RRA
CLIOTM

CLIMATE REPORT
NATIONAL WEATHER SERVICE DES MOINES IA
1241 AM CST MON DEC 4 2017

...................................

...THE OTTUMWA IA CLIMATE SUMMARY FOR DECEMBER 3 2017...

CLIMATE NORMAL PERIOD 1981 TO 2010
CLIMATE RECORD PERIOD 1920 TO 2017


WEATHER ITEM   OBSERVED TIME   RECORD YEAR NORMAL DEPARTURE LAST
                VALUE   (LST)  VALUE       VALUE  FROM      YEAR
                                                  NORMAL
..................................................................
TEMPERATURE (F)
 YESTERDAY
  MAXIMUM         62    312 PM  71    2012  39     23       42
  MINIMUM         26    551 AM  -8    1929  21      5       33
  AVERAGE         44                        30     14       38

PRECIPITATION (IN)
  YESTERDAY        0.00          1.09 2011   0.05  -0.05     0.00
  MONTH TO DATE    0.00                      0.17  -0.17     0.00
  SINCE DEC 1      0.00                      0.17  -0.17     0.00
  SINCE JAN 1     23.04                     35.87 -12.83    23.92

DEGREE DAYS
 HEATING
  YESTERDAY       21                        35    -14       27
  MONTH TO DATE   67                       103    -36       81
  SINCE DEC 1     67                       103    -36       81
  SINCE JUL 1   1191                      1401   -210      874

 COOLING
  YESTERDAY        0                         0      0        0
  MONTH TO DATE    0                         0      0        0
  SINCE DEC 1      0                         0      0        0
  SINCE JAN 1   1120                       938    182     1122
..................................................................


WIND (MPH)
  HIGHEST WIND SPEED    24   HIGHEST WIND DIRECTION     S (170)
  HIGHEST GUST SPEED    30   HIGHEST GUST DIRECTION     S (170)
  AVERAGE WIND SPEED    11.6


SKY COVER
  POSSIBLE SUNSHINE  MM
  AVERAGE SKY COVER 0.1


WEATHER CONDITIONS
 THE FOLLOWING WEATHER WAS RECORDED YESTERDAY.
  NO SIGNIFICANT WEATHER WAS OBSERVED.


RELATIVE HUMIDITY (PERCENT)
 HIGHEST    92           400 AM
 LOWEST     48           300 PM
 AVERAGE    70

..........................................................


THE OTTUMWA IA CLIMATE NORMALS FOR TODAY
                         NORMAL    RECORD    YEAR
 MAXIMUM TEMPERATURE (F)   39        71      1998
 MINIMUM TEMPERATURE (F)   21         1      2005
                                             1991


SUNRISE AND SUNSET
DECEMBER  4 2017......SUNRISE   719 AM CST   SUNSET   441 PM CST
DECEMBER  5 2017......SUNRISE   720 AM CST   SUNSET   441 PM CST


-  INDICATES NEGATIVE NUMBERS.
R  INDICATES RECORD WAS SET OR TIED.
MM INDICATES DATA IS MISSING.
T  INDICATES TRACE AMOUNT.

$$

SMALL
