000
CDUS43 KDMX 230643
CLIOTM

CLIMATE REPORT
NATIONAL WEATHER SERVICE DES MOINES IA
1241 AM CST FRI JAN 23 2015


...................................

...THE OTTUMWA IA CLIMATE SUMMARY FOR JANUARY 22 2015...

CLIMATE NORMAL PERIOD 1981 TO 2010
CLIMATE RECORD PERIOD 1920 TO 2015


WEATHER ITEM   OBSERVED TIME   RECORD YEAR NORMAL DEPARTURE LAST
                VALUE   (LST)  VALUE       VALUE  FROM      YEAR
                                                  NORMAL
..................................................................
TEMPERATURE (F)
 YESTERDAY
  MAXIMUM         33    200 PM  63    2002  32      1       19
                                      1967
  MINIMUM         28    743 AM -36    1930  13     15       -3
  AVERAGE         31                        22      9        8

PRECIPITATION (IN)
  YESTERDAY        0.00          0.49 1965   0.03  -0.03      T
  MONTH TO DATE    0.10                      0.66  -0.56     0.43
  SINCE DEC 1      1.08                      2.03  -0.95     1.09
  SINCE JAN 1      0.10                      0.66  -0.56     0.43

DEGREE DAYS
 HEATING
  YESTERDAY       34                        43     -9       57
  MONTH TO DATE  952                       940     12     1048
  SINCE DEC 1   1995                      2147   -152     2393
  SINCE JUL 1   3503                      3445     58     3723

 COOLING
  YESTERDAY        0                         0      0        0
  MONTH TO DATE    0                         0      0        0
  SINCE DEC 1      0                         0      0        0
  SINCE JAN 1      0                         0      0        0
..................................................................


WIND (MPH)
  HIGHEST WIND SPEED    16   HIGHEST WIND DIRECTION    NW (330)
  HIGHEST GUST SPEED    19   HIGHEST GUST DIRECTION    NW (330)
  AVERAGE WIND SPEED     6.4


SKY COVER
  POSSIBLE SUNSHINE  MM
  AVERAGE SKY COVER 1.0


WEATHER CONDITIONS
 THE FOLLOWING WEATHER WAS RECORDED YESTERDAY.
  NO SIGNIFICANT WEATHER WAS OBSERVED.


RELATIVE HUMIDITY (PERCENT)
 HIGHEST    85           200 AM
 LOWEST     63          1100 AM
 AVERAGE    74

..........................................................


THE OTTUMWA IA CLIMATE NORMALS FOR TODAY
                         NORMAL    RECORD    YEAR
 MAXIMUM TEMPERATURE (F)   32        64      1942
 MINIMUM TEMPERATURE (F)   13       -21      1963


SUNRISE AND SUNSET
JANUARY 23 2015.......SUNRISE   728 AM CST   SUNSET   515 PM CST
JANUARY 24 2015.......SUNRISE   728 AM CST   SUNSET   516 PM CST


-  INDICATES NEGATIVE NUMBERS.
R  INDICATES RECORD WAS SET OR TIED.
MM INDICATES DATA IS MISSING.
T  INDICATES TRACE AMOUNT.

$$
