000
CDUS43 KDMX 200629 RRA
CLIOTM

CLIMATE REPORT
NATIONAL WEATHER SERVICE DES MOINES IA
127 AM CDT WED MAY 20 2015

...................................

...THE OTTUMWA IA CLIMATE SUMMARY FOR MAY 19 2015...

CLIMATE NORMAL PERIOD 1981 TO 2010
CLIMATE RECORD PERIOD 1920 TO 2015


WEATHER ITEM   OBSERVED TIME   RECORD YEAR NORMAL DEPARTURE LAST
                VALUE   (LST)  VALUE       VALUE  FROM      YEAR
                                                  NORMAL
..................................................................
TEMPERATURE (F)
 YESTERDAY
  MAXIMUM         60    431 PM  90    1998  73    -13       78
  MINIMUM         38    519 AM  34    2002  52    -14       55
  AVERAGE         49                        62    -13       67

PRECIPITATION (IN)
  YESTERDAY        0.00          2.30 1898   0.16  -0.16      T
  MONTH TO DATE    2.08                      2.82  -0.74     3.93
  SINCE MAR 1      5.08                      8.46  -3.38    10.03
  SINCE JAN 1      6.24                     10.64  -4.40    12.84

DEGREE DAYS
 HEATING
  YESTERDAY       16                         5     11        0
  MONTH TO DATE   79                       127    -48      154
  SINCE MAR 1   1195                      1372   -177     1580
  SINCE JUL 1   6326                      6257     69     7093

 COOLING
  YESTERDAY        0                         2     -2        2
  MONTH TO DATE   39                        23     16       21
  SINCE MAR 1     40                        34      6       29
  SINCE JAN 1     40                        34      6       29
..................................................................


WIND (MPH)
  HIGHEST WIND SPEED    24   HIGHEST WIND DIRECTION    NW (330)
  HIGHEST GUST SPEED    31   HIGHEST GUST DIRECTION    NW (330)
  AVERAGE WIND SPEED    10.9


SKY COVER
  POSSIBLE SUNSHINE  MM
  AVERAGE SKY COVER 0.5


WEATHER CONDITIONS
 THE FOLLOWING WEATHER WAS RECORDED YESTERDAY.
  NO SIGNIFICANT WEATHER WAS OBSERVED.


RELATIVE HUMIDITY (PERCENT)
 HIGHEST    70          1200 AM
 LOWEST     44           500 PM
 AVERAGE    57

..........................................................


THE OTTUMWA IA CLIMATE NORMALS FOR TODAY
                         NORMAL    RECORD    YEAR
 MAXIMUM TEMPERATURE (F)   73        90      1987
 MINIMUM TEMPERATURE (F)   52        38      2002
                                             1931


SUNRISE AND SUNSET
MAY 20 2015...........SUNRISE   547 AM CDT   SUNSET   826 PM CDT
MAY 21 2015...........SUNRISE   547 AM CDT   SUNSET   827 PM CDT


-  INDICATES NEGATIVE NUMBERS.
R  INDICATES RECORD WAS SET OR TIED.
MM INDICATES DATA IS MISSING.
T  INDICATES TRACE AMOUNT.

$$

REV
