000
CDUS43 KDMX 190713
CLIOTM

CLIMATE REPORT
NATIONAL WEATHER SERVICE DES MOINES IA
205 AM CDT SUN OCT 19 2014

...................................

...THE OTTUMWA IA CLIMATE SUMMARY FOR OCTOBER 18 2014...

CLIMATE NORMAL PERIOD 1981 TO 2010
CLIMATE RECORD PERIOD 1920 TO 2014

WEATHER ITEM   OBSERVED TIME   RECORD YEAR NORMAL DEPARTURE LAST
                VALUE   (LST)  VALUE       VALUE  FROM      YEAR
                                                  NORMAL
..................................................................
TEMPERATURE (F)
 YESTERDAY
  MAXIMUM         55    351 PM  87    1950  63     -8       49
  MINIMUM         37   1156 PM  21    1948  41     -4       39
  AVERAGE         46                        52     -6       44

PRECIPITATION (IN)
  YESTERDAY        0.00          2.25 1984   0.10  -0.10     0.00
  MONTH TO DATE    3.51                      1.66   1.85     1.74
  SINCE SEP 1      7.67                      5.45   2.22     2.81
  SINCE JAN 1     38.96                     32.15   6.81    31.92

DEGREE DAYS
 HEATING
  YESTERDAY       19                        14      5       21
  MONTH TO DATE  226                       195     31      137
  SINCE SEP 1    347                       305     42      204
  SINCE JUL 1    360                       316     44      220

 COOLING
  YESTERDAY        0                         0      0        0
  MONTH TO DATE    0                         9     -9       33
  SINCE SEP 1     68                       102    -34      199
  SINCE JAN 1    800                       936   -136     1014
..................................................................

WIND (MPH)
  HIGHEST WIND SPEED    17   HIGHEST WIND DIRECTION    NW (330)
  HIGHEST GUST SPEED    21   HIGHEST GUST DIRECTION    NW (330)
  AVERAGE WIND SPEED     8.8

SKY COVER
  POSSIBLE SUNSHINE  MM
  AVERAGE SKY COVER 0.4

WEATHER CONDITIONS
 THE FOLLOWING WEATHER WAS RECORDED YESTERDAY.
  NO SIGNIFICANT WEATHER WAS OBSERVED.

RELATIVE HUMIDITY (PERCENT)
 HIGHEST    92           700 AM
 LOWEST     59           300 PM
 AVERAGE    76
..........................................................

THE OTTUMWA IA CLIMATE NORMALS FOR TODAY
                         NORMAL    RECORD    YEAR
 MAXIMUM TEMPERATURE (F)   62        85      1924
 MINIMUM TEMPERATURE (F)   40        17      1972

SUNRISE AND SUNSET
OCTOBER 19 2014.......SUNRISE   726 AM CDT   SUNSET   623 PM CDT
OCTOBER 20 2014.......SUNRISE   727 AM CDT   SUNSET   622 PM CDT

-  INDICATES NEGATIVE NUMBERS.
R  INDICATES RECORD WAS SET OR TIED.
MM INDICATES DATA IS MISSING.
T  INDICATES TRACE AMOUNT.

$$

FAB
