000
CDUS43 KDMX 170710
CLIOTM

CLIMATE REPORT
NATIONAL WEATHER SERVICE DES MOINES IA
209 AM CDT MON APR 17 2017

...................................

...THE OTTUMWA IA CLIMATE SUMMARY FOR APRIL 16 2017...

CLIMATE NORMAL PERIOD 1981 TO 2010
CLIMATE RECORD PERIOD 1920 TO 2017

WEATHER ITEM   OBSERVED TIME   RECORD YEAR NORMAL DEPARTURE LAST
                VALUE   (LST)  VALUE       VALUE  FROM      YEAR
                                                  NORMAL
..................................................................
TEMPERATURE (F)
 YESTERDAY
  MAXIMUM         71    317 PM  88    2004  63      8       80
  MINIMUM         47   1159 PM  24    1961  40      7       49
  AVERAGE         59                        51      8       65

PRECIPITATION (IN)
  YESTERDAY        0.00          1.35 1945   0.12  -0.12     0.00
  MONTH TO DATE    2.86                      1.61   1.25     0.46
  SINCE MAR 1      6.06                      3.85   2.21     1.68
  SINCE JAN 1      7.65                      6.03   1.62     2.98

DEGREE DAYS
 HEATING
  YESTERDAY        6                        14     -8        0
  MONTH TO DATE  161                       271   -110      296
  SINCE MAR 1    888                      1082   -194      911
  SINCE JUL 1   4695                      5967  -1272     4965

 COOLING
  YESTERDAY        0                         0      0        0
  MONTH TO DATE   11                         0     11        0
  SINCE MAR 1     11                         1     10        0
  SINCE JAN 1     11                         1     10        0
..................................................................

WIND (MPH)
  HIGHEST WIND SPEED    21   HIGHEST WIND DIRECTION     N (340)
  HIGHEST GUST SPEED    26   HIGHEST GUST DIRECTION     N (340)
  AVERAGE WIND SPEED     9.6

SKY COVER
  POSSIBLE SUNSHINE  MM
  AVERAGE SKY COVER 0.1

WEATHER CONDITIONS
 THE FOLLOWING WEATHER WAS RECORDED YESTERDAY.
  THUNDERSTORM
  LIGHT RAIN
  FOG

RELATIVE HUMIDITY (PERCENT)
 HIGHEST   100           200 AM
 LOWEST     28           500 PM
 AVERAGE    64
..........................................................

THE OTTUMWA IA CLIMATE NORMALS FOR TODAY
                         NORMAL    RECORD    YEAR
 MAXIMUM TEMPERATURE (F)   63        86      2004
 MINIMUM TEMPERATURE (F)   40        24      1907

SUNRISE AND SUNSET
APRIL 17 2017.........SUNRISE   627 AM CDT   SUNSET   752 PM CDT
APRIL 18 2017.........SUNRISE   626 AM CDT   SUNSET   753 PM CDT

-  INDICATES NEGATIVE NUMBERS.
R  INDICATES RECORD WAS SET OR TIED.
MM INDICATES DATA IS MISSING.
T  INDICATES TRACE AMOUNT.

$$

FAB
