119
CDUS43 KDMX 190655 RRA
CLIOTM

CLIMATE REPORT
NATIONAL WEATHER SERVICE DES MOINES IA
152 AM CDT TUE JUL 19 2016


...................................

...THE OTTUMWA IA CLIMATE SUMMARY FOR JULY 18 2016...

CLIMATE NORMAL PERIOD 1981 TO 2010
CLIMATE RECORD PERIOD 1920 TO 2016


WEATHER ITEM   OBSERVED TIME   RECORD YEAR NORMAL DEPARTURE LAST
                VALUE   (LST)  VALUE       VALUE  FROM      YEAR
                                                  NORMAL
..................................................................
TEMPERATURE (F)
 YESTERDAY
  MAXIMUM         82    633 PM 103    2012  86     -4       88
  MINIMUM         68    749 AM  51    2009  65      3       74
  AVERAGE         75                        75      0       81

PRECIPITATION (IN)
  YESTERDAY        0.44          3.81 1902   0.14   0.30     0.05
  MONTH TO DATE    3.65                      2.73   0.92     4.25
  SINCE JUN 1      6.23                      7.82  -1.59    12.03
  SINCE JAN 1     14.27                     20.35  -6.08    21.90

DEGREE DAYS
 HEATING
  YESTERDAY        0                         0      0        0
  MONTH TO DATE    7                         0      7        6
  SINCE JUN 1      8                        21    -13       16
  SINCE JUL 1      7                         0      7        6

 COOLING
  YESTERDAY       10                        10      0       16
  MONTH TO DATE  134                       180    -46      147
  SINCE JUN 1    408                       381     27      351
  SINCE JAN 1    479                       445     34      412
..................................................................


WIND (MPH)
  HIGHEST WIND SPEED    25   HIGHEST WIND DIRECTION     N (340)
  HIGHEST GUST SPEED    33   HIGHEST GUST DIRECTION    NW (330)
  AVERAGE WIND SPEED     7.0


SKY COVER
  POSSIBLE SUNSHINE  MM
  AVERAGE SKY COVER 0.2


WEATHER CONDITIONS
 THE FOLLOWING WEATHER WAS RECORDED YESTERDAY.
  THUNDERSTORM
  RAIN
  LIGHT RAIN
  FOG


RELATIVE HUMIDITY (PERCENT)
 HIGHEST    97          1000 PM
 LOWEST     58           500 PM
 AVERAGE    78

..........................................................


THE OTTUMWA IA CLIMATE NORMALS FOR TODAY
                         NORMAL    RECORD    YEAR
 MAXIMUM TEMPERATURE (F)   86       110      1934
 MINIMUM TEMPERATURE (F)   65        53      1910


SUNRISE AND SUNSET
JULY 19 2016..........SUNRISE   554 AM CDT   SUNSET   838 PM CDT
JULY 20 2016..........SUNRISE   555 AM CDT   SUNSET   837 PM CDT


-  INDICATES NEGATIVE NUMBERS.
R  INDICATES RECORD WAS SET OR TIED.
MM INDICATES DATA IS MISSING.
T  INDICATES TRACE AMOUNT.




$$
