000
CDUS43 KDMX 140634 RRA
CLIOTM

CLIMATE REPORT
NATIONAL WEATHER SERVICE DES MOINES IA
132 AM CDT WED JUN 14 2017


...................................

...THE OTTUMWA IA CLIMATE SUMMARY FOR JUNE 13 2017...

CLIMATE NORMAL PERIOD 1981 TO 2010
CLIMATE RECORD PERIOD 1920 TO 2017


WEATHER ITEM   OBSERVED TIME   RECORD YEAR NORMAL DEPARTURE LAST
                VALUE   (LST)  VALUE       VALUE  FROM      YEAR
                                                  NORMAL
..................................................................
TEMPERATURE (F)
 YESTERDAY
  MAXIMUM         94    329 PM  98    1987  81     13       90
  MINIMUM         75    533 AM  44    1933  60     15       66
  AVERAGE         85                        70     15       78

PRECIPITATION (IN)
  YESTERDAY        0.00          1.98 1926   0.18  -0.18     0.04
  MONTH TO DATE    0.01                      2.23  -2.22     0.36
  SINCE JUN 1      0.01                      2.23  -2.22     0.36
  SINCE JAN 1     12.47                     14.76  -2.29     9.27

DEGREE DAYS
 HEATING
  YESTERDAY        0                         1     -1        0
  MONTH TO DATE    0                        17    -17        1
  SINCE JUN 1      0                        17    -17        1
  SINCE JUL 1   5008                      6313  -1305     5265

 COOLING
  YESTERDAY       20                         6     14       13
  MONTH TO DATE  129                        62     67      101
  SINCE JUN 1    129                        62     67      101
  SINCE JAN 1    190                       126     64      172
..................................................................


WIND (MPH)
  HIGHEST WIND SPEED    24   HIGHEST WIND DIRECTION     S (190)
  HIGHEST GUST SPEED    30   HIGHEST GUST DIRECTION     S (200)
  AVERAGE WIND SPEED    14.0


SKY COVER
  POSSIBLE SUNSHINE  MM
  AVERAGE SKY COVER 0.1


WEATHER CONDITIONS
 THE FOLLOWING WEATHER WAS RECORDED YESTERDAY.
  NO SIGNIFICANT WEATHER WAS OBSERVED.


RELATIVE HUMIDITY (PERCENT)
 HIGHEST    87           400 AM
 LOWEST     44           500 PM
 AVERAGE    66

..........................................................


THE OTTUMWA IA CLIMATE NORMALS FOR TODAY
                         NORMAL    RECORD    YEAR
 MAXIMUM TEMPERATURE (F)   81        99      1987
 MINIMUM TEMPERATURE (F)   60        41      1933


SUNRISE AND SUNSET
JUNE 14 2017..........SUNRISE   537 AM CDT   SUNSET   844 PM CDT
JUNE 15 2017..........SUNRISE   537 AM CDT   SUNSET   844 PM CDT


-  INDICATES NEGATIVE NUMBERS.
R  INDICATES RECORD WAS SET OR TIED.
MM INDICATES DATA IS MISSING.
T  INDICATES TRACE AMOUNT.




$$
