000
CDUS43 KDMX 230633 RRA
CLIOTM

CLIMATE REPORT
NATIONAL WEATHER SERVICE DES MOINES IA
131 AM CDT MON MAR 23 2015


...................................

...THE OTTUMWA IA CLIMATE SUMMARY FOR MARCH 22 2015...

CLIMATE NORMAL PERIOD 1981 TO 2010
CLIMATE RECORD PERIOD 1920 TO 2015


WEATHER ITEM   OBSERVED TIME   RECORD YEAR NORMAL DEPARTURE LAST
                VALUE   (LST)  VALUE       VALUE  FROM      YEAR
                                                  NORMAL
..................................................................
TEMPERATURE (F)
 YESTERDAY
  MAXIMUM         60    325 PM  85    1910  52      8       38
  MINIMUM         33    706 AM   4    1913  31      2       23
  AVERAGE         47                        41      6       31

PRECIPITATION (IN)
  YESTERDAY        0.00          0.65 1953   0.07  -0.07     0.00
  MONTH TO DATE    0.08                      1.53  -1.45     0.56
  SINCE MAR 1      0.08                      1.53  -1.45     0.56
  SINCE JAN 1      1.24                      3.71  -2.47     3.37

DEGREE DAYS
 HEATING
  YESTERDAY       18                        24     -6       34
  MONTH TO DATE  555                       617    -62      734
  SINCE MAR 1    555                       617    -62      734
  SINCE JUL 1   5686                      5502    184     6247

 COOLING
  YESTERDAY        0                         0      0        0
  MONTH TO DATE    0                         0      0        0
  SINCE MAR 1      0                         0      0        0
  SINCE JAN 1      0                         0      0        0
..................................................................


WIND (MPH)
  HIGHEST WIND SPEED    23   HIGHEST WIND DIRECTION     E (100)
  HIGHEST GUST SPEED    30   HIGHEST GUST DIRECTION     E (100)
  AVERAGE WIND SPEED    15.0


SKY COVER
  POSSIBLE SUNSHINE  MM
  AVERAGE SKY COVER 0.0


WEATHER CONDITIONS
 THE FOLLOWING WEATHER WAS RECORDED YESTERDAY.
  NO SIGNIFICANT WEATHER WAS OBSERVED.


RELATIVE HUMIDITY (PERCENT)
 HIGHEST    76           800 AM
 LOWEST     37           200 PM
 AVERAGE    57

..........................................................


THE OTTUMWA IA CLIMATE NORMALS FOR TODAY
                         NORMAL    RECORD    YEAR
 MAXIMUM TEMPERATURE (F)   53        90      1910
 MINIMUM TEMPERATURE (F)   31         9      1974


SUNRISE AND SUNSET
MARCH 23 2015.........SUNRISE   708 AM CDT   SUNSET   725 PM CDT
MARCH 24 2015.........SUNRISE   707 AM CDT   SUNSET   726 PM CDT


-  INDICATES NEGATIVE NUMBERS.
R  INDICATES RECORD WAS SET OR TIED.
MM INDICATES DATA IS MISSING.
T  INDICATES TRACE AMOUNT.




$$
