000
CDUS43 KDMX 150630 RRA
CLIOTM

CLIMATE REPORT
NATIONAL WEATHER SERVICE DES MOINES IA
128 AM CDT SUN MAY 15 2016


...................................

...THE OTTUMWA IA CLIMATE SUMMARY FOR MAY 14 2016...

CLIMATE NORMAL PERIOD 1981 TO 2010
CLIMATE RECORD PERIOD 1920 TO 2016


WEATHER ITEM   OBSERVED TIME   RECORD YEAR NORMAL DEPARTURE LAST
                VALUE   (LST)  VALUE       VALUE  FROM      YEAR
                                                  NORMAL
..................................................................
TEMPERATURE (F)
 YESTERDAY
  MAXIMUM         57    337 PM  92    1988  72    -15       61
  MINIMUM         38    543 AM  37    1966  50    -12       52
  AVERAGE         48                        61    -13       57

PRECIPITATION (IN)
  YESTERDAY        0.00          1.90 1945   0.15  -0.15     0.39
  MONTH TO DATE    1.92                      2.05  -0.13     1.95
  SINCE MAR 1      5.79                      7.69  -1.90     4.95
  SINCE JAN 1      6.22                      9.87  -3.65     7.07

DEGREE DAYS
 HEATING
  YESTERDAY       17                         6     11        8
  MONTH TO DATE  117                       102     15       51
  SINCE MAR 1   1139                      1347   -208     1167
  SINCE JUL 1   5193                      6232  -1039     6298

 COOLING
  YESTERDAY        0                         1     -1        0
  MONTH TO DATE    3                        14    -11       27
  SINCE MAR 1     12                        25    -13       28
  SINCE JAN 1     12                        25    -13       28
..................................................................


WIND (MPH)
  HIGHEST WIND SPEED    29   HIGHEST WIND DIRECTION    NW (330)
  HIGHEST GUST SPEED    36   HIGHEST GUST DIRECTION    NW (320)
  AVERAGE WIND SPEED    16.2


SKY COVER
  POSSIBLE SUNSHINE  MM
  AVERAGE SKY COVER 0.3


WEATHER CONDITIONS
 THE FOLLOWING WEATHER WAS RECORDED YESTERDAY.
  NO SIGNIFICANT WEATHER WAS OBSERVED.


RELATIVE HUMIDITY (PERCENT)
 HIGHEST    79          1100 PM
 LOWEST     32           500 PM
 AVERAGE    56

..........................................................


THE OTTUMWA IA CLIMATE NORMALS FOR TODAY
                         NORMAL    RECORD    YEAR
 MAXIMUM TEMPERATURE (F)   72        91      1941
 MINIMUM TEMPERATURE (F)   50        34      1926


SUNRISE AND SUNSET
MAY 15 2016...........SUNRISE   551 AM CDT   SUNSET   822 PM CDT
MAY 16 2016...........SUNRISE   550 AM CDT   SUNSET   823 PM CDT


-  INDICATES NEGATIVE NUMBERS.
R  INDICATES RECORD WAS SET OR TIED.
MM INDICATES DATA IS MISSING.
T  INDICATES TRACE AMOUNT.




$$
