000
CDUS43 KDMX 110629 RRA
CLIOTM

CLIMATE REPORT
NATIONAL WEATHER SERVICE DES MOINES IA
127 AM CDT FRI AUG 11 2017


...................................

...THE OTTUMWA IA CLIMATE SUMMARY FOR AUGUST 10 2017...

CLIMATE NORMAL PERIOD 1981 TO 2010
CLIMATE RECORD PERIOD 1920 TO 2017


WEATHER ITEM   OBSERVED TIME   RECORD YEAR NORMAL DEPARTURE LAST
                VALUE   (LST)  VALUE       VALUE  FROM      YEAR
                                                  NORMAL
..................................................................
TEMPERATURE (F)
 YESTERDAY
  MAXIMUM         90    219 PM 108    1934  84      6       90
  MINIMUM         65    610 AM  48    1903  63      2       68
  AVERAGE         78                        74      4       79

PRECIPITATION (IN)
  YESTERDAY        0.29          1.70 1921   0.15   0.14     0.00
                                      2000
  MONTH TO DATE    0.66                      1.44  -0.78     1.08
  SINCE JUN 1      2.27                     11.00  -8.73     7.55
  SINCE JAN 1     14.73                     23.53  -8.80    16.46

DEGREE DAYS
 HEATING
  YESTERDAY        0                         0      0        0
  MONTH TO DATE    0                         0      0        0
  SINCE JUN 1     10                        23    -13        8
  SINCE JUL 1      0                         2     -2        7

 COOLING
  YESTERDAY       13                         9      4       14
  MONTH TO DATE   57                        92    -35       97
  SINCE JUN 1    741                       607    134      645
  SINCE JAN 1    802                       671    131      716
..................................................................


WIND (MPH)
  HIGHEST WIND SPEED    33   HIGHEST WIND DIRECTION     W (270)
  HIGHEST GUST SPEED    50   HIGHEST GUST DIRECTION     W (270)
  AVERAGE WIND SPEED     6.6


SKY COVER
  POSSIBLE SUNSHINE  MM
  AVERAGE SKY COVER 0.4


WEATHER CONDITIONS
 THE FOLLOWING WEATHER WAS RECORDED YESTERDAY.
  THUNDERSTORM
  HEAVY RAIN
  LIGHT RAIN
  FOG


RELATIVE HUMIDITY (PERCENT)
 HIGHEST    93           600 AM
 LOWEST     46           100 PM
 AVERAGE    70

..........................................................


THE OTTUMWA IA CLIMATE NORMALS FOR TODAY
                         NORMAL    RECORD    YEAR
 MAXIMUM TEMPERATURE (F)   84       103      1941
 MINIMUM TEMPERATURE (F)   63        49      2012


SUNRISE AND SUNSET
AUGUST 11 2017........SUNRISE   616 AM CDT   SUNSET   813 PM CDT
AUGUST 12 2017........SUNRISE   617 AM CDT   SUNSET   812 PM CDT


-  INDICATES NEGATIVE NUMBERS.
R  INDICATES RECORD WAS SET OR TIED.
MM INDICATES DATA IS MISSING.
T  INDICATES TRACE AMOUNT.




$$
