000
CDUS43 KDMX 220642 RRA
CLIOTM

CLIMATE REPORT
NATIONAL WEATHER SERVICE DES MOINES IA
140 AM CDT SAT APR 22 2017

...................................

...THE OTTUMWA IA CLIMATE SUMMARY FOR APRIL 21 2017...

CLIMATE NORMAL PERIOD 1981 TO 2010
CLIMATE RECORD PERIOD 1920 TO 2017


WEATHER ITEM   OBSERVED TIME   RECORD YEAR NORMAL DEPARTURE LAST
                VALUE   (LST)  VALUE       VALUE  FROM      YEAR
                                                  NORMAL
..................................................................
TEMPERATURE (F)
 YESTERDAY
  MAXIMUM         59    232 PM  89    1980  64     -5       62
  MINIMUM         40    522 AM  25    1934  42     -2       47
  AVERAGE         50                        53     -3       55

PRECIPITATION (IN)
  YESTERDAY        0.00          1.38 1972   0.12  -0.12     0.15
  MONTH TO DATE    3.10                      2.21   0.89     0.88
  SINCE MAR 1      6.30                      4.45   1.85     2.10
  SINCE JAN 1      7.89                      6.63   1.26     3.40

DEGREE DAYS
 HEATING
  YESTERDAY       15                        13      2       10
  MONTH TO DATE  188                       338   -150      317
  SINCE MAR 1    915                      1149   -234      932
  SINCE JUL 1   4722                      6034  -1312     4986

 COOLING
  YESTERDAY        0                         1     -1        0
  MONTH TO DATE   14                         1     13        3
  SINCE MAR 1     14                         2     12        3
  SINCE JAN 1     14                         2     12        3
..................................................................


WIND (MPH)
  HIGHEST WIND SPEED    18   HIGHEST WIND DIRECTION    NE (60)
  HIGHEST GUST SPEED    24   HIGHEST GUST DIRECTION     E (70)
  AVERAGE WIND SPEED    10.1


SKY COVER
  POSSIBLE SUNSHINE  MM
  AVERAGE SKY COVER 0.0


WEATHER CONDITIONS
 THE FOLLOWING WEATHER WAS RECORDED YESTERDAY.
  NO SIGNIFICANT WEATHER WAS OBSERVED.


RELATIVE HUMIDITY (PERCENT)
 HIGHEST    93           300 AM
 LOWEST     40           100 PM
 AVERAGE    67

..........................................................


THE OTTUMWA IA CLIMATE NORMALS FOR TODAY
                         NORMAL    RECORD    YEAR
 MAXIMUM TEMPERATURE (F)   65        89      1980
 MINIMUM TEMPERATURE (F)   42        25      1936


SUNRISE AND SUNSET
APRIL 22 2017.........SUNRISE   620 AM CDT   SUNSET   757 PM CDT
APRIL 23 2017.........SUNRISE   618 AM CDT   SUNSET   759 PM CDT


-  INDICATES NEGATIVE NUMBERS.
R  INDICATES RECORD WAS SET OR TIED.
MM INDICATES DATA IS MISSING.
T  INDICATES TRACE AMOUNT.




$$
