000
CDUS43 KDMX 230734 RRA
CLIOTM

CLIMATE REPORT
NATIONAL WEATHER SERVICE DES MOINES IA
132 AM CST MON FEB 23 2015


...................................

...THE OTTUMWA IA CLIMATE SUMMARY FOR FEBRUARY 22 2015...

CLIMATE NORMAL PERIOD 1981 TO 2010
CLIMATE RECORD PERIOD 1920 TO 2015


WEATHER ITEM   OBSERVED TIME   RECORD YEAR NORMAL DEPARTURE LAST
                VALUE   (LST)  VALUE       VALUE  FROM      YEAR
                                                  NORMAL
..................................................................
TEMPERATURE (F)
 YESTERDAY
  MAXIMUM         16    145 PM  66    1930  39    -23       36
  MINIMUM         -2   1153 PM  -4    1929  20    -22       21
  AVERAGE          7                        30    -23       29

PRECIPITATION (IN)
  YESTERDAY        0.00          1.60 1922   0.06  -0.06     0.00
  MONTH TO DATE    0.21                      0.90  -0.69     2.22
  SINCE DEC 1      2.13                      3.17  -1.04     3.32
  SINCE JAN 1      1.15                      1.80  -0.65     2.66

DEGREE DAYS
 HEATING
  YESTERDAY       58                        36     22       36
  MONTH TO DATE 1025                       857    168     1054
  SINCE DEC 1   3304                      3381    -77     3889
  SINCE JUL 1   4812                      4679    133     5219

 COOLING
  YESTERDAY        0                         0      0        0
  MONTH TO DATE    0                         0      0        0
  SINCE DEC 1      0                         0      0        0
  SINCE JAN 1      0                         0      0        0
..................................................................


WIND (MPH)
  HIGHEST WIND SPEED    25   HIGHEST WIND DIRECTION     N (340)
  HIGHEST GUST SPEED    33   HIGHEST GUST DIRECTION     N (350)
  AVERAGE WIND SPEED    16.8


SKY COVER
  POSSIBLE SUNSHINE  MM
  AVERAGE SKY COVER 0.2


WEATHER CONDITIONS
 THE FOLLOWING WEATHER WAS RECORDED YESTERDAY.
  NO SIGNIFICANT WEATHER WAS OBSERVED.


RELATIVE HUMIDITY (PERCENT)
 HIGHEST    73          1200 AM
 LOWEST     40           200 PM
 AVERAGE    57

..........................................................


THE OTTUMWA IA CLIMATE NORMALS FOR TODAY
                         NORMAL    RECORD    YEAR
 MAXIMUM TEMPERATURE (F)   39        66      1930
 MINIMUM TEMPERATURE (F)   21        -8      1989


SUNRISE AND SUNSET
FEBRUARY 23 2015......SUNRISE   653 AM CST   SUNSET   553 PM CST
FEBRUARY 24 2015......SUNRISE   652 AM CST   SUNSET   555 PM CST


-  INDICATES NEGATIVE NUMBERS.
R  INDICATES RECORD WAS SET OR TIED.
MM INDICATES DATA IS MISSING.
T  INDICATES TRACE AMOUNT.




$$
