000
CDUS43 KDMX 110709 RRB
CLIOTM

CLIMATE REPORT
NATIONAL WEATHER SERVICE DES MOINES IA
106 AM CST SAT FEB 11 2017

...................................

...THE OTTUMWA IA CLIMATE SUMMARY FOR FEBRUARY 10 2017...

CLIMATE NORMAL PERIOD 1981 TO 2010
CLIMATE RECORD PERIOD 1920 TO 2017


WEATHER ITEM   OBSERVED TIME   RECORD YEAR NORMAL DEPARTURE LAST
                VALUE   (LST)  VALUE       VALUE  FROM      YEAR
                                                  NORMAL
..................................................................
TEMPERATURE (F)
 YESTERDAY
  MAXIMUM         58    402 PM  68    1943  35     23       19
  MINIMUM         19   1256 AM -13    2014  16      3       10
  AVERAGE         39                        25     14       15

PRECIPITATION (IN)
  YESTERDAY        0.00          0.71 1960   0.04  -0.04     0.02
  MONTH TO DATE    0.06                      0.34  -0.28     0.34
  SINCE DEC 1      2.58                      2.61  -0.03     4.87
  SINCE JAN 1      1.21                      1.24  -0.03     0.84

DEGREE DAYS
 HEATING
  YESTERDAY       26                        40    -14       50
  MONTH TO DATE  366                       407    -41      379
  SINCE DEC 1   2661                      2931   -270     2445
  SINCE JUL 1   3454                      4229   -775     3456

 COOLING
  YESTERDAY        0                         0      0        0
  MONTH TO DATE    0                         0      0        0
  SINCE DEC 1      0                         0      0        0
  SINCE JAN 1      0                         0      0        0
..................................................................


WIND (MPH)
  HIGHEST WIND SPEED    23   HIGHEST WIND DIRECTION    SW (220)
  HIGHEST GUST SPEED    31   HIGHEST GUST DIRECTION    SW (220)
  AVERAGE WIND SPEED    12.9


SKY COVER
  POSSIBLE SUNSHINE  MM
  AVERAGE SKY COVER 0.0


WEATHER CONDITIONS
 THE FOLLOWING WEATHER WAS RECORDED YESTERDAY.
  NO SIGNIFICANT WEATHER WAS OBSERVED.


RELATIVE HUMIDITY (PERCENT)
 HIGHEST    79          1100 PM
 LOWEST     47           300 PM
 AVERAGE    63

..........................................................


THE OTTUMWA IA CLIMATE NORMALS FOR TODAY
                         NORMAL    RECORD    YEAR
 MAXIMUM TEMPERATURE (F)   35        62      1987
 MINIMUM TEMPERATURE (F)   16       -17      2014
                                             1936


SUNRISE AND SUNSET
FEBRUARY 11 2017......SUNRISE   709 AM CST   SUNSET   540 PM CST
FEBRUARY 12 2017......SUNRISE   708 AM CST   SUNSET   541 PM CST


-  INDICATES NEGATIVE NUMBERS.
R  INDICATES RECORD WAS SET OR TIED.
MM INDICATES DATA IS MISSING.
T  INDICATES TRACE AMOUNT.




$$
