000
CDUS43 KDMX 050649
CLIOTM

CLIMATE REPORT
NATIONAL WEATHER SERVICE DES MOINES IA
1242 AM CST TUE DEC 5 2017

...................................

...THE OTTUMWA IA CLIMATE SUMMARY FOR DECEMBER 4 2017...

CLIMATE NORMAL PERIOD 1981 TO 2010
CLIMATE RECORD PERIOD 1920 TO 2017

WEATHER ITEM   OBSERVED TIME   RECORD YEAR NORMAL DEPARTURE LAST
                VALUE   (LST)  VALUE       VALUE  FROM      YEAR
                                                  NORMAL
..................................................................
TEMPERATURE (F)
 YESTERDAY
  MAXIMUM         69    401 PM  71    1998  39     30       37
  MINIMUM         34   1159 PM   1    2005  21     13       33
                                      1991
  AVERAGE         52                        30     22       35

PRECIPITATION (IN)
  YESTERDAY        0.34          1.30 1924   0.06   0.28     0.52
  MONTH TO DATE    0.34                      0.23   0.11     0.52
  SINCE DEC 1      0.34                      0.23   0.11     0.52
  SINCE JAN 1     23.38                     35.93 -12.55    24.44

DEGREE DAYS
 HEATING
  YESTERDAY       13                        35    -22       30
  MONTH TO DATE   80                       138    -58      111
  SINCE DEC 1     80                       138    -58      111
  SINCE JUL 1   1204                      1436   -232      904

 COOLING
  YESTERDAY        0                         0      0        0
  MONTH TO DATE    0                         0      0        0
  SINCE DEC 1      0                         0      0        0
  SINCE JAN 1   1120                       938    182     1122
..................................................................

WIND (MPH)
  HIGHEST WIND SPEED    36   HIGHEST WIND DIRECTION     W (280)
  HIGHEST GUST SPEED    46   HIGHEST GUST DIRECTION     W (280)
  AVERAGE WIND SPEED    21.9

SKY COVER
  POSSIBLE SUNSHINE  MM
  AVERAGE SKY COVER 0.7

WEATHER CONDITIONS
 THE FOLLOWING WEATHER WAS RECORDED YESTERDAY.
  THUNDERSTORM
  LIGHT RAIN
  FOG
  HAZE

RELATIVE HUMIDITY (PERCENT)
 HIGHEST    72          1000 AM
 LOWEST     59          1100 PM
 AVERAGE    66
..........................................................

THE OTTUMWA IA CLIMATE NORMALS FOR TODAY
                         NORMAL    RECORD    YEAR
 MAXIMUM TEMPERATURE (F)   38        68      2001
 MINIMUM TEMPERATURE (F)   20        -5      2005

SUNRISE AND SUNSET
DECEMBER  5 2017......SUNRISE   720 AM CST   SUNSET   441 PM CST
DECEMBER  6 2017......SUNRISE   721 AM CST   SUNSET   441 PM CST

-  INDICATES NEGATIVE NUMBERS.
R  INDICATES RECORD WAS SET OR TIED.
MM INDICATES DATA IS MISSING.
T  INDICATES TRACE AMOUNT.

$$

FAB
