000
CDUS43 KDMX 150630 RRC
CLIOTM

CLIMATE REPORT
NATIONAL WEATHER SERVICE DES MOINES IA
128 AM CDT FRI JUL 15 2016

...................................

...THE OTTUMWA IA CLIMATE SUMMARY FOR JULY 14 2016...

CLIMATE NORMAL PERIOD 1981 TO 2010
CLIMATE RECORD PERIOD 1920 TO 2016


WEATHER ITEM   OBSERVED TIME   RECORD YEAR NORMAL DEPARTURE LAST
                VALUE   (LST)  VALUE       VALUE  FROM      YEAR
                                                  NORMAL
..................................................................
TEMPERATURE (F)
 YESTERDAY
  MAXIMUM         85    239 PM 114    1936  86     -1       88
  MINIMUM         60    323 AM  48    1926  65     -5       71
  AVERAGE         73                        75     -2       80

PRECIPITATION (IN)
  YESTERDAY        0.00          2.32 1899   0.15  -0.15     0.00
  MONTH TO DATE    2.69                      2.14   0.55     2.42
  SINCE JUN 1      5.27                      7.23  -1.96    10.20
  SINCE JAN 1     13.31                     19.76  -6.45    20.07

DEGREE DAYS
 HEATING
  YESTERDAY        0                         0      0        0
  MONTH TO DATE    7                         0      7        6
  SINCE JUN 1      8                        21    -13       16
  SINCE JUL 1      7                         0      7        6

 COOLING
  YESTERDAY        8                        10     -2       15
  MONTH TO DATE  107                       140    -33       93
  SINCE JUN 1    381                       341     40      297
  SINCE JAN 1    452                       405     47      358
..................................................................


WIND (MPH)
  HIGHEST WIND SPEED    15   HIGHEST WIND DIRECTION    NW (300)
  HIGHEST GUST SPEED    20   HIGHEST GUST DIRECTION     W (290)
  AVERAGE WIND SPEED     7.7


SKY COVER
  POSSIBLE SUNSHINE  MM
  AVERAGE SKY COVER 0.0


WEATHER CONDITIONS
 THE FOLLOWING WEATHER WAS RECORDED YESTERDAY.
  FOG
  FOG W/VISIBILITY <= 1/4 MILE


RELATIVE HUMIDITY (PERCENT)
 HIGHEST   100           300 AM
 LOWEST     48           200 PM
 AVERAGE    74

..........................................................


THE OTTUMWA IA CLIMATE NORMALS FOR TODAY
                         NORMAL    RECORD    YEAR
 MAXIMUM TEMPERATURE (F)   86       115      1936
 MINIMUM TEMPERATURE (F)   65        47      1930


SUNRISE AND SUNSET
JULY 15 2016..........SUNRISE   551 AM CDT   SUNSET   840 PM CDT
JULY 16 2016..........SUNRISE   552 AM CDT   SUNSET   840 PM CDT


-  INDICATES NEGATIVE NUMBERS.
R  INDICATES RECORD WAS SET OR TIED.
MM INDICATES DATA IS MISSING.
T  INDICATES TRACE AMOUNT.




$$
