000
CDUS43 KDMX 130638 RRB
CLIOTM

CLIMATE REPORT
NATIONAL WEATHER SERVICE DES MOINES IA
137 AM CDT TUE JUN 13 2017


...................................

...THE OTTUMWA IA CLIMATE SUMMARY FOR JUNE 12 2017...

CLIMATE NORMAL PERIOD 1981 TO 2010
CLIMATE RECORD PERIOD 1920 TO 2017


WEATHER ITEM   OBSERVED TIME   RECORD YEAR NORMAL DEPARTURE LAST
                VALUE   (LST)  VALUE       VALUE  FROM      YEAR
                                                  NORMAL
..................................................................
TEMPERATURE (F)
 YESTERDAY
  MAXIMUM         92    421 PM  96    1952  81     11       90
  MINIMUM         72    436 AM  45    1903  60     12       72
  AVERAGE         82                        70     12       81

PRECIPITATION (IN)
  YESTERDAY        0.00          3.06 1997   0.18  -0.18     0.00
  MONTH TO DATE    0.01                      2.05  -2.04     0.32
  SINCE JUN 1      0.01                      2.05  -2.04     0.32
  SINCE JAN 1     12.47                     14.58  -2.11     9.23

DEGREE DAYS
 HEATING
  YESTERDAY        0                         1     -1        0
  MONTH TO DATE    0                        16    -16        1
  SINCE JUN 1      0                        16    -16        1
  SINCE JUL 1   5008                      6312  -1304     5265

 COOLING
  YESTERDAY       17                         6     11       16
  MONTH TO DATE  109                        56     53       88
  SINCE JUN 1    109                        56     53       88
  SINCE JAN 1    170                       120     50      159
..................................................................


WIND (MPH)
  HIGHEST WIND SPEED    21   HIGHEST WIND DIRECTION     S (190)
  HIGHEST GUST SPEED    25   HIGHEST GUST DIRECTION     S (200)
  AVERAGE WIND SPEED    11.1


SKY COVER
  POSSIBLE SUNSHINE  MM
  AVERAGE SKY COVER 0.1


WEATHER CONDITIONS
 THE FOLLOWING WEATHER WAS RECORDED YESTERDAY.
  NO SIGNIFICANT WEATHER WAS OBSERVED.


RELATIVE HUMIDITY (PERCENT)
 HIGHEST    79           300 AM
 LOWEST     49           300 PM
 AVERAGE    64

..........................................................


THE OTTUMWA IA CLIMATE NORMALS FOR TODAY
                         NORMAL    RECORD    YEAR
 MAXIMUM TEMPERATURE (F)   81        98      1987
 MINIMUM TEMPERATURE (F)   60        44      1933


SUNRISE AND SUNSET
JUNE 13 2017..........SUNRISE   537 AM CDT   SUNSET   843 PM CDT
JUNE 14 2017..........SUNRISE   537 AM CDT   SUNSET   844 PM CDT


-  INDICATES NEGATIVE NUMBERS.
R  INDICATES RECORD WAS SET OR TIED.
MM INDICATES DATA IS MISSING.
T  INDICATES TRACE AMOUNT.




$$
