000
CDUS43 KDMX 080630 RRA
CLIOTM

CLIMATE REPORT
NATIONAL WEATHER SERVICE DES MOINES IA
128 AM CDT TUE APR 8 2014


...................................

...THE OTTUMWA IA CLIMATE SUMMARY FOR APRIL 7 2014...

CLIMATE NORMAL PERIOD 1981 TO 2010
CLIMATE RECORD PERIOD 1920 TO 2014


WEATHER ITEM   OBSERVED TIME   RECORD YEAR NORMAL DEPARTURE LAST
                VALUE   (LST)  VALUE       VALUE  FROM      YEAR
                                                  NORMAL
..................................................................
TEMPERATURE (F)
 YESTERDAY
  MAXIMUM         64    149 PM  79    1991  59      5       69
  MINIMUM         37    557 AM  16    2007  36      1       31
  AVERAGE         51                        48      3       50

PRECIPITATION (IN)
  YESTERDAY        0.01          0.99 1946   0.10  -0.09     0.01
  MONTH TO DATE    0.19                      0.65  -0.46     0.01
  SINCE MAR 1      0.72                      2.89  -2.17     2.47
  SINCE JAN 1      2.05                      5.07  -3.02     5.93

DEGREE DAYS
 HEATING
  YESTERDAY       14                        17     -3       15
  MONTH TO DATE  156                       130     26      160
  SINCE MAR 1   1135                       941    194     1171
  SINCE JUL 1   6647                      5826    821     5698

 COOLING
  YESTERDAY        0                         0      0        0
  MONTH TO DATE    0                         0      0        0
  SINCE MAR 1      0                         1     -1        0
  SINCE JAN 1      0                         1     -1        0
..................................................................


WIND (MPH)
  HIGHEST WIND SPEED    26   HIGHEST WIND DIRECTION     N (340)
  HIGHEST GUST SPEED    32   HIGHEST GUST DIRECTION     N (350)
  AVERAGE WIND SPEED     9.2


SKY COVER
  POSSIBLE SUNSHINE  MM
  AVERAGE SKY COVER 0.4


WEATHER CONDITIONS
 THE FOLLOWING WEATHER WAS RECORDED YESTERDAY.
  LIGHT RAIN


RELATIVE HUMIDITY (PERCENT)
 HIGHEST    86          1000 PM
 LOWEST     34          1200 PM
 AVERAGE    60

..........................................................


THE OTTUMWA IA CLIMATE NORMALS FOR TODAY
                         NORMAL    RECORD    YEAR
 MAXIMUM TEMPERATURE (F)   60        89      1931
 MINIMUM TEMPERATURE (F)   37        18      1972


SUNRISE AND SUNSET
APRIL  8 2014.........SUNRISE   642 AM CDT   SUNSET   742 PM CDT
APRIL  9 2014.........SUNRISE   640 AM CDT   SUNSET   743 PM CDT


-  INDICATES NEGATIVE NUMBERS.
R  INDICATES RECORD WAS SET OR TIED.
MM INDICATES DATA IS MISSING.
T  INDICATES TRACE AMOUNT.




$$
