000
CDUS43 KDMX 090703
CLIOTM

CLIMATE REPORT
NATIONAL WEATHER SERVICE DES MOINES IA
1249 AM CST TUE JAN 9 2018

...................................

...THE OTTUMWA IA CLIMATE SUMMARY FOR JANUARY 8 2018...

CLIMATE NORMAL PERIOD 1981 TO 2010
CLIMATE RECORD PERIOD 1920 TO 2018

WEATHER ITEM   OBSERVED TIME   RECORD YEAR NORMAL DEPARTURE LAST
                VALUE   (LST)  VALUE       VALUE  FROM      YEAR
                                                  NORMAL
..................................................................
TEMPERATURE (F)
 YESTERDAY
  MAXIMUM         41    300 PM  69    2003  31     10       24
  MINIMUM         40    200 PM -17    1942  13     27       -2
  AVERAGE         41                        22     19       11

PRECIPITATION (IN)
  YESTERDAY        0.00          1.18 1937   0.04  -0.04     0.00
  MONTH TO DATE    T                         0.27  -0.27     0.11
  SINCE DEC 1      0.70                      1.64  -0.94     1.48
  SINCE JAN 1      T                         0.27  -0.27     0.11

DEGREE DAYS
 HEATING
  YESTERDAY       24                        43    -19       54
  MONTH TO DATE  282                       338    -56      386
  SINCE DEC 1   1477                      1545    -68     1542
  SINCE JUL 1   2604                      2843   -239     2335

 COOLING
  YESTERDAY        0                         0      0        0
  MONTH TO DATE    0                         0      0        0
  SINCE DEC 1      0                         0      0        0
  SINCE JAN 1      0                         0      0        0
..................................................................

WIND (MPH)
  HIGHEST WIND SPEED     9   HIGHEST WIND DIRECTION    SW (240)
  HIGHEST GUST SPEED    MM   HIGHEST GUST DIRECTION    MM
  AVERAGE WIND SPEED     9.2

SKY COVER
  POSSIBLE SUNSHINE   0 PERCENT
  AVERAGE SKY COVER 0.0

WEATHER CONDITIONS
 THE FOLLOWING WEATHER WAS RECORDED YESTERDAY.
  NO SIGNIFICANT WEATHER WAS OBSERVED.

RELATIVE HUMIDITY (PERCENT)
 HIGHEST     0          1200 AM
 LOWEST      0          1200 AM
 AVERAGE     0
..........................................................

THE OTTUMWA IA CLIMATE NORMALS FOR TODAY
                         NORMAL    RECORD    YEAR
 MAXIMUM TEMPERATURE (F)   31        62      1939
 MINIMUM TEMPERATURE (F)   13       -17      1982

SUNRISE AND SUNSET
JANUARY  9 2018.......SUNRISE   735 AM CST   SUNSET   500 PM CST
JANUARY 10 2018.......SUNRISE   734 AM CST   SUNSET   501 PM CST

-  INDICATES NEGATIVE NUMBERS.
R  INDICATES RECORD WAS SET OR TIED.
MM INDICATES DATA IS MISSING.
T  INDICATES TRACE AMOUNT.

$$

FAB
