000
CDUS43 KDMX 150655
CLIOTM

CLIMATE REPORT
NATIONAL WEATHER SERVICE DES MOINES IA
141 AM CDT SAT APR 15 2017

...................................

...THE OTTUMWA IA CLIMATE SUMMARY FOR APRIL 14 2017...

CLIMATE NORMAL PERIOD 1981 TO 2010
CLIMATE RECORD PERIOD 1920 TO 2017

WEATHER ITEM   OBSERVED TIME   RECORD YEAR NORMAL DEPARTURE LAST
                VALUE   (LST)  VALUE       VALUE  FROM      YEAR
                                                  NORMAL
..................................................................
TEMPERATURE (F)
 YESTERDAY
  MAXIMUM         75    114 PM  88    2003  62     13       70
  MINIMUM         52    559 AM  22    1950  39     13       42
  AVERAGE         64                        50     14       56

PRECIPITATION (IN)
  YESTERDAY        0.11          1.54 1960   0.11   0.00     0.00
  MONTH TO DATE    2.19                      1.39   0.80     0.46
  SINCE MAR 1      5.39                      3.63   1.76     1.68
  SINCE JAN 1      6.98                      5.81   1.17     2.98

DEGREE DAYS
 HEATING
  YESTERDAY        1                        15    -14        9
  MONTH TO DATE  155                       242    -87      291
  SINCE MAR 1    882                      1053   -171      906
  SINCE JUL 1   4689                      5938  -1249     4960

 COOLING
  YESTERDAY        0                         0      0        0
  MONTH TO DATE    6                         0      6        0
  SINCE MAR 1      6                         1      5        0
  SINCE JAN 1      6                         1      5        0
..................................................................

WIND (MPH)
  HIGHEST WIND SPEED    31   HIGHEST WIND DIRECTION     S (180)
  HIGHEST GUST SPEED    37   HIGHEST GUST DIRECTION     S (190)
  AVERAGE WIND SPEED    10.9

SKY COVER
  POSSIBLE SUNSHINE  MM
  AVERAGE SKY COVER 0.5

WEATHER CONDITIONS
 THE FOLLOWING WEATHER WAS RECORDED YESTERDAY.
  THUNDERSTORM
  HEAVY RAIN
  LIGHT RAIN
  FOG
  HAZE

RELATIVE HUMIDITY (PERCENT)
 HIGHEST   100           300 AM
 LOWEST     53           500 PM
 AVERAGE    77
..........................................................

THE OTTUMWA IA CLIMATE NORMALS FOR TODAY
                         NORMAL    RECORD    YEAR
 MAXIMUM TEMPERATURE (F)   62        89      2002
 MINIMUM TEMPERATURE (F)   39        19      1928

SUNRISE AND SUNSET
APRIL 15 2017.........SUNRISE   630 AM CDT   SUNSET   750 PM CDT
APRIL 16 2017.........SUNRISE   629 AM CDT   SUNSET   751 PM CDT

-  INDICATES NEGATIVE NUMBERS.
R  INDICATES RECORD WAS SET OR TIED.
MM INDICATES DATA IS MISSING.
T  INDICATES TRACE AMOUNT.

$$

FAB
