000
CDUS43 KDMX 130634
CLIOTM

CLIMATE REPORT
NATIONAL WEATHER SERVICE DES MOINES IA
1231 AM CST MON FEB 13 2017

...................................

...THE OTTUMWA IA CLIMATE SUMMARY FOR FEBRUARY 12 2017...

CLIMATE NORMAL PERIOD 1981 TO 2010
CLIMATE RECORD PERIOD 1920 TO 2017


WEATHER ITEM   OBSERVED TIME   RECORD YEAR NORMAL DEPARTURE LAST
                VALUE   (LST)  VALUE       VALUE  FROM      YEAR
                                                  NORMAL
..................................................................
TEMPERATURE (F)
 YESTERDAY
  MAXIMUM         49    336 PM  71    1990  35     14       22
  MINIMUM         25   1147 PM -13    1988  17      8        6
  AVERAGE         37                        26     11       14

PRECIPITATION (IN)
  YESTERDAY        0.00          1.12 1906   0.04  -0.04      T
  MONTH TO DATE    0.06                      0.42  -0.36     0.41
  SINCE DEC 1      2.58                      2.69  -0.11     4.94
  SINCE JAN 1      1.21                      1.32  -0.11     0.91

DEGREE DAYS
 HEATING
  YESTERDAY       28                        39    -11       51
  MONTH TO DATE  414                       485    -71      481
  SINCE DEC 1   2709                      3009   -300     2547
  SINCE JUL 1   3502                      4307   -805     3558

 COOLING
  YESTERDAY        0                         0      0        0
  MONTH TO DATE    0                         0      0        0
  SINCE DEC 1      0                         0      0        0
  SINCE JAN 1      0                         0      0        0
..................................................................


WIND (MPH)
  HIGHEST WIND SPEED    33   HIGHEST WIND DIRECTION    NW (320)
  HIGHEST GUST SPEED    40   HIGHEST GUST DIRECTION    NW (320)
  AVERAGE WIND SPEED    15.6


SKY COVER
  POSSIBLE SUNSHINE  MM
  AVERAGE SKY COVER 0.2


WEATHER CONDITIONS
 THE FOLLOWING WEATHER WAS RECORDED YESTERDAY.
  NO SIGNIFICANT WEATHER WAS OBSERVED.


RELATIVE HUMIDITY (PERCENT)
 HIGHEST   100           600 AM
 LOWEST     29           100 PM
 AVERAGE    65

..........................................................


THE OTTUMWA IA CLIMATE NORMALS FOR TODAY
                         NORMAL    RECORD    YEAR
 MAXIMUM TEMPERATURE (F)   35        65      1938
 MINIMUM TEMPERATURE (F)   17        -7      1986


SUNRISE AND SUNSET
FEBRUARY 13 2017......SUNRISE   706 AM CST   SUNSET   542 PM CST
FEBRUARY 14 2017......SUNRISE   705 AM CST   SUNSET   543 PM CST


-  INDICATES NEGATIVE NUMBERS.
R  INDICATES RECORD WAS SET OR TIED.
MM INDICATES DATA IS MISSING.
T  INDICATES TRACE AMOUNT.




$$
