000
CDUS43 KDMX 250630
CLIOTM

CLIMATE REPORT
NATIONAL WEATHER SERVICE DES MOINES IA
127 AM CDT TUE AUG 25 2015

...................................

...THE OTTUMWA IA CLIMATE SUMMARY FOR AUGUST 24 2015...

CLIMATE NORMAL PERIOD 1981 TO 2010
CLIMATE RECORD PERIOD 1920 TO 2015


WEATHER ITEM   OBSERVED TIME   RECORD YEAR NORMAL DEPARTURE LAST
                VALUE   (LST)  VALUE       VALUE  FROM      YEAR
                                                  NORMAL
..................................................................
TEMPERATURE (F)
 YESTERDAY
  MAXIMUM         74    405 PM 107    1936  83     -9       91
  MINIMUM         50    552 AM  43    1942  61    -11       70
  AVERAGE         62                        72    -10       81

PRECIPITATION (IN)
  YESTERDAY        0.00          1.62 1962   0.15  -0.15     0.00
  MONTH TO DATE    1.19                      3.59  -2.40     3.74
  SINCE JUN 1     15.74                     13.15   2.59    17.01
  SINCE JAN 1     24.65                     25.68  -1.03    30.12

DEGREE DAYS
 HEATING
  YESTERDAY        3                         0      3        0
  MONTH TO DATE   10                         0     10        0
  SINCE JUN 1     26                        23      3       22
  SINCE JUL 1     16                         2     14       13

 COOLING
  YESTERDAY        0                         7     -7       16
  MONTH TO DATE  165                       208    -43      173
  SINCE JUN 1    645                       723    -78      551
  SINCE JAN 1    706                       787    -81      662
..................................................................


WIND (MPH)
  HIGHEST WIND SPEED    22   HIGHEST WIND DIRECTION    NW (310)
  HIGHEST GUST SPEED    30   HIGHEST GUST DIRECTION    NW (300)
  AVERAGE WIND SPEED    10.7


SKY COVER
  POSSIBLE SUNSHINE  MM
  AVERAGE SKY COVER 0.0


WEATHER CONDITIONS
 THE FOLLOWING WEATHER WAS RECORDED YESTERDAY.
  NO SIGNIFICANT WEATHER WAS OBSERVED.


RELATIVE HUMIDITY (PERCENT)
 HIGHEST    96          1200 AM
 LOWEST     41           100 PM
 AVERAGE    69

..........................................................


THE OTTUMWA IA CLIMATE NORMALS FOR TODAY
                         NORMAL    RECORD    YEAR
 MAXIMUM TEMPERATURE (F)   83       106      1936
 MINIMUM TEMPERATURE (F)   61        42      1934


SUNRISE AND SUNSET
AUGUST 25 2015........SUNRISE   629 AM CDT   SUNSET   754 PM CDT
AUGUST 26 2015........SUNRISE   630 AM CDT   SUNSET   752 PM CDT


-  INDICATES NEGATIVE NUMBERS.
R  INDICATES RECORD WAS SET OR TIED.
MM INDICATES DATA IS MISSING.
T  INDICATES TRACE AMOUNT.

$$

REV
