000
CDUS43 KDMX 010637 RRA
CLIOTM

CLIMATE REPORT
NATIONAL WEATHER SERVICE DES MOINES IA
134 AM CDT WED JUL 1 2015

...................................

...THE OTTUMWA IA CLIMATE SUMMARY FOR JUNE 30 2015...

CLIMATE NORMAL PERIOD 1981 TO 2010
CLIMATE RECORD PERIOD 1920 TO 2015


WEATHER ITEM   OBSERVED TIME   RECORD YEAR NORMAL DEPARTURE LAST
                VALUE   (LST)  VALUE       VALUE  FROM      YEAR
                                                  NORMAL
..................................................................
TEMPERATURE (F)
 YESTERDAY
  MAXIMUM         81    129 PM 100    1931  85     -4       84
  MINIMUM         64    410 AM  47    1943  64      0       65
  AVERAGE         73                        74     -1       75

PRECIPITATION (IN)
  YESTERDAY        0.00          1.55 1907   0.16  -0.16     0.32
  MONTH TO DATE    7.79                      5.09   2.70     8.02
  SINCE JUN 1      7.79                      5.09   2.70     8.02
  SINCE JAN 1     16.70                     17.62  -0.92    21.13

DEGREE DAYS
 HEATING
  YESTERDAY        0                         0      0        0
  MONTH TO DATE   10                        19     -9        9
  SINCE JUN 1     10                        21    -11        9
  SINCE JUL 1   6379                      6317     62     7107

 COOLING
  YESTERDAY        8                        10     -2       10
  MONTH TO DATE  204                       201      3      214
  SINCE JUN 1    204                       201      3      214
  SINCE JAN 1    265                       265      0      325
..................................................................


WIND (MPH)
  HIGHEST WIND SPEED    14   HIGHEST WIND DIRECTION    NW (330)
  HIGHEST GUST SPEED    17   HIGHEST GUST DIRECTION     N (340)
  AVERAGE WIND SPEED     6.5


SKY COVER
  POSSIBLE SUNSHINE  MM
  AVERAGE SKY COVER 0.0


WEATHER CONDITIONS
 THE FOLLOWING WEATHER WAS RECORDED YESTERDAY.
  FOG
  HAZE


RELATIVE HUMIDITY (PERCENT)
 HIGHEST   100           300 AM
 LOWEST     62           100 PM
 AVERAGE    81

..........................................................


THE OTTUMWA IA CLIMATE NORMALS FOR TODAY
                         NORMAL    RECORD    YEAR
 MAXIMUM TEMPERATURE (F)   85       103      1911
 MINIMUM TEMPERATURE (F)   64        49      1924


SUNRISE AND SUNSET
JULY  1 2015..........SUNRISE   541 AM CDT   SUNSET   846 PM CDT
JULY  2 2015..........SUNRISE   541 AM CDT   SUNSET   846 PM CDT


-  INDICATES NEGATIVE NUMBERS.
R  INDICATES RECORD WAS SET OR TIED.
MM INDICATES DATA IS MISSING.
T  INDICATES TRACE AMOUNT.




$$
