000
CDUS43 KDMX 110631
CLIOTM

CLIMATE REPORT
NATIONAL WEATHER SERVICE DES MOINES IA
129 AM CDT WED OCT 11 2017


...................................

...THE OTTUMWA IA CLIMATE SUMMARY FOR OCTOBER 10 2017...

CLIMATE NORMAL PERIOD 1981 TO 2010
CLIMATE RECORD PERIOD 1920 TO 2017


WEATHER ITEM   OBSERVED TIME   RECORD YEAR NORMAL DEPARTURE LAST
                VALUE   (LST)  VALUE       VALUE  FROM      YEAR
                                                  NORMAL
..................................................................
TEMPERATURE (F)
 YESTERDAY
  MAXIMUM         53    355 AM  89    1930  66    -13       68
  MINIMUM         47    958 AM  25    2009  43      4       46
                                      1925
  AVERAGE         50                        54     -4       57

PRECIPITATION (IN)
  YESTERDAY        0.28          1.43 1973   0.09   0.19     0.02
  MONTH TO DATE    2.08                      0.96   1.12     0.61
  SINCE SEP 1      5.75                      4.75   1.00     1.62
  SINCE JAN 1     21.59                     31.45  -9.86    22.81

DEGREE DAYS
 HEATING
  YESTERDAY       15                        11      4        8
  MONTH TO DATE   31                        95    -64       43
  SINCE SEP 1     68                       205   -137       76
  SINCE JUL 1     68                       216   -148       83

 COOLING
  YESTERDAY        0                         0      0        0
  MONTH TO DATE   23                         9     14       12
  SINCE SEP 1    192                       102     90      185
  SINCE JAN 1   1117                       936    181     1084
..................................................................


WIND (MPH)
  HIGHEST WIND SPEED    23   HIGHEST WIND DIRECTION    NE (30)
  HIGHEST GUST SPEED    29   HIGHEST GUST DIRECTION    NE (40)
  AVERAGE WIND SPEED    15.3


SKY COVER
  POSSIBLE SUNSHINE  MM
  AVERAGE SKY COVER 0.9


WEATHER CONDITIONS
 THE FOLLOWING WEATHER WAS RECORDED YESTERDAY.
  THUNDERSTORM
  HEAVY RAIN
  RAIN
  LIGHT RAIN
  FOG


RELATIVE HUMIDITY (PERCENT)
 HIGHEST    93           100 PM
 LOWEST     54          1200 AM
 AVERAGE    74

..........................................................


THE OTTUMWA IA CLIMATE NORMALS FOR TODAY
                         NORMAL    RECORD    YEAR
 MAXIMUM TEMPERATURE (F)   65        86      1962
 MINIMUM TEMPERATURE (F)   43        25      2009
                                             1987


SUNRISE AND SUNSET
OCTOBER 11 2017.......SUNRISE   717 AM CDT   SUNSET   635 PM CDT
OCTOBER 12 2017.......SUNRISE   718 AM CDT   SUNSET   633 PM CDT


-  INDICATES NEGATIVE NUMBERS.
R  INDICATES RECORD WAS SET OR TIED.
MM INDICATES DATA IS MISSING.
T  INDICATES TRACE AMOUNT.




$$
