000
CDUS43 KDMX 110639 RRA
CLIOTM

CLIMATE REPORT
NATIONAL WEATHER SERVICE DES MOINES IA
136 AM CDT FRI APR 11 2014

...................................

...THE OTTUMWA IA CLIMATE SUMMARY FOR APRIL 10 2014...

CLIMATE NORMAL PERIOD 1981 TO 2010
CLIMATE RECORD PERIOD 1920 TO 2014


WEATHER ITEM   OBSERVED TIME   RECORD YEAR NORMAL DEPARTURE LAST
                VALUE   (LST)  VALUE       VALUE  FROM      YEAR
                                                  NORMAL
..................................................................
TEMPERATURE (F)
 YESTERDAY
  MAXIMUM         65    420 PM  92    1930  60      5       47
  MINIMUM         44   1159 PM  19    1973  37      7       40
  AVERAGE         55                        49      6       44

PRECIPITATION (IN)
  YESTERDAY        0.00          1.78 2013   0.11  -0.11     1.78
  MONTH TO DATE    0.19                      0.96  -0.77     2.09
  SINCE MAR 1      0.72                      3.20  -2.48     4.55
  SINCE JAN 1      2.05                      5.38  -3.33     8.01

DEGREE DAYS
 HEATING
  YESTERDAY       10                        16     -6       21
  MONTH TO DATE  199                       180     19      186
  SINCE MAR 1   1178                       991    187     1197
  SINCE JUL 1   6690                      5876    814     5724

 COOLING
  YESTERDAY        0                         0      0        0
  MONTH TO DATE    0                         0      0        0
  SINCE MAR 1      0                         1     -1        0
  SINCE JAN 1      0                         1     -1        0
..................................................................


WIND (MPH)
  HIGHEST WIND SPEED    26   HIGHEST WIND DIRECTION     N (340)
  HIGHEST GUST SPEED    30   HIGHEST GUST DIRECTION     N (350)
  AVERAGE WIND SPEED    11.7


SKY COVER
  POSSIBLE SUNSHINE  MM
  AVERAGE SKY COVER 0.0


WEATHER CONDITIONS
 THE FOLLOWING WEATHER WAS RECORDED YESTERDAY.
  NO SIGNIFICANT WEATHER WAS OBSERVED.


RELATIVE HUMIDITY (PERCENT)
 HIGHEST    59           600 AM
 LOWEST     16           100 PM
 AVERAGE    38

..........................................................


THE OTTUMWA IA CLIMATE NORMALS FOR TODAY
                         NORMAL    RECORD    YEAR
 MAXIMUM TEMPERATURE (F)   61        89      1930
 MINIMUM TEMPERATURE (F)   38        20      1973


SUNRISE AND SUNSET
APRIL 11 2014.........SUNRISE   637 AM CDT   SUNSET   745 PM CDT
APRIL 12 2014.........SUNRISE   635 AM CDT   SUNSET   747 PM CDT


-  INDICATES NEGATIVE NUMBERS.
R  INDICATES RECORD WAS SET OR TIED.
MM INDICATES DATA IS MISSING.
T  INDICATES TRACE AMOUNT.




$$
