000
CDUS43 KDMX 150750 RRA
CLIOTM

CLIMATE REPORT
NATIONAL WEATHER SERVICE DES MOINES IA
231 AM CDT THU SEP 15 2016

...................................

...THE OTTUMWA IA CLIMATE SUMMARY FOR SEPTEMBER 14 2016...

CLIMATE NORMAL PERIOD 1981 TO 2010
CLIMATE RECORD PERIOD 1920 TO 2016

WEATHER ITEM   OBSERVED TIME   RECORD YEAR NORMAL DEPARTURE LAST
                VALUE   (LST)  VALUE       VALUE  FROM      YEAR
                                                  NORMAL
..................................................................
TEMPERATURE (F)
 YESTERDAY
  MAXIMUM         77    345 PM  99    1939  77      0       82
  MINIMUM         61   1151 PM  35    1923  54      7       57
  AVERAGE         69                        65      4       70

PRECIPITATION (IN)
  YESTERDAY        T             5.32 1992   0.13  -0.13     0.00
  MONTH TO DATE    0.78                      1.89  -1.11     1.82
  SINCE SEP 1      0.78                      1.89  -1.11     1.82
  SINCE JAN 1     21.97                     28.59  -6.62    27.53

DEGREE DAYS
 HEATING
  YESTERDAY        0                         3     -3        0
  MONTH TO DATE    4                        24    -20       20
  SINCE SEP 1      4                        24    -20       20
  SINCE JUL 1     11                        35    -24       42

 COOLING
  YESTERDAY        4                         3      1        5
  MONTH TO DATE   82                        63     19      133
  SINCE SEP 1     82                        63     19      133
  SINCE JAN 1    981                       897     84      861
..................................................................

WIND (MPH)
  HIGHEST WIND SPEED    12   HIGHEST WIND DIRECTION     E (80)
  HIGHEST GUST SPEED    17   HIGHEST GUST DIRECTION     E (70)
  AVERAGE WIND SPEED     5.8

SKY COVER
  POSSIBLE SUNSHINE  MM
  AVERAGE SKY COVER 0.5

WEATHER CONDITIONS
 THE FOLLOWING WEATHER WAS RECORDED YESTERDAY.
  NO SIGNIFICANT WEATHER WAS OBSERVED.

RELATIVE HUMIDITY (PERCENT)
 HIGHEST    97           400 AM
 LOWEST     54           200 PM
 AVERAGE    76
..........................................................

THE OTTUMWA IA CLIMATE NORMALS FOR TODAY
                         NORMAL    RECORD    YEAR
 MAXIMUM TEMPERATURE (F)   77        99      1939
 MINIMUM TEMPERATURE (F)   53        32      2007

SUNRISE AND SUNSET
SEPTEMBER 15 2016.....SUNRISE   651 AM CDT   SUNSET   718 PM CDT
SEPTEMBER 16 2016.....SUNRISE   652 AM CDT   SUNSET   716 PM CDT

-  INDICATES NEGATIVE NUMBERS.
R  INDICATES RECORD WAS SET OR TIED.
MM INDICATES DATA IS MISSING.
T  INDICATES TRACE AMOUNT.

$$

FAB
