000
CDUS43 KDMX 090642 RRD
CLIOTM

CLIMATE REPORT
NATIONAL WEATHER SERVICE DES MOINES IA
141 AM CDT SUN JUL 9 2017


...................................

...THE OTTUMWA IA CLIMATE SUMMARY FOR JULY 8 2017...

CLIMATE NORMAL PERIOD 1981 TO 2010
CLIMATE RECORD PERIOD 1920 TO 2017


WEATHER ITEM   OBSERVED TIME   RECORD YEAR NORMAL DEPARTURE LAST
                VALUE   (LST)  VALUE       VALUE  FROM      YEAR
                                                  NORMAL
..................................................................
TEMPERATURE (F)
 YESTERDAY
  MAXIMUM         89    327 PM 102    1936  86      3       86
  MINIMUM         60    242 AM  51    1931  65     -5       63
  AVERAGE         75                        75      0       75

PRECIPITATION (IN)
  YESTERDAY        0.00          1.63 1942   0.15  -0.15     0.00
  MONTH TO DATE    0.00                      1.27  -1.27     1.40
  SINCE JUN 1      0.97                      6.36  -5.39     3.98
  SINCE JAN 1     13.43                     18.89  -5.46    12.89

DEGREE DAYS
 HEATING
  YESTERDAY        0                         0      0        0
  MONTH TO DATE    0                         0      0        7
  SINCE JUN 1     10                        21    -11        8
  SINCE JUL 1      0                         0      0        7

 COOLING
  YESTERDAY       10                        10      0       10
  MONTH TO DATE   87                        80      7       49
  SINCE JUN 1    356                       281     75      323
  SINCE JAN 1    417                       345     72      394
..................................................................


WIND (MPH)
  HIGHEST WIND SPEED    14   HIGHEST WIND DIRECTION     W (270)
  HIGHEST GUST SPEED    17   HIGHEST GUST DIRECTION     W (270)
  AVERAGE WIND SPEED     6.1


SKY COVER
  POSSIBLE SUNSHINE  MM
  AVERAGE SKY COVER 0.1


WEATHER CONDITIONS
 THE FOLLOWING WEATHER WAS RECORDED YESTERDAY.
  NO SIGNIFICANT WEATHER WAS OBSERVED.


RELATIVE HUMIDITY (PERCENT)
 HIGHEST    93          1200 AM
 LOWEST     36           200 PM
 AVERAGE    65

..........................................................


THE OTTUMWA IA CLIMATE NORMALS FOR TODAY
                         NORMAL    RECORD    YEAR
 MAXIMUM TEMPERATURE (F)   86       102      1936
 MINIMUM TEMPERATURE (F)   65        52      1931


SUNRISE AND SUNSET
JULY  9 2017..........SUNRISE   546 AM CDT   SUNSET   844 PM CDT
JULY 10 2017..........SUNRISE   547 AM CDT   SUNSET   843 PM CDT


-  INDICATES NEGATIVE NUMBERS.
R  INDICATES RECORD WAS SET OR TIED.
MM INDICATES DATA IS MISSING.
T  INDICATES TRACE AMOUNT.




$$
