000
CDUS43 KDMX 050630 RRC
CLIOTM

CLIMATE REPORT
NATIONAL WEATHER SERVICE DES MOINES IA
128 AM CDT TUE SEP 5 2017


...................................

...THE OTTUMWA IA CLIMATE SUMMARY FOR SEPTEMBER 4 2017...

CLIMATE NORMAL PERIOD 1981 TO 2010
CLIMATE RECORD PERIOD 1920 TO 2017


WEATHER ITEM   OBSERVED TIME   RECORD YEAR NORMAL DEPARTURE LAST
                VALUE   (LST)  VALUE       VALUE  FROM      YEAR
                                                  NORMAL
..................................................................
TEMPERATURE (F)
 YESTERDAY
  MAXIMUM         81   1150 AM 103    1925  80      1       79
  MINIMUM         58   1157 PM  43    1974  58      0       56
  AVERAGE         70                        69      1       68

PRECIPITATION (IN)
  YESTERDAY        0.00          1.17 1971   0.14  -0.14     0.00
  MONTH TO DATE    T                         0.56  -0.56     0.00
  SINCE SEP 1      T                         0.56  -0.56     0.00
  SINCE JAN 1     15.84                     27.26 -11.42    21.19

DEGREE DAYS
 HEATING
  YESTERDAY        0                         1     -1        0
  MONTH TO DATE    2                         4     -2        0
  SINCE SEP 1      2                         4     -2        0
  SINCE JUL 1      2                        15    -13        7

 COOLING
  YESTERDAY        5                         5      0        3
  MONTH TO DATE   14                        22     -8        6
  SINCE SEP 1     14                        22     -8        6
  SINCE JAN 1    939                       856     83      905
..................................................................


WIND (MPH)
  HIGHEST WIND SPEED    21   HIGHEST WIND DIRECTION     N (340)
  HIGHEST GUST SPEED    27   HIGHEST GUST DIRECTION    NW (310)
  AVERAGE WIND SPEED    10.7


SKY COVER
  POSSIBLE SUNSHINE  MM
  AVERAGE SKY COVER 0.1


WEATHER CONDITIONS
 THE FOLLOWING WEATHER WAS RECORDED YESTERDAY.
  NO SIGNIFICANT WEATHER WAS OBSERVED.


RELATIVE HUMIDITY (PERCENT)
 HIGHEST    84           400 AM
 LOWEST     40           300 PM
 AVERAGE    62

..........................................................


THE OTTUMWA IA CLIMATE NORMALS FOR TODAY
                         NORMAL    RECORD    YEAR
 MAXIMUM TEMPERATURE (F)   80       107      1913
 MINIMUM TEMPERATURE (F)   58        42      1962


SUNRISE AND SUNSET
SEPTEMBER  5 2017.....SUNRISE   641 AM CDT   SUNSET   735 PM CDT
SEPTEMBER  6 2017.....SUNRISE   642 AM CDT   SUNSET   734 PM CDT


-  INDICATES NEGATIVE NUMBERS.
R  INDICATES RECORD WAS SET OR TIED.
MM INDICATES DATA IS MISSING.
T  INDICATES TRACE AMOUNT.




$$
