723
CDUS43 KDMX 220632 RRB
CLIOTM

CLIMATE REPORT
NATIONAL WEATHER SERVICE DES MOINES IA
130 AM CDT WED MAR 22 2017


...................................

...THE OTTUMWA IA CLIMATE SUMMARY FOR MARCH 21 2017...

CLIMATE NORMAL PERIOD 1981 TO 2010
CLIMATE RECORD PERIOD 1920 TO 2017


WEATHER ITEM   OBSERVED TIME   RECORD YEAR NORMAL DEPARTURE LAST
                VALUE   (LST)  VALUE       VALUE  FROM      YEAR
                                                  NORMAL
..................................................................
TEMPERATURE (F)
 YESTERDAY
  MAXIMUM         51    420 PM  88    1907  52     -1       59
  MINIMUM         32   1159 PM   4    1951  30      2       24
  AVERAGE         42                        41      1       42

PRECIPITATION (IN)
  YESTERDAY        0.14          1.22 1932   0.07   0.07     0.00
  MONTH TO DATE    0.52                      1.46  -0.94     0.68
  SINCE MAR 1      0.52                      1.46  -0.94     0.68
  SINCE JAN 1      2.11                      3.64  -1.53     1.98

DEGREE DAYS
 HEATING
  YESTERDAY       23                        24     -1       23
  MONTH TO DATE  544                       593    -49      425
  SINCE MAR 1    544                       593    -49      425
  SINCE JUL 1   4351                      5478  -1127     4479

 COOLING
  YESTERDAY        0                         0      0        0
  MONTH TO DATE    0                         0      0        0
  SINCE MAR 1      0                         0      0        0
  SINCE JAN 1      0                         0      0        0
..................................................................


WIND (MPH)
  HIGHEST WIND SPEED    31   HIGHEST WIND DIRECTION     N (350)
  HIGHEST GUST SPEED    36   HIGHEST GUST DIRECTION     N (350)
  AVERAGE WIND SPEED    11.5


SKY COVER
  POSSIBLE SUNSHINE  MM
  AVERAGE SKY COVER 0.4


WEATHER CONDITIONS
 THE FOLLOWING WEATHER WAS RECORDED YESTERDAY.
  LIGHT RAIN
  LIGHT SNOW
  FOG


RELATIVE HUMIDITY (PERCENT)
 HIGHEST    89           200 PM
 LOWEST     36           400 PM
 AVERAGE    63

..........................................................


THE OTTUMWA IA CLIMATE NORMALS FOR TODAY
                         NORMAL    RECORD    YEAR
 MAXIMUM TEMPERATURE (F)   52        85      1910
 MINIMUM TEMPERATURE (F)   31         4      1913


SUNRISE AND SUNSET
MARCH 22 2017.........SUNRISE   709 AM CDT   SUNSET   724 PM CDT
MARCH 23 2017.........SUNRISE   708 AM CDT   SUNSET   725 PM CDT


-  INDICATES NEGATIVE NUMBERS.
R  INDICATES RECORD WAS SET OR TIED.
MM INDICATES DATA IS MISSING.
T  INDICATES TRACE AMOUNT.




$$
