000
CDUS43 KDMX 240654
CLIOTM

CLIMATE REPORT
NATIONAL WEATHER SERVICE DES MOINES IA
1250 AM CST THU NOV 24 2016


...................................

...THE OTTUMWA IA CLIMATE SUMMARY FOR NOVEMBER 23 2016...

CLIMATE NORMAL PERIOD 1981 TO 2010
CLIMATE RECORD PERIOD 1920 TO 2016


WEATHER ITEM   OBSERVED TIME   RECORD YEAR NORMAL DEPARTURE LAST
                VALUE   (LST)  VALUE       VALUE  FROM      YEAR
                                                  NORMAL
..................................................................
TEMPERATURE (F)
 YESTERDAY
  MAXIMUM         46    330 AM  68    1966  45      1       48
  MINIMUM         37   1157 PM   1    1937  26     11       29
  AVERAGE         42                        35      7       39

PRECIPITATION (IN)
  YESTERDAY        0.07          1.57 1999   0.08  -0.01     0.00
  MONTH TO DATE    0.24                      1.89  -1.65     2.69
  SINCE SEP 1      2.26                      8.51  -6.25     8.35
  SINCE JAN 1     23.45                     35.21 -11.76    34.06

DEGREE DAYS
 HEATING
  YESTERDAY       23                        30     -7       26
  MONTH TO DATE  362                       550   -188      418
  SINCE SEP 1    612                      1063   -451      809
  SINCE JUL 1    619                      1074   -455      831

 COOLING
  YESTERDAY        0                         0      0        0
  MONTH TO DATE    5                         0      5        0
  SINCE SEP 1    223                       104    119      205
  SINCE JAN 1   1122                       938    184      933
..................................................................


WIND (MPH)
  HIGHEST WIND SPEED    21   HIGHEST WIND DIRECTION    NW (310)
  HIGHEST GUST SPEED    25   HIGHEST GUST DIRECTION    NW (310)
  AVERAGE WIND SPEED    10.4


SKY COVER
  POSSIBLE SUNSHINE  MM
  AVERAGE SKY COVER 1.0


WEATHER CONDITIONS
 THE FOLLOWING WEATHER WAS RECORDED YESTERDAY.
  LIGHT RAIN
  FOG


RELATIVE HUMIDITY (PERCENT)
 HIGHEST    96           800 AM
 LOWEST     73           500 PM
 AVERAGE    85

..........................................................


THE OTTUMWA IA CLIMATE NORMALS FOR TODAY
                         NORMAL    RECORD    YEAR
 MAXIMUM TEMPERATURE (F)   44        64      2011
 MINIMUM TEMPERATURE (F)   25         2      1950


SUNRISE AND SUNSET
NOVEMBER 24 2016......SUNRISE   709 AM CST   SUNSET   444 PM CST
NOVEMBER 25 2016......SUNRISE   710 AM CST   SUNSET   444 PM CST


-  INDICATES NEGATIVE NUMBERS.
R  INDICATES RECORD WAS SET OR TIED.
MM INDICATES DATA IS MISSING.
T  INDICATES TRACE AMOUNT.




$$
