000
CDUS43 KDMX 230633 RRA
CLIOTM

CLIMATE REPORT
NATIONAL WEATHER SERVICE DES MOINES IA
128 AM CDT SAT APR 23 2016

...................................

...THE OTTUMWA IA CLIMATE SUMMARY FOR APRIL 22 2016...

CLIMATE NORMAL PERIOD 1981 TO 2010
CLIMATE RECORD PERIOD 1920 TO 2016


WEATHER ITEM   OBSERVED TIME   RECORD YEAR NORMAL DEPARTURE LAST
                VALUE   (LST)  VALUE       VALUE  FROM      YEAR
                                                  NORMAL
..................................................................
TEMPERATURE (F)
 YESTERDAY
  MAXIMUM         61    253 PM  89    1980  65     -4       55
  MINIMUM         43   1136 PM  25    1936  42      1       32
  AVERAGE         52                        53     -1       44

PRECIPITATION (IN)
  YESTERDAY        0.00          1.09 1948   0.13  -0.13     0.00
  MONTH TO DATE    0.88                      2.34  -1.46     1.91
  SINCE MAR 1      2.10                      4.58  -2.48     2.37
  SINCE JAN 1      2.53                      6.76  -4.23     4.49

DEGREE DAYS
 HEATING
  YESTERDAY       13                        12      1       21
  MONTH TO DATE  330                       350    -20      243
  SINCE MAR 1    945                      1161   -216     1010
  SINCE JUL 1   4999                      6046  -1047     6141

 COOLING
  YESTERDAY        0                         1     -1        0
  MONTH TO DATE    3                         2      1        1
  SINCE MAR 1      3                         3      0        1
  SINCE JAN 1      3                         3      0        1
..................................................................


WIND (MPH)
  HIGHEST WIND SPEED    17   HIGHEST WIND DIRECTION     N (350)
  HIGHEST GUST SPEED    19   HIGHEST GUST DIRECTION     N (350)
  AVERAGE WIND SPEED     8.8


SKY COVER
  POSSIBLE SUNSHINE  MM
  AVERAGE SKY COVER 0.5


WEATHER CONDITIONS
 THE FOLLOWING WEATHER WAS RECORDED YESTERDAY.
  FOG
  FOG W/VISIBILITY <= 1/4 MILE


RELATIVE HUMIDITY (PERCENT)
 HIGHEST   100           500 AM
 LOWEST     72           200 PM
 AVERAGE    86

..........................................................


THE OTTUMWA IA CLIMATE NORMALS FOR TODAY
                         NORMAL    RECORD    YEAR
 MAXIMUM TEMPERATURE (F)   65        86      1960
 MINIMUM TEMPERATURE (F)   42        26      1927


SUNRISE AND SUNSET
APRIL 23 2016.........SUNRISE   618 AM CDT   SUNSET   759 PM CDT
APRIL 24 2016.........SUNRISE   616 AM CDT   SUNSET   800 PM CDT


-  INDICATES NEGATIVE NUMBERS.
R  INDICATES RECORD WAS SET OR TIED.
MM INDICATES DATA IS MISSING.
T  INDICATES TRACE AMOUNT.

$$

REV
