000
CDUS43 KDMX 170638
CLIOTM

CLIMATE REPORT
NATIONAL WEATHER SERVICE DES MOINES IA
135 AM CDT THU JUL 17 2014


...................................

...THE OTTUMWA IA CLIMATE SUMMARY FOR JULY 16 2014...

CLIMATE NORMAL PERIOD 1981 TO 2010
CLIMATE RECORD PERIOD 1920 TO 2014


WEATHER ITEM   OBSERVED TIME   RECORD YEAR NORMAL DEPARTURE LAST
                VALUE   (LST)  VALUE       VALUE  FROM      YEAR
                                                  NORMAL
..................................................................
TEMPERATURE (F)
 YESTERDAY
  MAXIMUM         75    527 PM 109    1936  86    -11       91
  MINIMUM         49R   449 AM  51    1930  65    -16       72
  AVERAGE         62                        75    -13       82

PRECIPITATION (IN)
  YESTERDAY        0.00          2.52 1982   0.15  -0.15     0.00
  MONTH TO DATE    2.98                      2.44   0.54     0.16
  SINCE JUN 1     11.00                      7.53   3.47     2.55
  SINCE JAN 1     21.84                     20.06   1.78    26.87

DEGREE DAYS
 HEATING
  YESTERDAY        3                         0      3        0
  MONTH TO DATE   13                         0     13        0
  SINCE JUN 1     22                        21      1       26
  SINCE JUL 1     13                         0     13        0

 COOLING
  YESTERDAY        0                        10    -10       17
  MONTH TO DATE   81                       160    -79      145
  SINCE JUN 1    295                       361    -66      343
  SINCE JAN 1    406                       425    -19      420
..................................................................


WIND (MPH)
  HIGHEST WIND SPEED     9   HIGHEST WIND DIRECTION    NW (330)
  HIGHEST GUST SPEED    15   HIGHEST GUST DIRECTION    NE (50)
  AVERAGE WIND SPEED     3.6


SKY COVER
  POSSIBLE SUNSHINE  MM
  AVERAGE SKY COVER 0.1


WEATHER CONDITIONS
 THE FOLLOWING WEATHER WAS RECORDED YESTERDAY.
  FOG


RELATIVE HUMIDITY (PERCENT)
 HIGHEST   100           600 AM
 LOWEST     43           400 PM
 AVERAGE    72

..........................................................


THE OTTUMWA IA CLIMATE NORMALS FOR TODAY
                         NORMAL    RECORD    YEAR
 MAXIMUM TEMPERATURE (F)   86       107      1936
 MINIMUM TEMPERATURE (F)   65        50      1911


SUNRISE AND SUNSET
JULY 17 2014..........SUNRISE   552 AM CDT   SUNSET   840 PM CDT
JULY 18 2014..........SUNRISE   553 AM CDT   SUNSET   839 PM CDT


-  INDICATES NEGATIVE NUMBERS.
R  INDICATES RECORD WAS SET OR TIED.
MM INDICATES DATA IS MISSING.
T  INDICATES TRACE AMOUNT.




$$
