000
CDUS43 KDMX 100630
CLIOTM

CLIMATE REPORT
NATIONAL WEATHER SERVICE DES MOINES IA
128 AM CDT SAT JUN 10 2017


...................................

...THE OTTUMWA IA CLIMATE SUMMARY FOR JUNE 9 2017...

CLIMATE NORMAL PERIOD 1981 TO 2010
CLIMATE RECORD PERIOD 1920 TO 2017


WEATHER ITEM   OBSERVED TIME   RECORD YEAR NORMAL DEPARTURE LAST
                VALUE   (LST)  VALUE       VALUE  FROM      YEAR
                                                  NORMAL
..................................................................
TEMPERATURE (F)
 YESTERDAY
  MAXIMUM         88    405 PM  95    1972  80      8       92
  MINIMUM         62    456 AM  42    1915  59      3       67
  AVERAGE         75                        69      6       80

PRECIPITATION (IN)
  YESTERDAY        0.00          1.86 1984   0.17  -0.17     0.00
  MONTH TO DATE    0.01                      1.53  -1.52     0.24
  SINCE JUN 1      0.01                      1.53  -1.52     0.24
  SINCE JAN 1     12.47                     14.06  -1.59     9.15

DEGREE DAYS
 HEATING
  YESTERDAY        0                         1     -1        0
  MONTH TO DATE    0                        13    -13        1
  SINCE JUN 1      0                        13    -13        1
  SINCE JUL 1   5008                      6309  -1301     5265

 COOLING
  YESTERDAY       10                         5      5       15
  MONTH TO DATE   61                        39     22       42
  SINCE JUN 1     61                        39     22       42
  SINCE JAN 1    122                       103     19      113
..................................................................


WIND (MPH)
  HIGHEST WIND SPEED    18   HIGHEST WIND DIRECTION    SW (220)
  HIGHEST GUST SPEED    24   HIGHEST GUST DIRECTION    SW (210)
  AVERAGE WIND SPEED    10.8


SKY COVER
  POSSIBLE SUNSHINE  MM
  AVERAGE SKY COVER 0.0


WEATHER CONDITIONS
 THE FOLLOWING WEATHER WAS RECORDED YESTERDAY.
  NO SIGNIFICANT WEATHER WAS OBSERVED.


RELATIVE HUMIDITY (PERCENT)
 HIGHEST    67           300 AM
 LOWEST     30           500 PM
 AVERAGE    49

..........................................................


THE OTTUMWA IA CLIMATE NORMALS FOR TODAY
                         NORMAL    RECORD    YEAR
 MAXIMUM TEMPERATURE (F)   80        99      1933
 MINIMUM TEMPERATURE (F)   59        47      1972


SUNRISE AND SUNSET
JUNE 10 2017..........SUNRISE   537 AM CDT   SUNSET   842 PM CDT
JUNE 11 2017..........SUNRISE   537 AM CDT   SUNSET   842 PM CDT


-  INDICATES NEGATIVE NUMBERS.
R  INDICATES RECORD WAS SET OR TIED.
MM INDICATES DATA IS MISSING.
T  INDICATES TRACE AMOUNT.




$$
