000
CDUS43 KDMX 160641 RRA
CLIOTM

CLIMATE REPORT
NATIONAL WEATHER SERVICE DES MOINES IA
1231 AM CST SUN NOV 16 2014


...................................

...THE OTTUMWA IA CLIMATE SUMMARY FOR NOVEMBER 15 2014...

CLIMATE NORMAL PERIOD 1981 TO 2010
CLIMATE RECORD PERIOD 1920 TO 2014


WEATHER ITEM   OBSERVED TIME   RECORD YEAR NORMAL DEPARTURE LAST
                VALUE   (LST)  VALUE       VALUE  FROM      YEAR
                                                  NORMAL
..................................................................
TEMPERATURE (F)
 YESTERDAY
  MAXIMUM         29    143 PM  76    1950  49    -20       57
  MINIMUM         13    557 AM   4    1959  30    -17       34
  AVERAGE         21                        40    -19       46

PRECIPITATION (IN)
  YESTERDAY        0.07          1.91 1961   0.08  -0.01     0.00
  MONTH TO DATE    0.19                      1.30  -1.11     0.80
  SINCE SEP 1      7.86                      7.92  -0.06     6.25
  SINCE JAN 1     39.15                     34.62   4.53    35.36

DEGREE DAYS
 HEATING
  YESTERDAY       44                        25     19       19
  MONTH TO DATE  409                       327     82      349
  SINCE SEP 1    931                       840     91      821
  SINCE JUL 1    944                       851     93      837

 COOLING
  YESTERDAY        0                         0      0        0
  MONTH TO DATE    0                         0      0        0
  SINCE SEP 1     69                       104    -35      199
  SINCE JAN 1    801                       938   -137     1014
..................................................................


WIND (MPH)
  HIGHEST WIND SPEED     9   HIGHEST WIND DIRECTION    SE (150)
  HIGHEST GUST SPEED    12   HIGHEST GUST DIRECTION     S (180)
  AVERAGE WIND SPEED     5.5


SKY COVER
  POSSIBLE SUNSHINE  MM
  AVERAGE SKY COVER 0.7


WEATHER CONDITIONS
 THE FOLLOWING WEATHER WAS RECORDED YESTERDAY.
  SNOW
  LIGHT SNOW
  FOG
  FOG W/VISIBILITY <= 1/4 MILE


RELATIVE HUMIDITY (PERCENT)
 HIGHEST    96          1000 PM
 LOWEST     53           100 PM
 AVERAGE    75

..........................................................


THE OTTUMWA IA CLIMATE NORMALS FOR TODAY
                         NORMAL    RECORD    YEAR
 MAXIMUM TEMPERATURE (F)   49        77      1931
 MINIMUM TEMPERATURE (F)   30         1      1959


SUNRISE AND SUNSET
NOVEMBER 16 2014......SUNRISE   659 AM CST   SUNSET   450 PM CST
NOVEMBER 17 2014......SUNRISE   700 AM CST   SUNSET   449 PM CST


-  INDICATES NEGATIVE NUMBERS.
R  INDICATES RECORD WAS SET OR TIED.
MM INDICATES DATA IS MISSING.
T  INDICATES TRACE AMOUNT.

$$
