000
CDUS43 KDMX 140654 RRB
CLIOTM

CLIMATE REPORT
NATIONAL WEATHER SERVICE DES MOINES IA
1251 AM CST SAT JAN 14 2017


...................................

...THE OTTUMWA IA CLIMATE SUMMARY FOR JANUARY 13 2017...

CLIMATE NORMAL PERIOD 1981 TO 2010
CLIMATE RECORD PERIOD 1920 TO 2017


WEATHER ITEM   OBSERVED TIME   RECORD YEAR NORMAL DEPARTURE LAST
                VALUE   (LST)  VALUE       VALUE  FROM      YEAR
                                                  NORMAL
..................................................................
TEMPERATURE (F)
 YESTERDAY
  MAXIMUM         27    318 PM  59    1987  31     -4       38
  MINIMUM         13    834 AM -16    1963  13      0        5
  AVERAGE         20                        22     -2       22

PRECIPITATION (IN)
  YESTERDAY        0.00          0.62 1950   0.03  -0.03     0.00
  MONTH TO DATE    0.15                      0.42  -0.27     0.38
  SINCE DEC 1      1.52                      1.79  -0.27     4.41
  SINCE JAN 1      0.15                      0.42  -0.27     0.38

DEGREE DAYS
 HEATING
  YESTERDAY       45                        43      2       43
  MONTH TO DATE  576                       553     23      555
  SINCE DEC 1   1732                      1760    -28     1401
  SINCE JUL 1   2516                      3058   -542     2412

 COOLING
  YESTERDAY        0                         0      0        0
  MONTH TO DATE    0                         0      0        0
  SINCE DEC 1      0                         0      0        0
  SINCE JAN 1      0                         0      0        0
..................................................................


WIND (MPH)
  HIGHEST WIND SPEED    17   HIGHEST WIND DIRECTION     N (10)
  HIGHEST GUST SPEED    24   HIGHEST GUST DIRECTION     N (10)
  AVERAGE WIND SPEED    10.4


SKY COVER
  POSSIBLE SUNSHINE  MM
  AVERAGE SKY COVER 0.4


WEATHER CONDITIONS
 THE FOLLOWING WEATHER WAS RECORDED YESTERDAY.
  NO SIGNIFICANT WEATHER WAS OBSERVED.


RELATIVE HUMIDITY (PERCENT)
 HIGHEST    67          1200 AM
 LOWEST     33           300 PM
 AVERAGE    50

..........................................................


THE OTTUMWA IA CLIMATE NORMALS FOR TODAY
                         NORMAL    RECORD    YEAR
 MAXIMUM TEMPERATURE (F)   31        65      1952
 MINIMUM TEMPERATURE (F)   13       -21      1957


SUNRISE AND SUNSET
JANUARY 14 2017.......SUNRISE   733 AM CST   SUNSET   505 PM CST
JANUARY 15 2017.......SUNRISE   733 AM CST   SUNSET   506 PM CST


-  INDICATES NEGATIVE NUMBERS.
R  INDICATES RECORD WAS SET OR TIED.
MM INDICATES DATA IS MISSING.
T  INDICATES TRACE AMOUNT.




$$
