000
CDUS43 KDMX 010629 RRC
CLIOTM

CLIMATE REPORT
NATIONAL WEATHER SERVICE DES MOINES IA
127 AM CDT TUE AUG 1 2017


...................................

...THE OTTUMWA IA CLIMATE SUMMARY FOR JULY 31 2017...

CLIMATE NORMAL PERIOD 1981 TO 2010
CLIMATE RECORD PERIOD 1920 TO 2017


WEATHER ITEM   OBSERVED TIME   RECORD YEAR NORMAL DEPARTURE LAST
                VALUE   (LST)  VALUE       VALUE  FROM      YEAR
                                                  NORMAL
..................................................................
TEMPERATURE (F)
 YESTERDAY
  MAXIMUM         85    327 PM 104    1988  85      0       82
  MINIMUM         60    541 AM  47    1936  64     -4       60
  AVERAGE         73                        74     -1       71

PRECIPITATION (IN)
  YESTERDAY        0.00          2.03 1896   0.14  -0.14     0.00
                                      2000
  MONTH TO DATE    0.64                      4.47  -3.83     3.89
  SINCE JUN 1      1.61                      9.56  -7.95     6.47
  SINCE JAN 1     14.07                     22.09  -8.02    15.38

DEGREE DAYS
 HEATING
  YESTERDAY        0                         0      0        0
  MONTH TO DATE    0                         0      0        7
  SINCE JUN 1     10                        23    -13        8
  SINCE JUL 1      0                         2     -2        7

 COOLING
  YESTERDAY        8                        10     -2        6
  MONTH TO DATE  415                       314    101      274
  SINCE JUN 1    684                       515    169      548
  SINCE JAN 1    745                       579    166      619
..................................................................


WIND (MPH)
  HIGHEST WIND SPEED    12   HIGHEST WIND DIRECTION     E (80)
  HIGHEST GUST SPEED    17   HIGHEST GUST DIRECTION    SE (130)
  AVERAGE WIND SPEED     6.1


SKY COVER
  POSSIBLE SUNSHINE  MM
  AVERAGE SKY COVER 0.5


WEATHER CONDITIONS
 THE FOLLOWING WEATHER WAS RECORDED YESTERDAY.
  NO SIGNIFICANT WEATHER WAS OBSERVED.


RELATIVE HUMIDITY (PERCENT)
 HIGHEST    90           100 AM
 LOWEST     40           200 PM
 AVERAGE    65

..........................................................


THE OTTUMWA IA CLIMATE NORMALS FOR TODAY
                         NORMAL    RECORD    YEAR
 MAXIMUM TEMPERATURE (F)   85       102      1988
 MINIMUM TEMPERATURE (F)   64        49      1936


SUNRISE AND SUNSET
AUGUST  1 2017........SUNRISE   606 AM CDT   SUNSET   826 PM CDT
AUGUST  2 2017........SUNRISE   607 AM CDT   SUNSET   825 PM CDT


-  INDICATES NEGATIVE NUMBERS.
R  INDICATES RECORD WAS SET OR TIED.
MM INDICATES DATA IS MISSING.
T  INDICATES TRACE AMOUNT.




$$
