000
CDUS43 KDMX 190630 RRB
CLIOTM

CLIMATE REPORT
NATIONAL WEATHER SERVICE DES MOINES IA
1228 AM CST MON JAN 19 2015

...................................

...THE OTTUMWA IA CLIMATE SUMMARY FOR JANUARY 18 2015...

CLIMATE NORMAL PERIOD 1981 TO 2010
CLIMATE RECORD PERIOD 1920 TO 2015


WEATHER ITEM   OBSERVED TIME   RECORD YEAR NORMAL DEPARTURE LAST
                VALUE   (LST)  VALUE       VALUE  FROM      YEAR
                                                  NORMAL
..................................................................
TEMPERATURE (F)
 YESTERDAY
  MAXIMUM         47    341 PM  60    1951  31     16       37
  MINIMUM         26   1107 PM -22    1930  13     13        9
  AVERAGE         37                        22     15       23

PRECIPITATION (IN)
  YESTERDAY        0.00          1.03 1973   0.03  -0.03      T
  MONTH TO DATE    0.09                      0.56  -0.47     0.32
  SINCE DEC 1      1.07                      1.93  -0.86     0.98
  SINCE JAN 1      0.09                      0.56  -0.47     0.32

DEGREE DAYS
 HEATING
  YESTERDAY       28                        43    -15       42
  MONTH TO DATE  834                       768     66      862
  SINCE DEC 1   1877                      1975    -98     2207
  SINCE JUL 1   3385                      3273    112     3537

 COOLING
  YESTERDAY        0                         0      0        0
  MONTH TO DATE    0                         0      0        0
  SINCE DEC 1      0                         0      0        0
  SINCE JAN 1      0                         0      0        0
..................................................................


WIND (MPH)
  HIGHEST WIND SPEED    14   HIGHEST WIND DIRECTION    NW (300)
  HIGHEST GUST SPEED    19   HIGHEST GUST DIRECTION     W (270)
  AVERAGE WIND SPEED     7.1


SKY COVER
  POSSIBLE SUNSHINE  MM
  AVERAGE SKY COVER 0.0


WEATHER CONDITIONS
 THE FOLLOWING WEATHER WAS RECORDED YESTERDAY.
  NO SIGNIFICANT WEATHER WAS OBSERVED.


RELATIVE HUMIDITY (PERCENT)
 HIGHEST    85           800 PM
 LOWEST     45           400 PM
 AVERAGE    65

..........................................................


THE OTTUMWA IA CLIMATE NORMALS FOR TODAY
                         NORMAL    RECORD    YEAR
 MAXIMUM TEMPERATURE (F)   31        60      1952
 MINIMUM TEMPERATURE (F)   13       -21      1936


SUNRISE AND SUNSET
JANUARY 19 2015.......SUNRISE   731 AM CST   SUNSET   510 PM CST
JANUARY 20 2015.......SUNRISE   730 AM CST   SUNSET   512 PM CST


-  INDICATES NEGATIVE NUMBERS.
R  INDICATES RECORD WAS SET OR TIED.
MM INDICATES DATA IS MISSING.
T  INDICATES TRACE AMOUNT.




$$
