000
CDUS43 KDMX 090755
CLIOTM

CLIMATE REPORT
NATIONAL WEATHER SERVICE DES MOINES IA
142 AM CDT SAT JUL 9 2016

...................................

...THE OTTUMWA IA CLIMATE SUMMARY FOR JULY 8 2016...

CLIMATE NORMAL PERIOD 1981 TO 2010
CLIMATE RECORD PERIOD 1920 TO 2016

WEATHER ITEM   OBSERVED TIME   RECORD YEAR NORMAL DEPARTURE LAST
                VALUE   (LST)  VALUE       VALUE  FROM      YEAR
                                                  NORMAL
..................................................................
TEMPERATURE (F)
 YESTERDAY
  MAXIMUM         86    212 PM 102    1936  86      0       63
  MINIMUM         63   1159 PM  51    1931  65     -2       55
  AVERAGE         75                        75      0       59

PRECIPITATION (IN)
  YESTERDAY        0.00          1.63 1942   0.15  -0.15     0.04
  MONTH TO DATE    1.40                      1.27   0.13     1.42
  SINCE JUN 1      3.98                      6.36  -2.38     9.20
  SINCE JAN 1     12.02                     18.89  -6.87    19.07

DEGREE DAYS
 HEATING
  YESTERDAY        0                         0      0        6
  MONTH TO DATE    7                         0      7        6
  SINCE JUN 1      8                        21    -13       16
  SINCE JUL 1      7                         0      7        6

 COOLING
  YESTERDAY       10                        10      0        0
  MONTH TO DATE   49                        80    -31       29
  SINCE JUN 1    323                       281     42      233
  SINCE JAN 1    394                       345     49      294
..................................................................

WIND (MPH)
  HIGHEST WIND SPEED    18   HIGHEST WIND DIRECTION    NW (300)
  HIGHEST GUST SPEED    25   HIGHEST GUST DIRECTION    NW (310)
  AVERAGE WIND SPEED     9.3

SKY COVER
  POSSIBLE SUNSHINE  MM
  AVERAGE SKY COVER 0.0

WEATHER CONDITIONS
 THE FOLLOWING WEATHER WAS RECORDED YESTERDAY.
  NO SIGNIFICANT WEATHER WAS OBSERVED.

RELATIVE HUMIDITY (PERCENT)
 HIGHEST    97           100 AM
 LOWEST     40           100 PM
 AVERAGE    69
..........................................................

THE OTTUMWA IA CLIMATE NORMALS FOR TODAY
                         NORMAL    RECORD    YEAR
 MAXIMUM TEMPERATURE (F)   86       102      1936
 MINIMUM TEMPERATURE (F)   65        52      1931

SUNRISE AND SUNSET
JULY  9 2016..........SUNRISE   546 AM CDT   SUNSET   844 PM CDT
JULY 10 2016..........SUNRISE   547 AM CDT   SUNSET   843 PM CDT

-  INDICATES NEGATIVE NUMBERS.
R  INDICATES RECORD WAS SET OR TIED.
MM INDICATES DATA IS MISSING.
T  INDICATES TRACE AMOUNT.

$$

FAB
