528
CDUS43 KDMX 160638
CLIOTM

CLIMATE REPORT
NATIONAL WEATHER SERVICE DES MOINES IA
1237 AM CST THU NOV 16 2017

...................................

...THE OTTUMWA IA CLIMATE SUMMARY FOR NOVEMBER 15 2017...

CLIMATE NORMAL PERIOD 1981 TO 2010
CLIMATE RECORD PERIOD 1920 TO 2017


WEATHER ITEM   OBSERVED TIME   RECORD YEAR NORMAL DEPARTURE LAST
                VALUE   (LST)  VALUE       VALUE  FROM      YEAR
                                                  NORMAL
..................................................................
TEMPERATURE (F)
 YESTERDAY
  MAXIMUM         55    202 PM  76    1950  49      6       66
  MINIMUM         28   1159 PM   4    1959  30     -2       30
  AVERAGE         42                        40      2       48

PRECIPITATION (IN)
  YESTERDAY        0.11          1.91 1961   0.08   0.03     0.00
  MONTH TO DATE    0.50                      1.30  -0.80     0.09
  SINCE SEP 1      7.03                      7.92  -0.89     2.11
  SINCE JAN 1     22.87                     34.62 -11.75    23.30

DEGREE DAYS
 HEATING
  YESTERDAY       23                        25     -2       17
  MONTH TO DATE  403                       327     76      187
  SINCE SEP 1    753                       840    -87      446
  SINCE JUL 1    753                       851    -98      453

 COOLING
  YESTERDAY        0                         0      0        0
  MONTH TO DATE    0                         0      0        3
  SINCE SEP 1    195                       104     91      221
  SINCE JAN 1   1120                       938    182     1120
..................................................................


WIND (MPH)
  HIGHEST WIND SPEED    28   HIGHEST WIND DIRECTION     W (290)
  HIGHEST GUST SPEED    36   HIGHEST GUST DIRECTION    NW (300)
  AVERAGE WIND SPEED    15.6


SKY COVER
  POSSIBLE SUNSHINE  MM
  AVERAGE SKY COVER 0.3


WEATHER CONDITIONS
 THE FOLLOWING WEATHER WAS RECORDED YESTERDAY.
  RAIN
  LIGHT RAIN
  FOG


RELATIVE HUMIDITY (PERCENT)
 HIGHEST    96           600 AM
 LOWEST     46           200 PM
 AVERAGE    71

..........................................................


THE OTTUMWA IA CLIMATE NORMALS FOR TODAY
                         NORMAL    RECORD    YEAR
 MAXIMUM TEMPERATURE (F)   49        77      1931
 MINIMUM TEMPERATURE (F)   30         1      1959


SUNRISE AND SUNSET
NOVEMBER 16 2017......SUNRISE   659 AM CST   SUNSET   450 PM CST
NOVEMBER 17 2017......SUNRISE   700 AM CST   SUNSET   449 PM CST


-  INDICATES NEGATIVE NUMBERS.
R  INDICATES RECORD WAS SET OR TIED.
MM INDICATES DATA IS MISSING.
T  INDICATES TRACE AMOUNT.

$$

SMALL
