000
CDUS43 KDMX 230645
CLIOTM

CLIMATE REPORT
NATIONAL WEATHER SERVICE DES MOINES IA
143 AM CDT TUE JUN 23 2015


...................................

...THE OTTUMWA IA CLIMATE SUMMARY FOR JUNE 22 2015...

CLIMATE NORMAL PERIOD 1981 TO 2010
CLIMATE RECORD PERIOD 1920 TO 2015


WEATHER ITEM   OBSERVED TIME   RECORD YEAR NORMAL DEPARTURE LAST
                VALUE   (LST)  VALUE       VALUE  FROM      YEAR
                                                  NORMAL
..................................................................
TEMPERATURE (F)
 YESTERDAY
  MAXIMUM         87    323 PM  97    1988  83      4       86
  MINIMUM         68   1159 PM  45    1902  63      5       66
  AVERAGE         78                        73      5       76

PRECIPITATION (IN)
  YESTERDAY        0.42          1.50 2014   0.17   0.25     1.50
  MONTH TO DATE    5.42                      3.75   1.67     6.34
  SINCE JUN 1      5.42                      3.75   1.67     6.34
  SINCE JAN 1     14.33                     16.28  -1.95    19.45

DEGREE DAYS
 HEATING
  YESTERDAY        0                         0      0        0
  MONTH TO DATE   10                        19     -9        9
  SINCE JUN 1     10                        19     -9        9
  SINCE JUL 1   6379                      6315     64     7107

 COOLING
  YESTERDAY       13                         8      5       11
  MONTH TO DATE  156                       128     28      137
  SINCE JUN 1    156                       128     28      137
  SINCE JAN 1    217                       192     25      248
..................................................................


WIND (MPH)
  HIGHEST WIND SPEED    25   HIGHEST WIND DIRECTION     S (170)
  HIGHEST GUST SPEED    29   HIGHEST GUST DIRECTION    SW (210)
  AVERAGE WIND SPEED    12.1


SKY COVER
  POSSIBLE SUNSHINE  MM
  AVERAGE SKY COVER 0.4


WEATHER CONDITIONS
 THE FOLLOWING WEATHER WAS RECORDED YESTERDAY.
  THUNDERSTORM
  HEAVY RAIN
  RAIN
  LIGHT RAIN
  FOG


RELATIVE HUMIDITY (PERCENT)
 HIGHEST   100           500 AM
 LOWEST     74           200 PM
 AVERAGE    87

..........................................................


THE OTTUMWA IA CLIMATE NORMALS FOR TODAY
                         NORMAL    RECORD    YEAR
 MAXIMUM TEMPERATURE (F)   84        99      1933
 MINIMUM TEMPERATURE (F)   63        48      1942


SUNRISE AND SUNSET
JUNE 23 2015..........SUNRISE   538 AM CDT   SUNSET   846 PM CDT
JUNE 24 2015..........SUNRISE   538 AM CDT   SUNSET   846 PM CDT


-  INDICATES NEGATIVE NUMBERS.
R  INDICATES RECORD WAS SET OR TIED.
MM INDICATES DATA IS MISSING.
T  INDICATES TRACE AMOUNT.




$$
