000
CDUS43 KDMX 120711 RRB
CLIOTM

CLIMATE REPORT
NATIONAL WEATHER SERVICE DES MOINES IA
211 AM CDT FRI SEP 12 2014

...................................

...THE OTTUMWA IA CLIMATE SUMMARY FOR SEPTEMBER 11 2014...

CLIMATE NORMAL PERIOD 1981 TO 2010
CLIMATE RECORD PERIOD 1920 TO 2014


WEATHER ITEM   OBSERVED TIME   RECORD YEAR NORMAL DEPARTURE LAST
                VALUE   (LST)  VALUE       VALUE  FROM      YEAR
                                                  NORMAL
..................................................................
TEMPERATURE (F)
 YESTERDAY
  MAXIMUM         58    423 PM 101    1936  78    -20       82
  MINIMUM         48    644 AM  35    1940  55     -7       71
  AVERAGE         53                        66    -13       77

PRECIPITATION (IN)
  YESTERDAY        0.00          3.73 1913   0.14  -0.14     0.05
  MONTH TO DATE    3.71                      1.50   2.21     0.05
  SINCE SEP 1      3.71                      1.50   2.21     0.05
  SINCE JAN 1     34.68                     28.20   6.48    29.16

DEGREE DAYS
 HEATING
  YESTERDAY       12                         2     10        0
  MONTH TO DATE   20                        16      4        2
  SINCE SEP 1     20                        16      4        2
  SINCE JUL 1     33                        27      6       18

 COOLING
  YESTERDAY        0                         4     -4       12
  MONTH TO DATE   41                        53    -12      123
  SINCE SEP 1     41                        53    -12      123
  SINCE JAN 1    773                       887   -114      938
..................................................................


WIND (MPH)
  HIGHEST WIND SPEED    18   HIGHEST WIND DIRECTION     N (350)
  HIGHEST GUST SPEED    22   HIGHEST GUST DIRECTION     N (340)
  AVERAGE WIND SPEED     9.2


SKY COVER
  POSSIBLE SUNSHINE  MM
  AVERAGE SKY COVER 0.9


WEATHER CONDITIONS
 THE FOLLOWING WEATHER WAS RECORDED YESTERDAY.
  NO SIGNIFICANT WEATHER WAS OBSERVED.


RELATIVE HUMIDITY (PERCENT)
 HIGHEST    89           800 PM
 LOWEST     67           400 PM
 AVERAGE    78

..........................................................


THE OTTUMWA IA CLIMATE NORMALS FOR TODAY
                         NORMAL    RECORD    YEAR
 MAXIMUM TEMPERATURE (F)   78        97      1939
 MINIMUM TEMPERATURE (F)   55        35      1940


SUNRISE AND SUNSET
SEPTEMBER 12 2014.....SUNRISE   647 AM CDT   SUNSET   724 PM CDT
SEPTEMBER 13 2014.....SUNRISE   648 AM CDT   SUNSET   722 PM CDT


-  INDICATES NEGATIVE NUMBERS.
R  INDICATES RECORD WAS SET OR TIED.
MM INDICATES DATA IS MISSING.
T  INDICATES TRACE AMOUNT.

$$

SMALL
