000
CDUS43 KDMX 080638
CLIOTM

CLIMATE REPORT
NATIONAL WEATHER SERVICE DES MOINES IA
132 AM CDT SAT APR 8 2017

...................................

...THE OTTUMWA IA CLIMATE SUMMARY FOR APRIL 7 2017...

CLIMATE NORMAL PERIOD 1981 TO 2010
CLIMATE RECORD PERIOD 1920 TO 2017


WEATHER ITEM   OBSERVED TIME   RECORD YEAR NORMAL DEPARTURE LAST
                VALUE   (LST)  VALUE       VALUE  FROM      YEAR
                                                  NORMAL
..................................................................
TEMPERATURE (F)
 YESTERDAY
  MAXIMUM         59    513 PM  79    1991  59      0       50
  MINIMUM         29    528 AM  16    2007  36     -7       37
  AVERAGE         44                        48     -4       44

PRECIPITATION (IN)
  YESTERDAY        0.00          0.99 1946   0.10  -0.10     0.06
  MONTH TO DATE    1.94                      0.65   1.29     0.36
  SINCE MAR 1      5.14                      2.89   2.25     1.58
  SINCE JAN 1      6.73                      5.07   1.66     2.88

DEGREE DAYS
 HEATING
  YESTERDAY       21                        17      4       21
  MONTH TO DATE  121                       130     -9      147
  SINCE MAR 1    848                       941    -93      762
  SINCE JUL 1   4655                      5826  -1171     4816

 COOLING
  YESTERDAY        0                         0      0        0
  MONTH TO DATE    0                         0      0        0
  SINCE MAR 1      0                         1     -1        0
  SINCE JAN 1      0                         1     -1        0
..................................................................


WIND (MPH)
  HIGHEST WIND SPEED    13   HIGHEST WIND DIRECTION     S (180)
  HIGHEST GUST SPEED    15   HIGHEST GUST DIRECTION     S (200)
  AVERAGE WIND SPEED     6.9


SKY COVER
  POSSIBLE SUNSHINE  MM
  AVERAGE SKY COVER 0.0


WEATHER CONDITIONS
 THE FOLLOWING WEATHER WAS RECORDED YESTERDAY.
  NO SIGNIFICANT WEATHER WAS OBSERVED.


RELATIVE HUMIDITY (PERCENT)
 HIGHEST    78           400 AM
 LOWEST     24           300 PM
 AVERAGE    51

..........................................................


THE OTTUMWA IA CLIMATE NORMALS FOR TODAY
                         NORMAL    RECORD    YEAR
 MAXIMUM TEMPERATURE (F)   60        89      1931
 MINIMUM TEMPERATURE (F)   37        18      1972


SUNRISE AND SUNSET
APRIL  8 2017.........SUNRISE   641 AM CDT   SUNSET   743 PM CDT
APRIL  9 2017.........SUNRISE   640 AM CDT   SUNSET   744 PM CDT


-  INDICATES NEGATIVE NUMBERS.
R  INDICATES RECORD WAS SET OR TIED.
MM INDICATES DATA IS MISSING.
T  INDICATES TRACE AMOUNT.

$$

REV
