000
CDUS43 KDMX 220635 RRA
CLIOTM

CLIMATE REPORT
NATIONAL WEATHER SERVICE DES MOINES IA
130 AM CDT THU SEP 22 2016

...................................

...THE OTTUMWA IA CLIMATE SUMMARY FOR SEPTEMBER 21 2016...

CLIMATE NORMAL PERIOD 1981 TO 2010
CLIMATE RECORD PERIOD 1920 TO 2016


WEATHER ITEM   OBSERVED TIME   RECORD YEAR NORMAL DEPARTURE LAST
                VALUE   (LST)  VALUE       VALUE  FROM      YEAR
                                                  NORMAL
..................................................................
TEMPERATURE (F)
 YESTERDAY
  MAXIMUM         92    139 PM  95    1940  74     18       76
  MINIMUM         72    351 AM  36    1999  50     22       47
  AVERAGE         82                        62     20       62

PRECIPITATION (IN)
  YESTERDAY        0.00          2.47 2009   0.12  -0.12     0.00
  MONTH TO DATE    1.01                      2.76  -1.75     4.26
  SINCE SEP 1      1.01                      2.76  -1.75     4.26
  SINCE JAN 1     22.20                     29.46  -7.26    29.97

DEGREE DAYS
 HEATING
  YESTERDAY        0                         5     -5        3
  MONTH TO DATE    4                        52    -48       36
  SINCE SEP 1      4                        52    -48       36
  SINCE JUL 1     11                        63    -52       58

 COOLING
  YESTERDAY       17                         2     15        0
  MONTH TO DATE  131                        80     51      166
  SINCE SEP 1    131                        80     51      166
  SINCE JAN 1   1030                       914    116      894
..................................................................


WIND (MPH)
  HIGHEST WIND SPEED    16   HIGHEST WIND DIRECTION     S (180)
  HIGHEST GUST SPEED    22   HIGHEST GUST DIRECTION     S (190)
  AVERAGE WIND SPEED     9.1


SKY COVER
  POSSIBLE SUNSHINE  MM
  AVERAGE SKY COVER 0.0


WEATHER CONDITIONS
 THE FOLLOWING WEATHER WAS RECORDED YESTERDAY.
  FOG


RELATIVE HUMIDITY (PERCENT)
 HIGHEST    93           100 AM
 LOWEST     52           100 PM
 AVERAGE    73

..........................................................


THE OTTUMWA IA CLIMATE NORMALS FOR TODAY
                         NORMAL    RECORD    YEAR
 MAXIMUM TEMPERATURE (F)   74        99      1937
 MINIMUM TEMPERATURE (F)   50        33      1995


SUNRISE AND SUNSET
SEPTEMBER 22 2016.....SUNRISE   658 AM CDT   SUNSET   706 PM CDT
SEPTEMBER 23 2016.....SUNRISE   659 AM CDT   SUNSET   704 PM CDT


-  INDICATES NEGATIVE NUMBERS.
R  INDICATES RECORD WAS SET OR TIED.
MM INDICATES DATA IS MISSING.
T  INDICATES TRACE AMOUNT.




$$
