009
CDUS43 KDMX 200648
CLIOTM

CLIMATE REPORT
NATIONAL WEATHER SERVICE DES MOINES IA
143 AM CDT SAT AUG 20 2016


...................................

...THE OTTUMWA IA CLIMATE SUMMARY FOR AUGUST 19 2016...

CLIMATE NORMAL PERIOD 1981 TO 2010
CLIMATE RECORD PERIOD 1920 TO 2016


WEATHER ITEM   OBSERVED TIME   RECORD YEAR NORMAL DEPARTURE LAST
                VALUE   (LST)  VALUE       VALUE  FROM      YEAR
                                                  NORMAL
..................................................................
TEMPERATURE (F)
 YESTERDAY
  MAXIMUM         87    240 PM 106    1913  84      3       65
  MINIMUM         67   1159 PM  48    1950  62      5       54
  AVERAGE         77                        73      4       60

PRECIPITATION (IN)
  YESTERDAY        0.48          1.38 1949   0.15   0.33      T
  MONTH TO DATE    2.85                      2.84   0.01     0.77
  SINCE JUN 1      9.32                     12.40  -3.08    15.31
  SINCE JAN 1     17.36                     24.93  -7.57    25.18

DEGREE DAYS
 HEATING
  YESTERDAY        0                         0      0        5
  MONTH TO DATE    0                         0      0        5
  SINCE JUN 1      8                        23    -15       21
  SINCE JUL 1      7                         2      5       11

 COOLING
  YESTERDAY       12                         8      4        0
  MONTH TO DATE  198                       169     29      153
  SINCE JUN 1    746                       684     62      633
  SINCE JAN 1    817                       748     69      694
..................................................................


WIND (MPH)
  HIGHEST WIND SPEED    22   HIGHEST WIND DIRECTION     N (360)
  HIGHEST GUST SPEED    26   HIGHEST GUST DIRECTION     N (360)
  AVERAGE WIND SPEED     6.8


SKY COVER
  POSSIBLE SUNSHINE  MM
  AVERAGE SKY COVER 0.2


WEATHER CONDITIONS
 THE FOLLOWING WEATHER WAS RECORDED YESTERDAY.
  THUNDERSTORM
  HEAVY RAIN
  RAIN
  LIGHT RAIN
  FOG


RELATIVE HUMIDITY (PERCENT)
 HIGHEST    93          1100 PM
 LOWEST     57           300 PM
 AVERAGE    75

..........................................................


THE OTTUMWA IA CLIMATE NORMALS FOR TODAY
                         NORMAL    RECORD    YEAR
 MAXIMUM TEMPERATURE (F)   83       103      1947
 MINIMUM TEMPERATURE (F)   62        41      1950


SUNRISE AND SUNSET
AUGUST 20 2016........SUNRISE   625 AM CDT   SUNSET   800 PM CDT
AUGUST 21 2016........SUNRISE   626 AM CDT   SUNSET   759 PM CDT


-  INDICATES NEGATIVE NUMBERS.
R  INDICATES RECORD WAS SET OR TIED.
MM INDICATES DATA IS MISSING.
T  INDICATES TRACE AMOUNT.




$$
