000
CDUS43 KDMX 060637 RRA
CLIOTM

CLIMATE REPORT
NATIONAL WEATHER SERVICE DES MOINES IA
132 AM CDT WED SEP 6 2017


...................................

...THE OTTUMWA IA CLIMATE SUMMARY FOR SEPTEMBER 5 2017...

CLIMATE NORMAL PERIOD 1981 TO 2010
CLIMATE RECORD PERIOD 1920 TO 2017


WEATHER ITEM   OBSERVED TIME   RECORD YEAR NORMAL DEPARTURE LAST
                VALUE   (LST)  VALUE       VALUE  FROM      YEAR
                                                  NORMAL
..................................................................
TEMPERATURE (F)
 YESTERDAY
  MAXIMUM         74    224 PM 107    1913  80     -6       87
  MINIMUM         48   1156 PM  42    1962  58    -10       65
  AVERAGE         61                        69     -8       76

PRECIPITATION (IN)
  YESTERDAY        0.00          0.95 1902   0.14  -0.14     0.00
  MONTH TO DATE    T                         0.70  -0.70     0.00
  SINCE SEP 1      T                         0.70  -0.70     0.00
  SINCE JAN 1     15.84                     27.40 -11.56    21.19

DEGREE DAYS
 HEATING
  YESTERDAY        4                         1      3        0
  MONTH TO DATE    6                         5      1        0
  SINCE SEP 1      6                         5      1        0
  SINCE JUL 1      6                        16    -10        7

 COOLING
  YESTERDAY        0                         5     -5       11
  MONTH TO DATE   14                        27    -13       17
  SINCE SEP 1     14                        27    -13       17
  SINCE JAN 1    939                       861     78      916
..................................................................


WIND (MPH)
  HIGHEST WIND SPEED    30   HIGHEST WIND DIRECTION    NW (320)
  HIGHEST GUST SPEED    38   HIGHEST GUST DIRECTION    NW (320)
  AVERAGE WIND SPEED    13.0


SKY COVER
  POSSIBLE SUNSHINE  MM
  AVERAGE SKY COVER 0.1


WEATHER CONDITIONS
 THE FOLLOWING WEATHER WAS RECORDED YESTERDAY.
  NO SIGNIFICANT WEATHER WAS OBSERVED.


RELATIVE HUMIDITY (PERCENT)
 HIGHEST    89           500 AM
 LOWEST     29           200 PM
 AVERAGE    59

..........................................................


THE OTTUMWA IA CLIMATE NORMALS FOR TODAY
                         NORMAL    RECORD    YEAR
 MAXIMUM TEMPERATURE (F)   80       102      1913
 MINIMUM TEMPERATURE (F)   57        43      2011


SUNRISE AND SUNSET
SEPTEMBER  6 2017.....SUNRISE   642 AM CDT   SUNSET   734 PM CDT
SEPTEMBER  7 2017.....SUNRISE   643 AM CDT   SUNSET   732 PM CDT


-  INDICATES NEGATIVE NUMBERS.
R  INDICATES RECORD WAS SET OR TIED.
MM INDICATES DATA IS MISSING.
T  INDICATES TRACE AMOUNT.




$$
