000
CDUS43 KDMX 090630 RRA
CLIOTM

CLIMATE REPORT
NATIONAL WEATHER SERVICE DES MOINES IA
126 AM CDT SUN APR 9 2017

...................................

...THE OTTUMWA IA CLIMATE SUMMARY FOR APRIL 8 2017...

CLIMATE NORMAL PERIOD 1981 TO 2010
CLIMATE RECORD PERIOD 1920 TO 2017


WEATHER ITEM   OBSERVED TIME   RECORD YEAR NORMAL DEPARTURE LAST
                VALUE   (LST)  VALUE       VALUE  FROM      YEAR
                                                  NORMAL
..................................................................
TEMPERATURE (F)
 YESTERDAY
  MAXIMUM         78    215 PM  89    1931  60     18       50
  MINIMUM         45    526 AM  18    1972  37      8       27
  AVERAGE         62                        48     14       39

PRECIPITATION (IN)
  YESTERDAY        0.00          1.42 2008   0.10  -0.10      T
  MONTH TO DATE    1.94                      0.75   1.19     0.36
  SINCE MAR 1      5.14                      2.99   2.15     1.58
  SINCE JAN 1      6.73                      5.17   1.56     2.88

DEGREE DAYS
 HEATING
  YESTERDAY        3                        17    -14       26
  MONTH TO DATE  124                       147    -23      173
  SINCE MAR 1    851                       958   -107      788
  SINCE JUL 1   4658                      5843  -1185     4842

 COOLING
  YESTERDAY        0                         0      0        0
  MONTH TO DATE    0                         0      0        0
  SINCE MAR 1      0                         1     -1        0
  SINCE JAN 1      0                         1     -1        0
..................................................................


WIND (MPH)
  HIGHEST WIND SPEED    28   HIGHEST WIND DIRECTION     S (180)
  HIGHEST GUST SPEED    34   HIGHEST GUST DIRECTION     S (180)
  AVERAGE WIND SPEED    15.9


SKY COVER
  POSSIBLE SUNSHINE  MM
  AVERAGE SKY COVER 0.0


WEATHER CONDITIONS
 THE FOLLOWING WEATHER WAS RECORDED YESTERDAY.
  NO SIGNIFICANT WEATHER WAS OBSERVED.


RELATIVE HUMIDITY (PERCENT)
 HIGHEST    60          1000 PM
 LOWEST     36          1200 PM
 AVERAGE    48

..........................................................


THE OTTUMWA IA CLIMATE NORMALS FOR TODAY
                         NORMAL    RECORD    YEAR
 MAXIMUM TEMPERATURE (F)   60        85      1905
 MINIMUM TEMPERATURE (F)   37        18      2016
                                             1997


SUNRISE AND SUNSET
APRIL  9 2017.........SUNRISE   640 AM CDT   SUNSET   744 PM CDT
APRIL 10 2017.........SUNRISE   638 AM CDT   SUNSET   745 PM CDT


-  INDICATES NEGATIVE NUMBERS.
R  INDICATES RECORD WAS SET OR TIED.
MM INDICATES DATA IS MISSING.
T  INDICATES TRACE AMOUNT.

$$

REV
