000
CDUS43 KDMX 110637 RRB
CLIOTM

CLIMATE REPORT
NATIONAL WEATHER SERVICE DES MOINES IA
1237 AM CST WED JAN 11 2017

...................................

...THE OTTUMWA IA CLIMATE SUMMARY FOR JANUARY 10 2017...

CLIMATE NORMAL PERIOD 1981 TO 2010
CLIMATE RECORD PERIOD 1920 TO 2017


WEATHER ITEM   OBSERVED TIME   RECORD YEAR NORMAL DEPARTURE LAST
                VALUE   (LST)  VALUE       VALUE  FROM      YEAR
                                                  NORMAL
..................................................................
TEMPERATURE (F)
 YESTERDAY
  MAXIMUM         49   1026 AM  60    1928  31     18       12
  MINIMUM         24   1159 PM -23    1982  13     11       -4
  AVERAGE         37                        22     15        4

PRECIPITATION (IN)
  YESTERDAY        0.07          0.36 1924   0.03   0.04     0.00
  MONTH TO DATE    0.15                      0.33  -0.18     0.31
  SINCE DEC 1      1.52                      1.70  -0.18     4.34
  SINCE JAN 1      0.15                      0.33  -0.18     0.31

DEGREE DAYS
 HEATING
  YESTERDAY       28                        43    -15       61
  MONTH TO DATE  453                       424     29      419
  SINCE DEC 1   1609                      1631    -22     1265
  SINCE JUL 1   2393                      2929   -536     2276

 COOLING
  YESTERDAY        0                         0      0        0
  MONTH TO DATE    0                         0      0        0
  SINCE DEC 1      0                         0      0        0
  SINCE JAN 1      0                         0      0        0
..................................................................


WIND (MPH)
  HIGHEST WIND SPEED    32   HIGHEST WIND DIRECTION     W (280)
  HIGHEST GUST SPEED    42   HIGHEST GUST DIRECTION     W (290)
  AVERAGE WIND SPEED    15.6


SKY COVER
  POSSIBLE SUNSHINE  MM
  AVERAGE SKY COVER 0.8


WEATHER CONDITIONS
 THE FOLLOWING WEATHER WAS RECORDED YESTERDAY.
  LIGHT RAIN
  FOG
  HAZE


RELATIVE HUMIDITY (PERCENT)
 HIGHEST    86          1100 AM
 LOWEST     69           400 PM
 AVERAGE    78

..........................................................


THE OTTUMWA IA CLIMATE NORMALS FOR TODAY
                         NORMAL    RECORD    YEAR
 MAXIMUM TEMPERATURE (F)   31        55      2013
                                             1992
 MINIMUM TEMPERATURE (F)   13       -12      1974


SUNRISE AND SUNSET
JANUARY 11 2017.......SUNRISE   734 AM CST   SUNSET   502 PM CST
JANUARY 12 2017.......SUNRISE   734 AM CST   SUNSET   503 PM CST


-  INDICATES NEGATIVE NUMBERS.
R  INDICATES RECORD WAS SET OR TIED.
MM INDICATES DATA IS MISSING.
T  INDICATES TRACE AMOUNT.

$$

SMALL
