000
CDUS43 KDMX 070708 RRC
CLIOTM

CLIMATE REPORT
NATIONAL WEATHER SERVICE DES MOINES IA
154 AM CDT SAT OCT 7 2017


...................................

...THE OTTUMWA IA CLIMATE SUMMARY FOR OCTOBER 6 2017...

CLIMATE NORMAL PERIOD 1981 TO 2010
CLIMATE RECORD PERIOD 1920 TO 2017


WEATHER ITEM   OBSERVED TIME   RECORD YEAR NORMAL DEPARTURE LAST
                VALUE   (LST)  VALUE       VALUE  FROM      YEAR
                                                  NORMAL
..................................................................
TEMPERATURE (F)
 YESTERDAY
  MAXIMUM         71    522 PM  92    1963  67      4       75
  MINIMUM         65    258 AM  22    1935  44     21       60
  AVERAGE         68                        56     12       68

PRECIPITATION (IN)
  YESTERDAY        0.31          1.94 1927   0.09   0.22     0.17
  MONTH TO DATE    1.51                      0.59   0.92     0.52
  SINCE SEP 1      5.18                      4.38   0.80     1.53
  SINCE JAN 1     21.02                     31.08 -10.06    22.72

DEGREE DAYS
 HEATING
  YESTERDAY        0                        10    -10        0
  MONTH TO DATE   10                        53    -43        8
  SINCE SEP 1     47                       163   -116       41
  SINCE JUL 1     47                       174   -127       48

 COOLING
  YESTERDAY        3                         1      2        3
  MONTH TO DATE   22                         6     16       12
  SINCE SEP 1    191                        99     92      185
  SINCE JAN 1   1116                       933    183     1084
..................................................................


WIND (MPH)
  HIGHEST WIND SPEED    21   HIGHEST WIND DIRECTION     S (170)
  HIGHEST GUST SPEED    26   HIGHEST GUST DIRECTION     S (190)
  AVERAGE WIND SPEED    10.6


SKY COVER
  POSSIBLE SUNSHINE  MM
  AVERAGE SKY COVER 0.9


WEATHER CONDITIONS
 THE FOLLOWING WEATHER WAS RECORDED YESTERDAY.
  RAIN
  LIGHT RAIN
  FOG


RELATIVE HUMIDITY (PERCENT)
 HIGHEST   100           300 AM
 LOWEST     84          1000 PM
 AVERAGE    92

..........................................................


THE OTTUMWA IA CLIMATE NORMALS FOR TODAY
                         NORMAL    RECORD    YEAR
 MAXIMUM TEMPERATURE (F)   67        95      1939
 MINIMUM TEMPERATURE (F)   44        25      2012


SUNRISE AND SUNSET
OCTOBER  7 2017.......SUNRISE   713 AM CDT   SUNSET   641 PM CDT
OCTOBER  8 2017.......SUNRISE   714 AM CDT   SUNSET   640 PM CDT


-  INDICATES NEGATIVE NUMBERS.
R  INDICATES RECORD WAS SET OR TIED.
MM INDICATES DATA IS MISSING.
T  INDICATES TRACE AMOUNT.




$$
