000
CDUS43 KDMX 150653 RRB
CLIOTM

CLIMATE REPORT
NATIONAL WEATHER SERVICE DES MOINES IA
1250 AM CST THU FEB 15 2018


...................................

...THE OTTUMWA IA CLIMATE SUMMARY FOR FEBRUARY 14 2018...

CLIMATE NORMAL PERIOD 1981 TO 2010
CLIMATE RECORD PERIOD 1920 TO 2018


WEATHER ITEM   OBSERVED TIME   RECORD YEAR NORMAL DEPARTURE LAST
                VALUE   (LST)  VALUE       VALUE  FROM      YEAR
                                                  NORMAL
..................................................................
TEMPERATURE (F)
 YESTERDAY
  MAXIMUM         48    348 PM  69    1954  36     12       54
  MINIMUM         27   1239 AM  -6    1936  17     10       30
  AVERAGE         38                        26     12       42

PRECIPITATION (IN)
  YESTERDAY        0.00          0.66 2003   0.04  -0.04     0.00
  MONTH TO DATE    0.71                      0.50   0.21     0.12
  SINCE DEC 1      1.73                      2.77  -1.04     2.64
  SINCE JAN 1      1.03                      1.40  -0.37     1.27

DEGREE DAYS
 HEATING
  YESTERDAY       27                        38    -11       23
  MONTH TO DATE  671                       562    109      465
  SINCE DEC 1   3162                      3086     76     2760
  SINCE JUL 1   4289                      4384    -95     3553

 COOLING
  YESTERDAY        0                         0      0        0
  MONTH TO DATE    0                         0      0        0
  SINCE DEC 1      0                         0      0        0
  SINCE JAN 1      0                         0      0        0
..................................................................


WIND (MPH)
  HIGHEST WIND SPEED    18   HIGHEST WIND DIRECTION    SW (230)
  HIGHEST GUST SPEED    24   HIGHEST GUST DIRECTION    SW (230)
  AVERAGE WIND SPEED    11.9


SKY COVER
  POSSIBLE SUNSHINE  MM
  AVERAGE SKY COVER 0.0


WEATHER CONDITIONS
 THE FOLLOWING WEATHER WAS RECORDED YESTERDAY.
  FOG


RELATIVE HUMIDITY (PERCENT)
 HIGHEST    92           800 PM
 LOWEST     69           100 AM
 AVERAGE    81

..........................................................


THE OTTUMWA IA CLIMATE NORMALS FOR TODAY
                         NORMAL    RECORD    YEAR
 MAXIMUM TEMPERATURE (F)   36        63      1984
 MINIMUM TEMPERATURE (F)   18       -15      1930


SUNRISE AND SUNSET
FEBRUARY 15 2018......SUNRISE   704 AM CST   SUNSET   544 PM CST
FEBRUARY 16 2018......SUNRISE   703 AM CST   SUNSET   545 PM CST


-  INDICATES NEGATIVE NUMBERS.
R  INDICATES RECORD WAS SET OR TIED.
MM INDICATES DATA IS MISSING.
T  INDICATES TRACE AMOUNT.




$$
