000
CDUS43 KDMX 190631 RRA
CLIOTM

CLIMATE REPORT
NATIONAL WEATHER SERVICE DES MOINES IA
1229 AM CST THU FEB 19 2015


...................................

...THE OTTUMWA IA CLIMATE SUMMARY FOR FEBRUARY 18 2015...

CLIMATE NORMAL PERIOD 1981 TO 2010
CLIMATE RECORD PERIOD 1920 TO 2015


WEATHER ITEM   OBSERVED TIME   RECORD YEAR NORMAL DEPARTURE LAST
                VALUE   (LST)  VALUE       VALUE  FROM      YEAR
                                                  NORMAL
..................................................................
TEMPERATURE (F)
 YESTERDAY
  MAXIMUM         12   1202 AM  66    1930  37    -25       50
  MINIMUM          0    753 AM -14    1936  19    -19       27
  AVERAGE          6                        28    -22       39

PRECIPITATION (IN)
  YESTERDAY        0.00          0.65 2000   0.05  -0.05     0.00
  MONTH TO DATE    0.21                      0.68  -0.47     1.34
  SINCE DEC 1      2.13                      2.95  -0.82     2.44
  SINCE JAN 1      1.15                      1.58  -0.43     1.78

DEGREE DAYS
 HEATING
  YESTERDAY       59                        37     22       26
  MONTH TO DATE  829                       712    117      927
  SINCE DEC 1   3108                      3236   -128     3762
  SINCE JUL 1   4616                      4534     82     5092

 COOLING
  YESTERDAY        0                         0      0        0
  MONTH TO DATE    0                         0      0        0
  SINCE DEC 1      0                         0      0        0
  SINCE JAN 1      0                         0      0        0
..................................................................


WIND (MPH)
  HIGHEST WIND SPEED    30   HIGHEST WIND DIRECTION    NW (330)
  HIGHEST GUST SPEED    38   HIGHEST GUST DIRECTION    NW (330)
  AVERAGE WIND SPEED    18.3


SKY COVER
  POSSIBLE SUNSHINE  MM
  AVERAGE SKY COVER 0.3


WEATHER CONDITIONS
 THE FOLLOWING WEATHER WAS RECORDED YESTERDAY.
  HAZE
  BLOWING SNOW


RELATIVE HUMIDITY (PERCENT)
 HIGHEST    69           300 AM
 LOWEST     41           200 PM
 AVERAGE    55

..........................................................


THE OTTUMWA IA CLIMATE NORMALS FOR TODAY
                         NORMAL    RECORD    YEAR
 MAXIMUM TEMPERATURE (F)   38        72      1930
 MINIMUM TEMPERATURE (F)   19       -23      1936


SUNRISE AND SUNSET
FEBRUARY 19 2015......SUNRISE   659 AM CST   SUNSET   549 PM CST
FEBRUARY 20 2015......SUNRISE   658 AM CST   SUNSET   550 PM CST


-  INDICATES NEGATIVE NUMBERS.
R  INDICATES RECORD WAS SET OR TIED.
MM INDICATES DATA IS MISSING.
T  INDICATES TRACE AMOUNT.

$$
