000
CDUS43 KDMX 160635 RRA
CLIOTM

CLIMATE REPORT
NATIONAL WEATHER SERVICE DES MOINES IA
129 AM CDT FRI JUN 16 2017

...................................

...THE OTTUMWA IA CLIMATE SUMMARY FOR JUNE 15 2017...

CLIMATE NORMAL PERIOD 1981 TO 2010
CLIMATE RECORD PERIOD 1920 TO 2017


WEATHER ITEM   OBSERVED TIME   RECORD YEAR NORMAL DEPARTURE LAST
                VALUE   (LST)  VALUE       VALUE  FROM      YEAR
                                                  NORMAL
..................................................................
TEMPERATURE (F)
 YESTERDAY
  MAXIMUM         93    324 PM  97    2016  82     11       97
  MINIMUM         66    531 AM  44    1917  61      5       65
  AVERAGE         80                        71      9       81

PRECIPITATION (IN)
  YESTERDAY        0.01          2.70 1946   0.17  -0.16     0.00
  MONTH TO DATE    0.02                      2.57  -2.55     0.40
  SINCE JUN 1      0.02                      2.57  -2.55     0.40
  SINCE JAN 1     12.48                     15.10  -2.62     9.31

DEGREE DAYS
 HEATING
  YESTERDAY        0                         1     -1        0
  MONTH TO DATE    0                        19    -19        1
  SINCE JUN 1      0                        19    -19        1
  SINCE JUL 1   5008                      6315  -1307     5265

 COOLING
  YESTERDAY       15                         7      8       16
  MONTH TO DATE  160                        75     85      131
  SINCE JUN 1    160                        75     85      131
  SINCE JAN 1    221                       139     82      202
..................................................................


WIND (MPH)
  HIGHEST WIND SPEED    30   HIGHEST WIND DIRECTION     W (250)
  HIGHEST GUST SPEED    42   HIGHEST GUST DIRECTION     W (260)
  AVERAGE WIND SPEED     9.2


SKY COVER
  POSSIBLE SUNSHINE  MM
  AVERAGE SKY COVER 0.0


WEATHER CONDITIONS
 THE FOLLOWING WEATHER WAS RECORDED YESTERDAY.
  THUNDERSTORM
  LIGHT RAIN


RELATIVE HUMIDITY (PERCENT)
 HIGHEST    93           100 AM
 LOWEST     32           200 PM
 AVERAGE    63

..........................................................


THE OTTUMWA IA CLIMATE NORMALS FOR TODAY
                         NORMAL    RECORD    YEAR
 MAXIMUM TEMPERATURE (F)   82        97      1936
 MINIMUM TEMPERATURE (F)   61        48      1917


SUNRISE AND SUNSET
JUNE 16 2017..........SUNRISE   537 AM CDT   SUNSET   844 PM CDT
JUNE 17 2017..........SUNRISE   537 AM CDT   SUNSET   845 PM CDT


-  INDICATES NEGATIVE NUMBERS.
R  INDICATES RECORD WAS SET OR TIED.
MM INDICATES DATA IS MISSING.
T  INDICATES TRACE AMOUNT.

$$

REV
