000
CDUS43 KDMX 030634
CLIOTM

CLIMATE REPORT
NATIONAL WEATHER SERVICE DES MOINES IA
1232 AM CST TUE JAN 3 2017


...................................

...THE OTTUMWA IA CLIMATE SUMMARY FOR JANUARY 2 2017...

CLIMATE NORMAL PERIOD 1981 TO 2010
CLIMATE RECORD PERIOD 1920 TO 2017


WEATHER ITEM   OBSERVED TIME   RECORD YEAR NORMAL DEPARTURE LAST
                VALUE   (LST)  VALUE       VALUE  FROM      YEAR
                                                  NORMAL
..................................................................
TEMPERATURE (F)
 YESTERDAY
  MAXIMUM         41    253 PM  62    2004  32      9       34
  MINIMUM         31    127 AM -15    2010  14     17       11
                                      1979
  AVERAGE         36                        23     13       23

PRECIPITATION (IN)
  YESTERDAY        0.08        999.00 2005   0.04   0.04     0.00
  MONTH TO DATE    0.08                      0.07   0.01     0.00
  SINCE DEC 1      1.45                      1.44   0.01     4.03
  SINCE JAN 1      0.08                      0.07   0.01     0.00

DEGREE DAYS
 HEATING
  YESTERDAY       29                        42    -13       42
  MONTH TO DATE   66                        84    -18       81
  SINCE DEC 1   1222                      1291    -69      927
  SINCE JUL 1   2006                      2589   -583     1938

 COOLING
  YESTERDAY        0                         0      0        0
  MONTH TO DATE    0                         0      0        0
  SINCE DEC 1      0                         0      0        0
  SINCE JAN 1      0                         0      0        0
..................................................................


WIND (MPH)
  HIGHEST WIND SPEED    17   HIGHEST WIND DIRECTION     E (110)
  HIGHEST GUST SPEED    20   HIGHEST GUST DIRECTION     E (100)
  AVERAGE WIND SPEED     8.5


SKY COVER
  POSSIBLE SUNSHINE  MM
  AVERAGE SKY COVER 1.0


WEATHER CONDITIONS
 THE FOLLOWING WEATHER WAS RECORDED YESTERDAY.
  LIGHT RAIN
  FOG
  FOG W/VISIBILITY <= 1/4 MILE
  HAZE


RELATIVE HUMIDITY (PERCENT)
 HIGHEST    92           700 PM
 LOWEST     72          1200 AM
 AVERAGE    82

..........................................................


THE OTTUMWA IA CLIMATE NORMALS FOR TODAY
                         NORMAL    RECORD    YEAR
 MAXIMUM TEMPERATURE (F)   32        56      1998
 MINIMUM TEMPERATURE (F)   14       -11      2014


SUNRISE AND SUNSET
JANUARY  3 2017.......SUNRISE   735 AM CST   SUNSET   454 PM CST
JANUARY  4 2017.......SUNRISE   735 AM CST   SUNSET   455 PM CST


-  INDICATES NEGATIVE NUMBERS.
R  INDICATES RECORD WAS SET OR TIED.
MM INDICATES DATA IS MISSING.
T  INDICATES TRACE AMOUNT.




$$
