415
CDUS43 KDMX 190635 RRA
CLIOTM

CLIMATE REPORT
NATIONAL WEATHER SERVICE DES MOINES IA
133 AM CDT WED APR 19 2017


...................................

...THE OTTUMWA IA CLIMATE SUMMARY FOR APRIL 18 2017...

CLIMATE NORMAL PERIOD 1981 TO 2010
CLIMATE RECORD PERIOD 1920 TO 2017


WEATHER ITEM   OBSERVED TIME   RECORD YEAR NORMAL DEPARTURE LAST
                VALUE   (LST)  VALUE       VALUE  FROM      YEAR
                                                  NORMAL
..................................................................
TEMPERATURE (F)
 YESTERDAY
  MAXIMUM         78    423 PM  87    1985  63     15       78
  MINIMUM         50    357 AM  19    1983  40     10       54
  AVERAGE         64                        52     12       66

PRECIPITATION (IN)
  YESTERDAY        T             1.26 1927   0.12  -0.12     0.07
  MONTH TO DATE    2.86                      1.84   1.02     0.53
  SINCE MAR 1      6.06                      4.08   1.98     1.75
  SINCE JAN 1      7.65                      6.26   1.39     3.05

DEGREE DAYS
 HEATING
  YESTERDAY        1                        14    -13        0
  MONTH TO DATE  168                       299   -131      296
  SINCE MAR 1    895                      1110   -215      911
  SINCE JUL 1   4702                      5995  -1293     4965

 COOLING
  YESTERDAY        0                         0      0        1
  MONTH TO DATE   11                         0     11        3
  SINCE MAR 1     11                         1     10        3
  SINCE JAN 1     11                         1     10        3
..................................................................


WIND (MPH)
  HIGHEST WIND SPEED    26   HIGHEST WIND DIRECTION     S (180)
  HIGHEST GUST SPEED    32   HIGHEST GUST DIRECTION     S (170)
  AVERAGE WIND SPEED    11.5


SKY COVER
  POSSIBLE SUNSHINE  MM
  AVERAGE SKY COVER 0.3


WEATHER CONDITIONS
 THE FOLLOWING WEATHER WAS RECORDED YESTERDAY.
  LIGHT RAIN


RELATIVE HUMIDITY (PERCENT)
 HIGHEST    87          1100 PM
 LOWEST     43           400 PM
 AVERAGE    65

..........................................................


THE OTTUMWA IA CLIMATE NORMALS FOR TODAY
                         NORMAL    RECORD    YEAR
 MAXIMUM TEMPERATURE (F)   64        85      1985
 MINIMUM TEMPERATURE (F)   41        26      1949


SUNRISE AND SUNSET
APRIL 19 2017.........SUNRISE   624 AM CDT   SUNSET   754 PM CDT
APRIL 20 2017.........SUNRISE   623 AM CDT   SUNSET   755 PM CDT


-  INDICATES NEGATIVE NUMBERS.
R  INDICATES RECORD WAS SET OR TIED.
MM INDICATES DATA IS MISSING.
T  INDICATES TRACE AMOUNT.




$$
