701
CDUS43 KDMX 300642
CLIOTM

CLIMATE REPORT
NATIONAL WEATHER SERVICE DES MOINES IA
1239 AM CST WED NOV 30 2016


...................................

...THE OTTUMWA IA CLIMATE SUMMARY FOR NOVEMBER 29 2016...

CLIMATE NORMAL PERIOD 1981 TO 2010
CLIMATE RECORD PERIOD 1920 TO 2016


WEATHER ITEM   OBSERVED TIME   RECORD YEAR NORMAL DEPARTURE LAST
                VALUE   (LST)  VALUE       VALUE  FROM      YEAR
                                                  NORMAL
..................................................................
TEMPERATURE (F)
 YESTERDAY
  MAXIMUM         51   1229 PM  70    1998  41     10       36
  MINIMUM         34    804 AM  -3    1976  23     11       31
  AVERAGE         43                        32     11       34

PRECIPITATION (IN)
  YESTERDAY        0.00          1.65 1975   0.07  -0.07     0.26
  MONTH TO DATE    0.71                      2.31  -1.60     4.94
  SINCE SEP 1      2.73                      8.93  -6.20    10.60
  SINCE JAN 1     23.92                     35.63 -11.71    36.31

DEGREE DAYS
 HEATING
  YESTERDAY       22                        33    -11       31
  MONTH TO DATE  499                       739   -240      570
  SINCE SEP 1    749                      1252   -503      961
  SINCE JUL 1    756                      1263   -507      983

 COOLING
  YESTERDAY        0                         0      0        0
  MONTH TO DATE    5                         0      5        0
  SINCE SEP 1    223                       104    119      205
  SINCE JAN 1   1122                       938    184      933
..................................................................


WIND (MPH)
  HIGHEST WIND SPEED    18   HIGHEST WIND DIRECTION    SW (240)
  HIGHEST GUST SPEED    22   HIGHEST GUST DIRECTION    SW (230)
  AVERAGE WIND SPEED     9.6


SKY COVER
  POSSIBLE SUNSHINE  MM
  AVERAGE SKY COVER 0.2


WEATHER CONDITIONS
 THE FOLLOWING WEATHER WAS RECORDED YESTERDAY.
  NO SIGNIFICANT WEATHER WAS OBSERVED.


RELATIVE HUMIDITY (PERCENT)
 HIGHEST    82           800 AM
 LOWEST     42           300 PM
 AVERAGE    62

..........................................................


THE OTTUMWA IA CLIMATE NORMALS FOR TODAY
                         NORMAL    RECORD    YEAR
 MAXIMUM TEMPERATURE (F)   41        67      1998
 MINIMUM TEMPERATURE (F)   23        -9      1964


SUNRISE AND SUNSET
NOVEMBER 30 2016......SUNRISE   715 AM CST   SUNSET   442 PM CST
DECEMBER  1 2016......SUNRISE   716 AM CST   SUNSET   442 PM CST


-  INDICATES NEGATIVE NUMBERS.
R  INDICATES RECORD WAS SET OR TIED.
MM INDICATES DATA IS MISSING.
T  INDICATES TRACE AMOUNT.




$$
