000
CDUS43 KDMX 270642 RRA
CLIOTM

CLIMATE REPORT
NATIONAL WEATHER SERVICE DES MOINES IA
132 AM CDT SAT JUN 27 2015


...................................

...THE OTTUMWA IA CLIMATE SUMMARY FOR JUNE 26 2015...

CLIMATE NORMAL PERIOD 1981 TO 2010
CLIMATE RECORD PERIOD 1920 TO 2015


WEATHER ITEM   OBSERVED TIME   RECORD YEAR NORMAL DEPARTURE LAST
                VALUE   (LST)  VALUE       VALUE  FROM      YEAR
                                                  NORMAL
..................................................................
TEMPERATURE (F)
 YESTERDAY
  MAXIMUM         74    422 PM 103    1936  84    -10       83
  MINIMUM         60   1031 PM  46    1926  63     -3       65
  AVERAGE         67                        74     -7       74

PRECIPITATION (IN)
  YESTERDAY        0.05          2.28 1932   0.17  -0.12     0.02
  MONTH TO DATE    6.75                      4.44   2.31     6.48
  SINCE JUN 1      6.75                      4.44   2.31     6.48
  SINCE JAN 1     15.66                     16.97  -1.31    19.59

DEGREE DAYS
 HEATING
  YESTERDAY        0                         0      0        0
  MONTH TO DATE   10                        19     -9        9
  SINCE JUN 1     10                        19     -9        9
  SINCE JUL 1   6379                      6315     64     7107

 COOLING
  YESTERDAY        2                         9     -7        9
  MONTH TO DATE  176                       163     13      171
  SINCE JUN 1    176                       163     13      171
  SINCE JAN 1    237                       227     10      282
..................................................................


WIND (MPH)
  HIGHEST WIND SPEED    17   HIGHEST WIND DIRECTION     N (10)
  HIGHEST GUST SPEED    23   HIGHEST GUST DIRECTION    NE (30)
  AVERAGE WIND SPEED     9.0


SKY COVER
  POSSIBLE SUNSHINE  MM
  AVERAGE SKY COVER 0.6


WEATHER CONDITIONS
 THE FOLLOWING WEATHER WAS RECORDED YESTERDAY.
  LIGHT RAIN
  FOG


RELATIVE HUMIDITY (PERCENT)
 HIGHEST   100          1200 AM
 LOWEST     73           500 PM
 AVERAGE    87

..........................................................


THE OTTUMWA IA CLIMATE NORMALS FOR TODAY
                         NORMAL    RECORD    YEAR
 MAXIMUM TEMPERATURE (F)   85       101      1934
 MINIMUM TEMPERATURE (F)   64        48      1938


SUNRISE AND SUNSET
JUNE 27 2015..........SUNRISE   539 AM CDT   SUNSET   846 PM CDT
JUNE 28 2015..........SUNRISE   540 AM CDT   SUNSET   846 PM CDT


-  INDICATES NEGATIVE NUMBERS.
R  INDICATES RECORD WAS SET OR TIED.
MM INDICATES DATA IS MISSING.
T  INDICATES TRACE AMOUNT.




$$
