704
CDUS43 KDMX 190639
CLIOTM

CLIMATE REPORT
NATIONAL WEATHER SERVICE DES MOINES IA
138 AM CDT THU MAY 19 2016

...................................

...THE OTTUMWA IA CLIMATE SUMMARY FOR MAY 18 2016...

CLIMATE NORMAL PERIOD 1981 TO 2010
CLIMATE RECORD PERIOD 1920 TO 2016


WEATHER ITEM   OBSERVED TIME   RECORD YEAR NORMAL DEPARTURE LAST
                VALUE   (LST)  VALUE       VALUE  FROM      YEAR
                                                  NORMAL
..................................................................
TEMPERATURE (F)
 YESTERDAY
  MAXIMUM         68    313 PM  92    1962  73     -5       64
  MINIMUM         42    423 AM  34    2002  51     -9       42
  AVERAGE         55                        62     -7       53

PRECIPITATION (IN)
  YESTERDAY        0.00          2.23 1927   0.15  -0.15      T
  MONTH TO DATE    2.08                      2.66  -0.58     2.08
  SINCE MAR 1      5.95                      8.30  -2.35     5.08
  SINCE JAN 1      6.38                     10.48  -4.10     7.20

DEGREE DAYS
 HEATING
  YESTERDAY       10                         5      5       12
  MONTH TO DATE  165                       122     43       63
  SINCE MAR 1   1187                      1367   -180     1179
  SINCE JUL 1   5241                      6252  -1011     6310

 COOLING
  YESTERDAY        0                         2     -2        0
  MONTH TO DATE    3                        21    -18       39
  SINCE MAR 1     12                        32    -20       40
  SINCE JAN 1     12                        32    -20       40
..................................................................


WIND (MPH)
  HIGHEST WIND SPEED    12   HIGHEST WIND DIRECTION     E (90)
  HIGHEST GUST SPEED    16   HIGHEST GUST DIRECTION     E (70)
  AVERAGE WIND SPEED     4.4


SKY COVER
  POSSIBLE SUNSHINE  MM
  AVERAGE SKY COVER 0.0


WEATHER CONDITIONS
 THE FOLLOWING WEATHER WAS RECORDED YESTERDAY.
  FOG


RELATIVE HUMIDITY (PERCENT)
 HIGHEST    66          1100 PM
 LOWEST     31           700 PM
 AVERAGE    49

..........................................................


THE OTTUMWA IA CLIMATE NORMALS FOR TODAY
                         NORMAL    RECORD    YEAR
 MAXIMUM TEMPERATURE (F)   73        90      1998
 MINIMUM TEMPERATURE (F)   52        34      2002


SUNRISE AND SUNSET
MAY 19 2016...........SUNRISE   548 AM CDT   SUNSET   825 PM CDT
MAY 20 2016...........SUNRISE   547 AM CDT   SUNSET   826 PM CDT


-  INDICATES NEGATIVE NUMBERS.
R  INDICATES RECORD WAS SET OR TIED.
MM INDICATES DATA IS MISSING.
T  INDICATES TRACE AMOUNT.

$$

SMALL
