000
CDUS43 KDMX 050631
CLIOTM

CLIMATE REPORT
NATIONAL WEATHER SERVICE DES MOINES IA
128 AM CDT SUN NOV 5 2017

...................................

...THE OTTUMWA IA CLIMATE SUMMARY FOR NOVEMBER 4 2017...

CLIMATE NORMAL PERIOD 1981 TO 2010
CLIMATE RECORD PERIOD 1920 TO 2017


WEATHER ITEM   OBSERVED TIME   RECORD YEAR NORMAL DEPARTURE LAST
                VALUE   (LST)  VALUE       VALUE  FROM      YEAR
                                                  NORMAL
..................................................................
TEMPERATURE (F)
 YESTERDAY
  MAXIMUM         53    325 PM  76    1978  55     -2       73
  MINIMUM         43    139 AM   6    1991  35      8       36
  AVERAGE         48                        45      3       55

PRECIPITATION (IN)
  YESTERDAY        T             2.25 1938   0.09  -0.09     0.00
  MONTH TO DATE    T                         0.37  -0.37     0.09
  SINCE SEP 1      6.53                      6.99  -0.46     2.11
  SINCE JAN 1     22.37                     33.69 -11.32    23.30

DEGREE DAYS
 HEATING
  YESTERDAY       17                        20     -3       10
  MONTH TO DATE   87                        77     10       22
  SINCE SEP 1    437                       590   -153      281
  SINCE JUL 1    437                       601   -164      288

 COOLING
  YESTERDAY        0                         0      0        0
  MONTH TO DATE    0                         0      0        3
  SINCE SEP 1    195                       104     91      221
  SINCE JAN 1   1120                       938    182     1120
..................................................................


WIND (MPH)
  HIGHEST WIND SPEED    17   HIGHEST WIND DIRECTION     E (100)
  HIGHEST GUST SPEED    21   HIGHEST GUST DIRECTION     E (90)
  AVERAGE WIND SPEED     5.4


SKY COVER
  POSSIBLE SUNSHINE  MM
  AVERAGE SKY COVER 1.0


WEATHER CONDITIONS
 THE FOLLOWING WEATHER WAS RECORDED YESTERDAY.
  LIGHT RAIN
  FOG
  HAZE


RELATIVE HUMIDITY (PERCENT)
 HIGHEST   100          1000 AM
 LOWEST     77           300 PM
 AVERAGE    89

..........................................................


THE OTTUMWA IA CLIMATE NORMALS FOR TODAY
                         NORMAL    RECORD    YEAR
 MAXIMUM TEMPERATURE (F)   55        76      1924
 MINIMUM TEMPERATURE (F)   35        20      1973


SUNRISE AND SUNSET
NOVEMBER  5 2017......SUNRISE   646 AM CST   SUNSET   500 PM CST
NOVEMBER  6 2017......SUNRISE   647 AM CST   SUNSET   459 PM CST


-  INDICATES NEGATIVE NUMBERS.
R  INDICATES RECORD WAS SET OR TIED.
MM INDICATES DATA IS MISSING.
T  INDICATES TRACE AMOUNT.

$$

REV
