000
CDUS43 KDMX 150736 RRA
CLIOTM

CLIMATE REPORT
NATIONAL WEATHER SERVICE DES MOINES IA
135 AM CST THU JAN 15 2015

...................................

...THE OTTUMWA IA CLIMATE SUMMARY FOR JANUARY 14 2015...

CLIMATE NORMAL PERIOD 1981 TO 2010
CLIMATE RECORD PERIOD 1920 TO 2015


WEATHER ITEM   OBSERVED TIME   RECORD YEAR NORMAL DEPARTURE LAST
                VALUE   (LST)  VALUE       VALUE  FROM      YEAR
                                                  NORMAL
..................................................................
TEMPERATURE (F)
 YESTERDAY
  MAXIMUM         32    413 PM  65    1952  31      1       39
  MINIMUM         12    942 PM -21    1957  13     -1       18
  AVERAGE         22                        22      0       29

PRECIPITATION (IN)
  YESTERDAY        0.00          0.56 1960   0.02  -0.02     0.04
  MONTH TO DATE    0.08                      0.44  -0.36     0.25
  SINCE DEC 1      1.06                      1.81  -0.75     0.91
  SINCE JAN 1      0.08                      0.44  -0.36     0.25

DEGREE DAYS
 HEATING
  YESTERDAY       43                        43      0       36
  MONTH TO DATE  719                       596    123      680
  SINCE DEC 1   1762                      1803    -41     2025
  SINCE JUL 1   3270                      3101    169     3355

 COOLING
  YESTERDAY        0                         0      0        0
  MONTH TO DATE    0                         0      0        0
  SINCE DEC 1      0                         0      0        0
  SINCE JAN 1      0                         0      0        0
..................................................................


WIND (MPH)
  HIGHEST WIND SPEED    13   HIGHEST WIND DIRECTION     N (340)
  HIGHEST GUST SPEED    17   HIGHEST GUST DIRECTION    SW (230)
  AVERAGE WIND SPEED     6.6


SKY COVER
  POSSIBLE SUNSHINE  MM
  AVERAGE SKY COVER 0.6


WEATHER CONDITIONS
 THE FOLLOWING WEATHER WAS RECORDED YESTERDAY.
  FOG
  HAZE


RELATIVE HUMIDITY (PERCENT)
 HIGHEST    92          1100 PM
 LOWEST     58           200 PM
 AVERAGE    75

..........................................................


THE OTTUMWA IA CLIMATE NORMALS FOR TODAY
                         NORMAL    RECORD    YEAR
 MAXIMUM TEMPERATURE (F)   31        59      1990
 MINIMUM TEMPERATURE (F)   13       -20      1979


SUNRISE AND SUNSET
JANUARY 15 2015.......SUNRISE   733 AM CST   SUNSET   506 PM CST
JANUARY 16 2015.......SUNRISE   732 AM CST   SUNSET   507 PM CST


-  INDICATES NEGATIVE NUMBERS.
R  INDICATES RECORD WAS SET OR TIED.
MM INDICATES DATA IS MISSING.
T  INDICATES TRACE AMOUNT.




$$
