000
CDUS43 KDMX 130635 RRB
CLIOTM

CLIMATE REPORT
NATIONAL WEATHER SERVICE DES MOINES IA
1233 AM CST FRI JAN 13 2017


...................................

...THE OTTUMWA IA CLIMATE SUMMARY FOR JANUARY 12 2017...

CLIMATE NORMAL PERIOD 1981 TO 2010
CLIMATE RECORD PERIOD 1920 TO 2017


WEATHER ITEM   OBSERVED TIME   RECORD YEAR NORMAL DEPARTURE LAST
                VALUE   (LST)  VALUE       VALUE  FROM      YEAR
                                                  NORMAL
..................................................................
TEMPERATURE (F)
 YESTERDAY
  MAXIMUM         24    414 PM  60    1960  31     -7       29
  MINIMUM         16    859 PM -22    1974  13      3        2
  AVERAGE         20                        22     -2       16

PRECIPITATION (IN)
  YESTERDAY        T             1.17 1898   0.03  -0.03     0.05
  MONTH TO DATE    0.15                      0.39  -0.24     0.38
  SINCE DEC 1      1.52                      1.76  -0.24     4.41
  SINCE JAN 1      0.15                      0.39  -0.24     0.38

DEGREE DAYS
 HEATING
  YESTERDAY       45                        43      2       49
  MONTH TO DATE  531                       510     21      512
  SINCE DEC 1   1687                      1717    -30     1358
  SINCE JUL 1   2471                      3015   -544     2369

 COOLING
  YESTERDAY        0                         0      0        0
  MONTH TO DATE    0                         0      0        0
  SINCE DEC 1      0                         0      0        0
  SINCE JAN 1      0                         0      0        0
..................................................................


WIND (MPH)
  HIGHEST WIND SPEED    21   HIGHEST WIND DIRECTION    NW (330)
  HIGHEST GUST SPEED    24   HIGHEST GUST DIRECTION    NW (330)
  AVERAGE WIND SPEED    11.7


SKY COVER
  POSSIBLE SUNSHINE  MM
  AVERAGE SKY COVER 0.6


WEATHER CONDITIONS
 THE FOLLOWING WEATHER WAS RECORDED YESTERDAY.
  HAZE


RELATIVE HUMIDITY (PERCENT)
 HIGHEST    74          1200 AM
 LOWEST     40           300 PM
 AVERAGE    57

..........................................................


THE OTTUMWA IA CLIMATE NORMALS FOR TODAY
                         NORMAL    RECORD    YEAR
 MAXIMUM TEMPERATURE (F)   31        59      1987
 MINIMUM TEMPERATURE (F)   13       -16      1963


SUNRISE AND SUNSET
JANUARY 13 2017.......SUNRISE   733 AM CST   SUNSET   504 PM CST
JANUARY 14 2017.......SUNRISE   733 AM CST   SUNSET   505 PM CST


-  INDICATES NEGATIVE NUMBERS.
R  INDICATES RECORD WAS SET OR TIED.
MM INDICATES DATA IS MISSING.
T  INDICATES TRACE AMOUNT.




$$
