000
CDUS43 KDMX 200633 RRC
CLIOTM

CLIMATE REPORT
NATIONAL WEATHER SERVICE DES MOINES IA
132 AM CDT SUN JUL 20 2014


...................................

...THE OTTUMWA IA CLIMATE SUMMARY FOR JULY 19 2014...

CLIMATE NORMAL PERIOD 1981 TO 2010
CLIMATE RECORD PERIOD 1920 TO 2014


WEATHER ITEM   OBSERVED TIME   RECORD YEAR NORMAL DEPARTURE LAST
                VALUE   (LST)  VALUE       VALUE  FROM      YEAR
                                                  NORMAL
..................................................................
TEMPERATURE (F)
 YESTERDAY
  MAXIMUM         80    235 PM 110    1934  86     -6       97
  MINIMUM         59    541 AM  53    1910  65     -6       74
  AVERAGE         70                        75     -5       86

PRECIPITATION (IN)
  YESTERDAY        0.00          2.47 1962   0.13  -0.13      T
  MONTH TO DATE    2.98                      2.86   0.12     0.16
  SINCE JUN 1     11.00                      7.95   3.05     2.55
  SINCE JAN 1     21.84                     20.48   1.36    26.87

DEGREE DAYS
 HEATING
  YESTERDAY        0                         0      0        0
  MONTH TO DATE   13                         0     13        0
  SINCE JUN 1     22                        21      1       26
  SINCE JUL 1     13                         0     13        0

 COOLING
  YESTERDAY        5                        10     -5       21
  MONTH TO DATE   89                       190   -101      204
  SINCE JUN 1    303                       391    -88      402
  SINCE JAN 1    414                       455    -41      479
..................................................................


WIND (MPH)
  HIGHEST WIND SPEED    13   HIGHEST WIND DIRECTION     S (170)
  HIGHEST GUST SPEED    16   HIGHEST GUST DIRECTION     S (170)
  AVERAGE WIND SPEED     6.5


SKY COVER
  POSSIBLE SUNSHINE  MM
  AVERAGE SKY COVER 0.4


WEATHER CONDITIONS
 THE FOLLOWING WEATHER WAS RECORDED YESTERDAY.
  NO SIGNIFICANT WEATHER WAS OBSERVED.


RELATIVE HUMIDITY (PERCENT)
 HIGHEST    87          1000 PM
 LOWEST     54           100 PM
 AVERAGE    71

..........................................................


THE OTTUMWA IA CLIMATE NORMALS FOR TODAY
                         NORMAL    RECORD    YEAR
 MAXIMUM TEMPERATURE (F)   86       111      1934
 MINIMUM TEMPERATURE (F)   65        53      2009
                                             1941


SUNRISE AND SUNSET
JULY 20 2014..........SUNRISE   554 AM CDT   SUNSET   837 PM CDT
JULY 21 2014..........SUNRISE   555 AM CDT   SUNSET   837 PM CDT


-  INDICATES NEGATIVE NUMBERS.
R  INDICATES RECORD WAS SET OR TIED.
MM INDICATES DATA IS MISSING.
T  INDICATES TRACE AMOUNT.




$$
