000
CDUS43 KDMX 310632 RRA
CLIOTM

CLIMATE REPORT
NATIONAL WEATHER SERVICE DES MOINES IA
1228 AM CST TUE JAN 31 2017

...................................

...THE OTTUMWA IA CLIMATE SUMMARY FOR JANUARY 30 2017...

CLIMATE NORMAL PERIOD 1981 TO 2010
CLIMATE RECORD PERIOD 1920 TO 2017


WEATHER ITEM   OBSERVED TIME   RECORD YEAR NORMAL DEPARTURE LAST
                VALUE   (LST)  VALUE       VALUE  FROM      YEAR
                                                  NORMAL
..................................................................
TEMPERATURE (F)
 YESTERDAY
  MAXIMUM         54    410 PM  65    2012  32     22       MM
  MINIMUM         20    334 AM -17    1936  14      6       MM
  AVERAGE         37                        23     14       MM

PRECIPITATION (IN)
  YESTERDAY        0.00          0.58 1937   0.03  -0.03     0.00
  MONTH TO DATE    1.12                      0.87   0.25     0.48
  SINCE DEC 1      2.49                      2.24   0.25     4.51
  SINCE JAN 1      1.12                      0.87   0.25     0.48

DEGREE DAYS
 HEATING
  YESTERDAY       28                        42    -14       MM
  MONTH TO DATE 1114                      1278   -164     1220
  SINCE DEC 1   2270                      2485   -215     2066
  SINCE JUL 1   3063                      3783   -720     3077

 COOLING
  YESTERDAY        0                         0      0       MM
  MONTH TO DATE    0                         0      0        0
  SINCE DEC 1      0                         0      0        0
  SINCE JAN 1      0                         0      0        0
..................................................................


WIND (MPH)
  HIGHEST WIND SPEED    24   HIGHEST WIND DIRECTION     W (280)
  HIGHEST GUST SPEED    33   HIGHEST GUST DIRECTION     W (290)
  AVERAGE WIND SPEED    13.0


SKY COVER
  POSSIBLE SUNSHINE  MM
  AVERAGE SKY COVER 0.4


WEATHER CONDITIONS
 THE FOLLOWING WEATHER WAS RECORDED YESTERDAY.
  NO SIGNIFICANT WEATHER WAS OBSERVED.


RELATIVE HUMIDITY (PERCENT)
 HIGHEST    88           300 AM
 LOWEST     38           400 PM
 AVERAGE    63

..........................................................


THE OTTUMWA IA CLIMATE NORMALS FOR TODAY
                         NORMAL    RECORD    YEAR
 MAXIMUM TEMPERATURE (F)   32        71      1989
 MINIMUM TEMPERATURE (F)   14       -20      1996


SUNRISE AND SUNSET
JANUARY 31 2017.......SUNRISE   721 AM CST   SUNSET   526 PM CST
FEBRUARY  1 2017......SUNRISE   720 AM CST   SUNSET   527 PM CST


-  INDICATES NEGATIVE NUMBERS.
R  INDICATES RECORD WAS SET OR TIED.
MM INDICATES DATA IS MISSING.
T  INDICATES TRACE AMOUNT.

$$

ANSORGE
