000
CDUS43 KDMX 230641
CLIOTM

CLIMATE REPORT
NATIONAL WEATHER SERVICE DES MOINES IA
130 AM CDT THU JUL 23 2015


...................................

...THE OTTUMWA IA CLIMATE SUMMARY FOR JULY 22 2015...

CLIMATE NORMAL PERIOD 1981 TO 2010
CLIMATE RECORD PERIOD 1920 TO 2015


WEATHER ITEM   OBSERVED TIME   RECORD YEAR NORMAL DEPARTURE LAST
                VALUE   (LST)  VALUE       VALUE  FROM      YEAR
                                                  NORMAL
..................................................................
TEMPERATURE (F)
 YESTERDAY
  MAXIMUM         80    433 PM 108    1934  86     -6       90
  MINIMUM         57    436 AM  46    1947  65     -8       71
  AVERAGE         69                        75     -6       81

PRECIPITATION (IN)
  YESTERDAY        0.00          1.33 1957   0.13  -0.13     0.37
  MONTH TO DATE    4.28                      3.26   1.02     3.35
  SINCE JUN 1     12.07                      8.35   3.72    11.37
  SINCE JAN 1     20.98                     20.88   0.10    24.48

DEGREE DAYS
 HEATING
  YESTERDAY        0                         0      0        0
  MONTH TO DATE    6                         0      6       13
  SINCE JUN 1     16                        21     -5       22
  SINCE JUL 1      6                         0      6       13

 COOLING
  YESTERDAY        4                        10     -6       16
  MONTH TO DATE  175                       220    -45      124
  SINCE JUN 1    379                       421    -42      338
  SINCE JAN 1    440                       485    -45      449
..................................................................


WIND (MPH)
  HIGHEST WIND SPEED    10   HIGHEST WIND DIRECTION    NE (50)
  HIGHEST GUST SPEED    14   HIGHEST GUST DIRECTION     E (100)
  AVERAGE WIND SPEED     4.4


SKY COVER
  POSSIBLE SUNSHINE  MM
  AVERAGE SKY COVER 0.1


WEATHER CONDITIONS
 THE FOLLOWING WEATHER WAS RECORDED YESTERDAY.
  FOG


RELATIVE HUMIDITY (PERCENT)
 HIGHEST   100           500 AM
 LOWEST     51           200 PM
 AVERAGE    76

..........................................................


THE OTTUMWA IA CLIMATE NORMALS FOR TODAY
                         NORMAL    RECORD    YEAR
 MAXIMUM TEMPERATURE (F)   86       108      1934
 MINIMUM TEMPERATURE (F)   65        52      1947


SUNRISE AND SUNSET
JULY 23 2015..........SUNRISE   557 AM CDT   SUNSET   835 PM CDT
JULY 24 2015..........SUNRISE   558 AM CDT   SUNSET   834 PM CDT


-  INDICATES NEGATIVE NUMBERS.
R  INDICATES RECORD WAS SET OR TIED.
MM INDICATES DATA IS MISSING.
T  INDICATES TRACE AMOUNT.

$$
