000
CDUS43 KDMX 170648
CLIOTM

CLIMATE REPORT
NATIONAL WEATHER SERVICE DES MOINES IA
133 AM CDT SAT SEP 17 2016

...................................

...THE OTTUMWA IA CLIMATE SUMMARY FOR SEPTEMBER 16 2016...

CLIMATE NORMAL PERIOD 1981 TO 2010
CLIMATE RECORD PERIOD 1920 TO 2016

WEATHER ITEM   OBSERVED TIME   RECORD YEAR NORMAL DEPARTURE LAST
                VALUE   (LST)  VALUE       VALUE  FROM      YEAR
                                                  NORMAL
..................................................................
TEMPERATURE (F)
 YESTERDAY
  MAXIMUM         80   1201 PM  94    1931  76      4       87
  MINIMUM         60   1150 PM  32    1937  53      7       62
  AVERAGE         70                        64      6       75

PRECIPITATION (IN)
  YESTERDAY        0.23          1.62 1896   0.13   0.10     0.00
  MONTH TO DATE    1.01                      2.14  -1.13     1.82
  SINCE SEP 1      1.01                      2.14  -1.13     1.82
  SINCE JAN 1     22.20                     28.84  -6.64    27.53

DEGREE DAYS
 HEATING
  YESTERDAY        0                         3     -3        0
  MONTH TO DATE    4                        30    -26       20
  SINCE SEP 1      4                        30    -26       20
  SINCE JUL 1     11                        41    -30       42

 COOLING
  YESTERDAY        5                         3      2       10
  MONTH TO DATE   94                        69     25      152
  SINCE SEP 1     94                        69     25      152
  SINCE JAN 1    993                       903     90      880
..................................................................

WIND (MPH)
  HIGHEST WIND SPEED    21   HIGHEST WIND DIRECTION    NW (300)
  HIGHEST GUST SPEED    28   HIGHEST GUST DIRECTION    NW (310)
  AVERAGE WIND SPEED     6.7

SKY COVER
  POSSIBLE SUNSHINE  MM
  AVERAGE SKY COVER 0.3

WEATHER CONDITIONS
 THE FOLLOWING WEATHER WAS RECORDED YESTERDAY.
  THUNDERSTORM
  HEAVY RAIN
  LIGHT RAIN
  FOG

RELATIVE HUMIDITY (PERCENT)
 HIGHEST    93           200 AM
 LOWEST     58          1200 PM
 AVERAGE    76
..........................................................

THE OTTUMWA IA CLIMATE NORMALS FOR TODAY
                         NORMAL    RECORD    YEAR
 MAXIMUM TEMPERATURE (F)   76        98      1927
 MINIMUM TEMPERATURE (F)   52        34      1937

SUNRISE AND SUNSET
SEPTEMBER 17 2016.....SUNRISE   653 AM CDT   SUNSET   715 PM CDT
SEPTEMBER 18 2016.....SUNRISE   654 AM CDT   SUNSET   713 PM CDT

-  INDICATES NEGATIVE NUMBERS.
R  INDICATES RECORD WAS SET OR TIED.
MM INDICATES DATA IS MISSING.
T  INDICATES TRACE AMOUNT.

$$

FAB
