000
CDUS43 KDMX 300634 RRA
CLIOTM

CLIMATE REPORT
NATIONAL WEATHER SERVICE DES MOINES IA
132 AM CDT WED AUG 30 2017

...................................

...THE OTTUMWA IA CLIMATE SUMMARY FOR AUGUST 29 2017...

CLIMATE NORMAL PERIOD 1981 TO 2010
CLIMATE RECORD PERIOD 1920 TO 2017


WEATHER ITEM   OBSERVED TIME   RECORD YEAR NORMAL DEPARTURE LAST
                VALUE   (LST)  VALUE       VALUE  FROM      YEAR
                                                  NORMAL
..................................................................
TEMPERATURE (F)
 YESTERDAY
  MAXIMUM         82    316 PM  98    1984  82      0       87
  MINIMUM         54    454 AM  42    1946  60     -6       68
  AVERAGE         68                        71     -3       78

PRECIPITATION (IN)
  YESTERDAY        0.00          2.71 1975   0.14  -0.14     1.45
  MONTH TO DATE    1.77                      4.32  -2.55     5.59
  SINCE JUN 1      3.38                     13.88 -10.50    12.06
  SINCE JAN 1     15.84                     26.41 -10.57    20.97

DEGREE DAYS
 HEATING
  YESTERDAY        0                         1     -1        0
  MONTH TO DATE    0                         2     -2        0
  SINCE JUN 1     10                        25    -15        8
  SINCE JUL 1      0                         4     -4        7

 COOLING
  YESTERDAY        3                         7     -4       13
  MONTH TO DATE  173                       243    -70      266
  SINCE JUN 1    857                       758     99      814
  SINCE JAN 1    918                       822     96      885
..................................................................


WIND (MPH)
  HIGHEST WIND SPEED    13   HIGHEST WIND DIRECTION    NE (40)
  HIGHEST GUST SPEED    17   HIGHEST GUST DIRECTION    NE (30)
  AVERAGE WIND SPEED     6.2


SKY COVER
  POSSIBLE SUNSHINE  MM
  AVERAGE SKY COVER 0.1


WEATHER CONDITIONS
 THE FOLLOWING WEATHER WAS RECORDED YESTERDAY.
  FOG


RELATIVE HUMIDITY (PERCENT)
 HIGHEST   100           200 AM
 LOWEST     49           400 PM
 AVERAGE    75

..........................................................


THE OTTUMWA IA CLIMATE NORMALS FOR TODAY
                         NORMAL    RECORD    YEAR
 MAXIMUM TEMPERATURE (F)   82       104      1947
 MINIMUM TEMPERATURE (F)   60        42      1915


SUNRISE AND SUNSET
AUGUST 30 2017........SUNRISE   635 AM CDT   SUNSET   745 PM CDT
AUGUST 31 2017........SUNRISE   636 AM CDT   SUNSET   744 PM CDT


-  INDICATES NEGATIVE NUMBERS.
R  INDICATES RECORD WAS SET OR TIED.
MM INDICATES DATA IS MISSING.
T  INDICATES TRACE AMOUNT.

$$

ANSORGE
