000
CDUS43 KDMX 150657
CLIOTM

CLIMATE REPORT
NATIONAL WEATHER SERVICE DES MOINES IA
1253 AM CST SAT NOV 15 2014


...................................

...THE OTTUMWA IA CLIMATE SUMMARY FOR NOVEMBER 14 2014...

CLIMATE NORMAL PERIOD 1981 TO 2010
CLIMATE RECORD PERIOD 1920 TO 2014


WEATHER ITEM   OBSERVED TIME   RECORD YEAR NORMAL DEPARTURE LAST
                VALUE   (LST)  VALUE       VALUE  FROM      YEAR
                                                  NORMAL
..................................................................
TEMPERATURE (F)
 YESTERDAY
  MAXIMUM         29    257 PM  75    1964  50    -21       54
  MINIMUM         10    530 AM   4    1959  31    -21       37
  AVERAGE         20                        40    -20       46

PRECIPITATION (IN)
  YESTERDAY        T             0.70 1968   0.09  -0.09     0.00
  MONTH TO DATE    0.12                      1.22  -1.10     0.80
  SINCE SEP 1      7.79                      7.84  -0.05     6.25
  SINCE JAN 1     39.08                     34.54   4.54    35.36

DEGREE DAYS
 HEATING
  YESTERDAY       45                        25     20       19
  MONTH TO DATE  365                       302     63      330
  SINCE SEP 1    887                       815     72      802
  SINCE JUL 1    900                       826     74      818

 COOLING
  YESTERDAY        0                         0      0        0
  MONTH TO DATE    0                         0      0        0
  SINCE SEP 1     69                       104    -35      199
  SINCE JAN 1    801                       938   -137     1014
..................................................................


WIND (MPH)
  HIGHEST WIND SPEED    15   HIGHEST WIND DIRECTION     N (340)
  HIGHEST GUST SPEED    20   HIGHEST GUST DIRECTION    NW (320)
  AVERAGE WIND SPEED     6.1


SKY COVER
  POSSIBLE SUNSHINE  MM
  AVERAGE SKY COVER 0.1


WEATHER CONDITIONS
 THE FOLLOWING WEATHER WAS RECORDED YESTERDAY.
  LIGHT SNOW


RELATIVE HUMIDITY (PERCENT)
 HIGHEST    84           400 AM
 LOWEST     46           200 PM
 AVERAGE    65

..........................................................


THE OTTUMWA IA CLIMATE NORMALS FOR TODAY
                         NORMAL    RECORD    YEAR
 MAXIMUM TEMPERATURE (F)   49        76      1950
 MINIMUM TEMPERATURE (F)   30         4      1959


SUNRISE AND SUNSET
NOVEMBER 15 2014......SUNRISE   658 AM CST   SUNSET   451 PM CST
NOVEMBER 16 2014......SUNRISE   659 AM CST   SUNSET   450 PM CST


-  INDICATES NEGATIVE NUMBERS.
R  INDICATES RECORD WAS SET OR TIED.
MM INDICATES DATA IS MISSING.
T  INDICATES TRACE AMOUNT.

$$
