000
CDUS43 KDMX 240629 RRE
CLIOTM

CLIMATE REPORT
NATIONAL WEATHER SERVICE DES MOINES IA
127 AM CDT WED JUN 24 2015


...................................

...THE OTTUMWA IA CLIMATE SUMMARY FOR JUNE 23 2015...

CLIMATE NORMAL PERIOD 1981 TO 2010
CLIMATE RECORD PERIOD 1920 TO 2015


WEATHER ITEM   OBSERVED TIME   RECORD YEAR NORMAL DEPARTURE LAST
                VALUE   (LST)  VALUE       VALUE  FROM      YEAR
                                                  NORMAL
..................................................................
TEMPERATURE (F)
 YESTERDAY
  MAXIMUM         79    126 PM  99    1933  84     -5       79
  MINIMUM         61    537 AM  48    1942  63     -2       66
  AVERAGE         70                        73     -3       73

PRECIPITATION (IN)
  YESTERDAY        0.00          3.14 2000   0.17  -0.17     0.12
  MONTH TO DATE    5.42                      3.92   1.50     6.46
  SINCE JUN 1      5.42                      3.92   1.50     6.46
  SINCE JAN 1     14.33                     16.45  -2.12    19.57

DEGREE DAYS
 HEATING
  YESTERDAY        0                         0      0        0
  MONTH TO DATE   10                        19     -9        9
  SINCE JUN 1     10                        19     -9        9
  SINCE JUL 1   6379                      6315     64     7107

 COOLING
  YESTERDAY        5                         8     -3        8
  MONTH TO DATE  161                       136     25      145
  SINCE JUN 1    161                       136     25      145
  SINCE JAN 1    222                       200     22      256
..................................................................


WIND (MPH)
  HIGHEST WIND SPEED    14   HIGHEST WIND DIRECTION    NE (50)
  HIGHEST GUST SPEED    17   HIGHEST GUST DIRECTION    NE (40)
  AVERAGE WIND SPEED     6.0


SKY COVER
  POSSIBLE SUNSHINE  MM
  AVERAGE SKY COVER 0.1


WEATHER CONDITIONS
 THE FOLLOWING WEATHER WAS RECORDED YESTERDAY.
  NO SIGNIFICANT WEATHER WAS OBSERVED.


RELATIVE HUMIDITY (PERCENT)
 HIGHEST    93           300 AM
 LOWEST     50          1200 PM
 AVERAGE    72

..........................................................


THE OTTUMWA IA CLIMATE NORMALS FOR TODAY
                         NORMAL    RECORD    YEAR
 MAXIMUM TEMPERATURE (F)   84       100      1988
 MINIMUM TEMPERATURE (F)   63        44      1936


SUNRISE AND SUNSET
JUNE 24 2015..........SUNRISE   538 AM CDT   SUNSET   846 PM CDT
JUNE 25 2015..........SUNRISE   538 AM CDT   SUNSET   846 PM CDT


-  INDICATES NEGATIVE NUMBERS.
R  INDICATES RECORD WAS SET OR TIED.
MM INDICATES DATA IS MISSING.
T  INDICATES TRACE AMOUNT.




$$
