000
CDUS43 KDMX 150638 RRA
CLIOTM

CLIMATE REPORT
NATIONAL WEATHER SERVICE DES MOINES IA
1236 AM CST MON DEC 15 2014


...................................

...THE OTTUMWA IA CLIMATE SUMMARY FOR DECEMBER 14 2014...

CLIMATE NORMAL PERIOD 1981 TO 2010
CLIMATE RECORD PERIOD 1920 TO 2014


WEATHER ITEM   OBSERVED TIME   RECORD YEAR NORMAL DEPARTURE LAST
                VALUE   (LST)  VALUE       VALUE  FROM      YEAR
                                                  NORMAL
..................................................................
TEMPERATURE (F)
 YESTERDAY
  MAXIMUM         58    258 PM  61    2008  35     23       27
  MINIMUM         48    839 PM -10    1989  17     31       14
  AVERAGE         53                        26     27       21

PRECIPITATION (IN)
  YESTERDAY        0.00          1.08 1971   0.04  -0.04     0.01
  MONTH TO DATE    0.01                      0.73  -0.72     0.17
  SINCE DEC 1      0.01                      0.73  -0.72     0.17
  SINCE JAN 1     40.14                     36.43   3.71    36.49

DEGREE DAYS
 HEATING
  YESTERDAY       12                        39    -27       44
  MONTH TO DATE  458                       513    -55      615
  SINCE DEC 1    458                       513    -55      615
  SINCE JUL 1   1966                      1811    155     1945

 COOLING
  YESTERDAY        0                         0      0        0
  MONTH TO DATE    0                         0      0        0
  SINCE DEC 1      0                         0      0        0
  SINCE JAN 1    801                       938   -137     1014
..................................................................


WIND (MPH)
  HIGHEST WIND SPEED    17   HIGHEST WIND DIRECTION     S (200)
  HIGHEST GUST SPEED    22   HIGHEST GUST DIRECTION     S (200)
  AVERAGE WIND SPEED    10.1


SKY COVER
  POSSIBLE SUNSHINE  MM
  AVERAGE SKY COVER 0.8


WEATHER CONDITIONS
 THE FOLLOWING WEATHER WAS RECORDED YESTERDAY.
  FOG


RELATIVE HUMIDITY (PERCENT)
 HIGHEST    93          1200 AM
 LOWEST     77           200 PM
 AVERAGE    85

..........................................................


THE OTTUMWA IA CLIMATE NORMALS FOR TODAY
                         NORMAL    RECORD    YEAR
 MAXIMUM TEMPERATURE (F)   34        59      2002
                                             1939
 MINIMUM TEMPERATURE (F)   17       -13      1989


SUNRISE AND SUNSET
DECEMBER 15 2014......SUNRISE   728 AM CST   SUNSET   442 PM CST
DECEMBER 16 2014......SUNRISE   729 AM CST   SUNSET   442 PM CST


-  INDICATES NEGATIVE NUMBERS.
R  INDICATES RECORD WAS SET OR TIED.
MM INDICATES DATA IS MISSING.
T  INDICATES TRACE AMOUNT.




$$
