000
CDUS43 KDMX 170641
CLIOTM

CLIMATE REPORT
NATIONAL WEATHER SERVICE DES MOINES IA
137 AM CDT MON AUG 17 2015

...................................

...THE OTTUMWA IA CLIMATE SUMMARY FOR AUGUST 16 2015...

CLIMATE NORMAL PERIOD 1981 TO 2010
CLIMATE RECORD PERIOD 1920 TO 2015


WEATHER ITEM   OBSERVED TIME   RECORD YEAR NORMAL DEPARTURE LAST
                VALUE   (LST)  VALUE       VALUE  FROM      YEAR
                                                  NORMAL
..................................................................
TEMPERATURE (F)
 YESTERDAY
  MAXIMUM         87    206 PM 106    1936  84      3       71
  MINIMUM         64    500 AM  49    2013  63      1       65
  AVERAGE         76                        73      3       68

PRECIPITATION (IN)
  YESTERDAY        0.00          2.22 2009   0.17  -0.17     0.52
  MONTH TO DATE    0.25                      2.37  -2.12     1.32
  SINCE JUN 1     14.80                     11.93   2.87    14.59
  SINCE JAN 1     23.71                     24.46  -0.75    27.70

DEGREE DAYS
 HEATING
  YESTERDAY        0                         0      0        0
  MONTH TO DATE    0                         0      0        0
  SINCE JUN 1     16                        23     -7       22
  SINCE JUL 1      6                         2      4       13

 COOLING
  YESTERDAY       11                         8      3        3
  MONTH TO DATE  139                       145     -6       81
  SINCE JUN 1    619                       660    -41      459
  SINCE JAN 1    680                       724    -44      570
..................................................................


WIND (MPH)
  HIGHEST WIND SPEED    16   HIGHEST WIND DIRECTION     S (200)
  HIGHEST GUST SPEED    20   HIGHEST GUST DIRECTION     S (200)
  AVERAGE WIND SPEED     8.2


SKY COVER
  POSSIBLE SUNSHINE  MM
  AVERAGE SKY COVER 0.0


WEATHER CONDITIONS
 THE FOLLOWING WEATHER WAS RECORDED YESTERDAY.
  FOG
  HAZE


RELATIVE HUMIDITY (PERCENT)
 HIGHEST   100           400 AM
 LOWEST     57           300 PM
 AVERAGE    79

..........................................................


THE OTTUMWA IA CLIMATE NORMALS FOR TODAY
                         NORMAL    RECORD    YEAR
 MAXIMUM TEMPERATURE (F)   84       104      1988
 MINIMUM TEMPERATURE (F)   63        49      2013
                                             2012
                                             1897


SUNRISE AND SUNSET
AUGUST 17 2015........SUNRISE   621 AM CDT   SUNSET   806 PM CDT
AUGUST 18 2015........SUNRISE   622 AM CDT   SUNSET   804 PM CDT


-  INDICATES NEGATIVE NUMBERS.
R  INDICATES RECORD WAS SET OR TIED.
MM INDICATES DATA IS MISSING.
T  INDICATES TRACE AMOUNT.




$$
