000
CDUS43 KDMX 120640 RRC
CLIOTM

CLIMATE REPORT
NATIONAL WEATHER SERVICE DES MOINES IA
139 AM CDT SUN OCT 12 2014


...................................

...THE OTTUMWA IA CLIMATE SUMMARY FOR OCTOBER 11 2014...

CLIMATE NORMAL PERIOD 1981 TO 2010
CLIMATE RECORD PERIOD 1920 TO 2014


WEATHER ITEM   OBSERVED TIME   RECORD YEAR NORMAL DEPARTURE LAST
                VALUE   (LST)  VALUE       VALUE  FROM      YEAR
                                                  NORMAL
..................................................................
TEMPERATURE (F)
 YESTERDAY
  MAXIMUM         62    258 PM  86    1962  65     -3       78
  MINIMUM         32    523 AM  25    2009  43    -11       55
                                      1987
  AVERAGE         47                        54     -7       67

PRECIPITATION (IN)
  YESTERDAY        0.00          1.06 1984   0.09  -0.09     0.00
  MONTH TO DATE    1.20                      1.05   0.15     1.47
  SINCE SEP 1      5.36                      4.84   0.52     2.54
  SINCE JAN 1     36.33                     31.54   4.79    31.65

DEGREE DAYS
 HEATING
  YESTERDAY       18                        11      7        0
  MONTH TO DATE  133                       106     27       40
  SINCE SEP 1    254                       216     38      107
  SINCE JUL 1    267                       227     40      123

 COOLING
  YESTERDAY        0                         0      0        2
  MONTH TO DATE    0                         9     -9       33
  SINCE SEP 1     68                       102    -34      199
  SINCE JAN 1    800                       936   -136     1014
..................................................................


WIND (MPH)
  HIGHEST WIND SPEED    10   HIGHEST WIND DIRECTION    SE (150)
  HIGHEST GUST SPEED    12   HIGHEST GUST DIRECTION    SE (150)
  AVERAGE WIND SPEED     5.2


SKY COVER
  POSSIBLE SUNSHINE  MM
  AVERAGE SKY COVER 0.0


WEATHER CONDITIONS
 THE FOLLOWING WEATHER WAS RECORDED YESTERDAY.
  FOG
  HAZE


RELATIVE HUMIDITY (PERCENT)
 HIGHEST    92          1200 AM
 LOWEST     39           200 PM
 AVERAGE    66

..........................................................


THE OTTUMWA IA CLIMATE NORMALS FOR TODAY
                         NORMAL    RECORD    YEAR
 MAXIMUM TEMPERATURE (F)   65        88      1975
 MINIMUM TEMPERATURE (F)   42        24      1946


SUNRISE AND SUNSET
OCTOBER 12 2014.......SUNRISE   718 AM CDT   SUNSET   634 PM CDT
OCTOBER 13 2014.......SUNRISE   719 AM CDT   SUNSET   632 PM CDT


-  INDICATES NEGATIVE NUMBERS.
R  INDICATES RECORD WAS SET OR TIED.
MM INDICATES DATA IS MISSING.
T  INDICATES TRACE AMOUNT.




$$
