669
CDUS43 KDMX 190629 RRB
CLIOTM

CLIMATE REPORT
NATIONAL WEATHER SERVICE DES MOINES IA
127 AM CDT TUE APR 19 2016


...................................

...THE OTTUMWA IA CLIMATE SUMMARY FOR APRIL 18 2016...

CLIMATE NORMAL PERIOD 1981 TO 2010
CLIMATE RECORD PERIOD 1920 TO 2016


WEATHER ITEM   OBSERVED TIME   RECORD YEAR NORMAL DEPARTURE LAST
                VALUE   (LST)  VALUE       VALUE  FROM      YEAR
                                                  NORMAL
..................................................................
TEMPERATURE (F)
 YESTERDAY
  MAXIMUM         78   1255 PM  87    1985  63     15       79
  MINIMUM         54    522 AM  19    1983  40     14       53
  AVERAGE         66                        52     14       66

PRECIPITATION (IN)
  YESTERDAY        0.07          1.26 1927   0.12  -0.05     0.10
  MONTH TO DATE    0.53                      1.84  -1.31     1.00
  SINCE MAR 1      1.75                      4.08  -2.33     1.46
  SINCE JAN 1      2.18                      6.26  -4.08     3.58

DEGREE DAYS
 HEATING
  YESTERDAY        0                        14    -14        0
  MONTH TO DATE  296                       299     -3      181
  SINCE MAR 1    911                      1110   -199      948
  SINCE JUL 1   4965                      5995  -1030     6079

 COOLING
  YESTERDAY        1                         0      1        1
  MONTH TO DATE    3                         0      3        1
  SINCE MAR 1      3                         1      2        1
  SINCE JAN 1      3                         1      2        1
..................................................................


WIND (MPH)
  HIGHEST WIND SPEED    29   HIGHEST WIND DIRECTION    SW (240)
  HIGHEST GUST SPEED    34   HIGHEST GUST DIRECTION    SW (240)
  AVERAGE WIND SPEED    10.1


SKY COVER
  POSSIBLE SUNSHINE  MM
  AVERAGE SKY COVER 0.4


WEATHER CONDITIONS
 THE FOLLOWING WEATHER WAS RECORDED YESTERDAY.
  LIGHT RAIN
  FOG


RELATIVE HUMIDITY (PERCENT)
 HIGHEST   100           900 PM
 LOWEST     28           100 PM
 AVERAGE    64

..........................................................


THE OTTUMWA IA CLIMATE NORMALS FOR TODAY
                         NORMAL    RECORD    YEAR
 MAXIMUM TEMPERATURE (F)   64        85      1985
 MINIMUM TEMPERATURE (F)   41        26      1949


SUNRISE AND SUNSET
APRIL 19 2016.........SUNRISE   624 AM CDT   SUNSET   755 PM CDT
APRIL 20 2016.........SUNRISE   622 AM CDT   SUNSET   756 PM CDT


-  INDICATES NEGATIVE NUMBERS.
R  INDICATES RECORD WAS SET OR TIED.
MM INDICATES DATA IS MISSING.
T  INDICATES TRACE AMOUNT.




$$
