023
CDUS43 KDMX 270628
CLIOTM

CLIMATE REPORT
NATIONAL WEATHER SERVICE DES MOINES IA
1226 AM CST SUN NOV 27 2016

...................................

...THE OTTUMWA IA CLIMATE SUMMARY FOR NOVEMBER 26 2016...

CLIMATE NORMAL PERIOD 1981 TO 2010
CLIMATE RECORD PERIOD 1920 TO 2016


WEATHER ITEM   OBSERVED TIME   RECORD YEAR NORMAL DEPARTURE LAST
                VALUE   (LST)  VALUE       VALUE  FROM      YEAR
                                                  NORMAL
..................................................................
TEMPERATURE (F)
 YESTERDAY
  MAXIMUM         57    325 PM  71    1990  43     14       61
  MINIMUM         27   1259 AM   1    1977  25      2       34
  AVERAGE         42                        34      8       48

PRECIPITATION (IN)
  YESTERDAY        0.00          1.95 2015   0.07  -0.07     1.95
  MONTH TO DATE    0.24                      2.10  -1.86     4.64
  SINCE SEP 1      2.26                      8.72  -6.46    10.30
  SINCE JAN 1     23.45                     35.42 -11.97    36.01

DEGREE DAYS
 HEATING
  YESTERDAY       23                        31     -8       17
  MONTH TO DATE  439                       642   -203      472
  SINCE SEP 1    689                      1155   -466      863
  SINCE JUL 1    696                      1166   -470      885

 COOLING
  YESTERDAY        0                         0      0        0
  MONTH TO DATE    5                         0      5        0
  SINCE SEP 1    223                       104    119      205
  SINCE JAN 1   1122                       938    184      933
..................................................................


WIND (MPH)
  HIGHEST WIND SPEED    24   HIGHEST WIND DIRECTION     S (200)
  HIGHEST GUST SPEED    30   HIGHEST GUST DIRECTION    SW (210)
  AVERAGE WIND SPEED    12.1


SKY COVER
  POSSIBLE SUNSHINE  MM
  AVERAGE SKY COVER 0.0


WEATHER CONDITIONS
 THE FOLLOWING WEATHER WAS RECORDED YESTERDAY.
  FOG


RELATIVE HUMIDITY (PERCENT)
 HIGHEST    92           100 AM
 LOWEST     40           300 PM
 AVERAGE    66

..........................................................


THE OTTUMWA IA CLIMATE NORMALS FOR TODAY
                         NORMAL    RECORD    YEAR
 MAXIMUM TEMPERATURE (F)   42        69      1998
 MINIMUM TEMPERATURE (F)   24         3      1936


SUNRISE AND SUNSET
NOVEMBER 27 2016......SUNRISE   712 AM CST   SUNSET   443 PM CST
NOVEMBER 28 2016......SUNRISE   713 AM CST   SUNSET   443 PM CST


-  INDICATES NEGATIVE NUMBERS.
R  INDICATES RECORD WAS SET OR TIED.
MM INDICATES DATA IS MISSING.
T  INDICATES TRACE AMOUNT.




$$
