000
CDUS43 KDMX 040636 RRA
CLIOTM

CLIMATE REPORT
NATIONAL WEATHER SERVICE DES MOINES IA
1234 AM CST WED JAN 4 2017


...................................

...THE OTTUMWA IA CLIMATE SUMMARY FOR JANUARY 3 2017...

CLIMATE NORMAL PERIOD 1981 TO 2010
CLIMATE RECORD PERIOD 1920 TO 2017


WEATHER ITEM   OBSERVED TIME   RECORD YEAR NORMAL DEPARTURE LAST
                VALUE   (LST)  VALUE       VALUE  FROM      YEAR
                                                  NORMAL
..................................................................
TEMPERATURE (F)
 YESTERDAY
  MAXIMUM         37   1253 AM  56    1998  32      5       26
  MINIMUM         11   1159 PM -11    2014  14     -3       16
  AVERAGE         24                        23      1       21

PRECIPITATION (IN)
  YESTERDAY        0.00          1.26 1973   0.03  -0.03     0.00
  MONTH TO DATE    0.08                      0.10  -0.02     0.00
  SINCE DEC 1      1.45                      1.47  -0.02     4.03
  SINCE JAN 1      0.08                      0.10  -0.02     0.00

DEGREE DAYS
 HEATING
  YESTERDAY       41                        42     -1       44
  MONTH TO DATE  107                       126    -19      125
  SINCE DEC 1   1263                      1333    -70      971
  SINCE JUL 1   2047                      2631   -584     1982

 COOLING
  YESTERDAY        0                         0      0        0
  MONTH TO DATE    0                         0      0        0
  SINCE DEC 1      0                         0      0        0
  SINCE JAN 1      0                         0      0        0
..................................................................


WIND (MPH)
  HIGHEST WIND SPEED    32   HIGHEST WIND DIRECTION    NW (320)
  HIGHEST GUST SPEED    38   HIGHEST GUST DIRECTION    NW (320)
  AVERAGE WIND SPEED    20.2


SKY COVER
  POSSIBLE SUNSHINE  MM
  AVERAGE SKY COVER 0.6


WEATHER CONDITIONS
 THE FOLLOWING WEATHER WAS RECORDED YESTERDAY.
  FOG
  HAZE


RELATIVE HUMIDITY (PERCENT)
 HIGHEST   100           100 AM
 LOWEST     60           400 PM
 AVERAGE    80

..........................................................


THE OTTUMWA IA CLIMATE NORMALS FOR TODAY
                         NORMAL    RECORD    YEAR
 MAXIMUM TEMPERATURE (F)   32        65      1939
 MINIMUM TEMPERATURE (F)   14       -28      1947


SUNRISE AND SUNSET
JANUARY  4 2017.......SUNRISE   735 AM CST   SUNSET   455 PM CST
JANUARY  5 2017.......SUNRISE   735 AM CST   SUNSET   456 PM CST


-  INDICATES NEGATIVE NUMBERS.
R  INDICATES RECORD WAS SET OR TIED.
MM INDICATES DATA IS MISSING.
T  INDICATES TRACE AMOUNT.




$$
