515
CDUS43 KDMX 100629 RRC
CLIOTM

CLIMATE REPORT
NATIONAL WEATHER SERVICE DES MOINES IA
127 AM CDT TUE OCT 10 2017


...................................

...THE OTTUMWA IA CLIMATE SUMMARY FOR OCTOBER 9 2017...

CLIMATE NORMAL PERIOD 1981 TO 2010
CLIMATE RECORD PERIOD 1920 TO 2017


WEATHER ITEM   OBSERVED TIME   RECORD YEAR NORMAL DEPARTURE LAST
                VALUE   (LST)  VALUE       VALUE  FROM      YEAR
                                                  NORMAL
..................................................................
TEMPERATURE (F)
 YESTERDAY
  MAXIMUM         74    338 PM  91    1938  66      8       70
  MINIMUM         49    514 AM  25    2000  43      6       41
  AVERAGE         62                        55      7       56

PRECIPITATION (IN)
  YESTERDAY        0.00          1.65 1985   0.09  -0.09     0.00
  MONTH TO DATE    1.80                      0.87   0.93     0.59
  SINCE SEP 1      5.47                      4.66   0.81     1.60
  SINCE JAN 1     21.31                     31.36 -10.05    22.79

DEGREE DAYS
 HEATING
  YESTERDAY        3                        11     -8        9
  MONTH TO DATE   16                        84    -68       35
  SINCE SEP 1     53                       194   -141       68
  SINCE JUL 1     53                       205   -152       75

 COOLING
  YESTERDAY        0                         1     -1        0
  MONTH TO DATE   23                         9     14       12
  SINCE SEP 1    192                       102     90      185
  SINCE JAN 1   1117                       936    181     1084
..................................................................


WIND (MPH)
  HIGHEST WIND SPEED    21   HIGHEST WIND DIRECTION     N (350)
  HIGHEST GUST SPEED    26   HIGHEST GUST DIRECTION     N (10)
  AVERAGE WIND SPEED    11.0


SKY COVER
  POSSIBLE SUNSHINE  MM
  AVERAGE SKY COVER 0.1


WEATHER CONDITIONS
 THE FOLLOWING WEATHER WAS RECORDED YESTERDAY.
  NO SIGNIFICANT WEATHER WAS OBSERVED.


RELATIVE HUMIDITY (PERCENT)
 HIGHEST    93          1200 AM
 LOWEST     44           400 PM
 AVERAGE    69

..........................................................


THE OTTUMWA IA CLIMATE NORMALS FOR TODAY
                         NORMAL    RECORD    YEAR
 MAXIMUM TEMPERATURE (F)   66        89      1930
 MINIMUM TEMPERATURE (F)   43        25      2009
                                             1925


SUNRISE AND SUNSET
OCTOBER 10 2017.......SUNRISE   716 AM CDT   SUNSET   636 PM CDT
OCTOBER 11 2017.......SUNRISE   717 AM CDT   SUNSET   635 PM CDT


-  INDICATES NEGATIVE NUMBERS.
R  INDICATES RECORD WAS SET OR TIED.
MM INDICATES DATA IS MISSING.
T  INDICATES TRACE AMOUNT.




$$
