000
CDUS43 KDMX 090650
CLIOTM

CLIMATE REPORT
NATIONAL WEATHER SERVICE DES MOINES IA
148 AM CDT MON MAY 9 2016


...................................

...THE OTTUMWA IA CLIMATE SUMMARY FOR MAY 8 2016...

CLIMATE NORMAL PERIOD 1981 TO 2010
CLIMATE RECORD PERIOD 1920 TO 2016


WEATHER ITEM   OBSERVED TIME   RECORD YEAR NORMAL DEPARTURE LAST
                VALUE   (LST)  VALUE       VALUE  FROM      YEAR
                                                  NORMAL
..................................................................
TEMPERATURE (F)
 YESTERDAY
  MAXIMUM         68   1145 AM  92    1934  70     -2       70
  MINIMUM         54    245 AM  35    2010  48      6       57
                                      1980
  AVERAGE         61                        59      2       64

PRECIPITATION (IN)
  YESTERDAY        0.00          1.28 1996   0.14  -0.14     0.00
  MONTH TO DATE    0.17                      1.14  -0.97     1.17
  SINCE MAR 1      4.04                      6.78  -2.74     4.17
  SINCE JAN 1      4.47                      8.96  -4.49     6.29

DEGREE DAYS
 HEATING
  YESTERDAY        4                         7     -3        1
  MONTH TO DATE   74                        64     10       14
  SINCE MAR 1   1096                      1309   -213     1130
  SINCE JUL 1   5150                      6194  -1044     6261

 COOLING
  YESTERDAY        0                         1     -1        0
  MONTH TO DATE    1                         8     -7       27
  SINCE MAR 1     10                        19     -9       28
  SINCE JAN 1     10                        19     -9       28
..................................................................


WIND (MPH)
  HIGHEST WIND SPEED    22   HIGHEST WIND DIRECTION     E (100)
  HIGHEST GUST SPEED    26   HIGHEST GUST DIRECTION    SE (130)
  AVERAGE WIND SPEED     9.9


SKY COVER
  POSSIBLE SUNSHINE  MM
  AVERAGE SKY COVER 0.6


WEATHER CONDITIONS
 THE FOLLOWING WEATHER WAS RECORDED YESTERDAY.
  NO SIGNIFICANT WEATHER WAS OBSERVED.


RELATIVE HUMIDITY (PERCENT)
 HIGHEST    77          1100 PM
 LOWEST     37          1100 AM
 AVERAGE    57

..........................................................


THE OTTUMWA IA CLIMATE NORMALS FOR TODAY
                         NORMAL    RECORD    YEAR
 MAXIMUM TEMPERATURE (F)   70        91      1934
 MINIMUM TEMPERATURE (F)   48        31      1947


SUNRISE AND SUNSET
MAY  9 2016...........SUNRISE   557 AM CDT   SUNSET   816 PM CDT
MAY 10 2016...........SUNRISE   556 AM CDT   SUNSET   817 PM CDT


-  INDICATES NEGATIVE NUMBERS.
R  INDICATES RECORD WAS SET OR TIED.
MM INDICATES DATA IS MISSING.
T  INDICATES TRACE AMOUNT.




$$
