000
CDUS43 KDMX 190630
CLIOTM

CLIMATE REPORT
NATIONAL WEATHER SERVICE DES MOINES IA
127 AM CDT SUN JUL 19 2015


...................................

...THE OTTUMWA IA CLIMATE SUMMARY FOR JULY 18 2015...

CLIMATE NORMAL PERIOD 1981 TO 2010
CLIMATE RECORD PERIOD 1920 TO 2015


WEATHER ITEM   OBSERVED TIME   RECORD YEAR NORMAL DEPARTURE LAST
                VALUE   (LST)  VALUE       VALUE  FROM      YEAR
                                                  NORMAL
..................................................................
TEMPERATURE (F)
 YESTERDAY
  MAXIMUM         88    158 PM 103    2012  86      2       78
  MINIMUM         74   1159 PM  51    2009  65      9       57
  AVERAGE         81                        75      6       68

PRECIPITATION (IN)
  YESTERDAY        0.05          3.81 1902   0.14  -0.09     0.00
  MONTH TO DATE    4.25                      2.73   1.52     2.98
  SINCE JUN 1     12.04                      7.82   4.22    11.00
  SINCE JAN 1     20.95                     20.35   0.60    24.11

DEGREE DAYS
 HEATING
  YESTERDAY        0                         0      0        0
  MONTH TO DATE    6                         0      6       13
  SINCE JUN 1     16                        21     -5       22
  SINCE JUL 1      6                         0      6       13

 COOLING
  YESTERDAY       16                        10      6        3
  MONTH TO DATE  147                       180    -33       84
  SINCE JUN 1    351                       381    -30      298
  SINCE JAN 1    412                       445    -33      409
..................................................................


WIND (MPH)
  HIGHEST WIND SPEED    17   HIGHEST WIND DIRECTION    SW (240)
  HIGHEST GUST SPEED    22   HIGHEST GUST DIRECTION     S (180)
  AVERAGE WIND SPEED     7.5


SKY COVER
  POSSIBLE SUNSHINE  MM
  AVERAGE SKY COVER 0.1


WEATHER CONDITIONS
 THE FOLLOWING WEATHER WAS RECORDED YESTERDAY.
  THUNDERSTORM
  RAIN
  FOG


RELATIVE HUMIDITY (PERCENT)
 HIGHEST   100           200 AM
 LOWEST     63           100 PM
 AVERAGE    82

..........................................................


THE OTTUMWA IA CLIMATE NORMALS FOR TODAY
                         NORMAL    RECORD    YEAR
 MAXIMUM TEMPERATURE (F)   86       110      1934
 MINIMUM TEMPERATURE (F)   65        53      1910


SUNRISE AND SUNSET
JULY 19 2015..........SUNRISE   553 AM CDT   SUNSET   838 PM CDT
JULY 20 2015..........SUNRISE   554 AM CDT   SUNSET   838 PM CDT


-  INDICATES NEGATIVE NUMBERS.
R  INDICATES RECORD WAS SET OR TIED.
MM INDICATES DATA IS MISSING.
T  INDICATES TRACE AMOUNT.




$$
