000
CDUS43 KDMX 180631 RRA
CLIOTM

CLIMATE REPORT
NATIONAL WEATHER SERVICE DES MOINES IA
129 AM CDT SUN JUN 18 2017

...................................

...THE OTTUMWA IA CLIMATE SUMMARY FOR JUNE 17 2017...

CLIMATE NORMAL PERIOD 1981 TO 2010
CLIMATE RECORD PERIOD 1920 TO 2017


WEATHER ITEM   OBSERVED TIME   RECORD YEAR NORMAL DEPARTURE LAST
                VALUE   (LST)  VALUE       VALUE  FROM      YEAR
                                                  NORMAL
..................................................................
TEMPERATURE (F)
 YESTERDAY
  MAXIMUM         87    308 PM  98    1936  82      5       85
  MINIMUM         68   1156 PM  46    1960  61      7       63
  AVERAGE         78                        72      6       74

PRECIPITATION (IN)
  YESTERDAY        0.58          2.41 1935   0.16   0.42     0.00
  MONTH TO DATE    0.68                      2.90  -2.22     0.40
  SINCE JUN 1      0.68                      2.90  -2.22     0.40
  SINCE JAN 1     13.14                     15.43  -2.29     9.31

DEGREE DAYS
 HEATING
  YESTERDAY        0                         0      0        0
  MONTH TO DATE    0                        19    -19        1
  SINCE JUN 1      0                        19    -19        1
  SINCE JUL 1   5008                      6315  -1307     5265

 COOLING
  YESTERDAY       13                         7      6        9
  MONTH TO DATE  185                        89     96      152
  SINCE JUN 1    185                        89     96      152
  SINCE JAN 1    246                       153     93      223
..................................................................


WIND (MPH)
  HIGHEST WIND SPEED    26   HIGHEST WIND DIRECTION     N (10)
  HIGHEST GUST SPEED    38   HIGHEST GUST DIRECTION    NW (330)
  AVERAGE WIND SPEED     6.9


SKY COVER
  POSSIBLE SUNSHINE  MM
  AVERAGE SKY COVER 0.3


WEATHER CONDITIONS
 THE FOLLOWING WEATHER WAS RECORDED YESTERDAY.
  THUNDERSTORM
  HEAVY RAIN
  RAIN
  LIGHT RAIN
  FOG


RELATIVE HUMIDITY (PERCENT)
 HIGHEST   100           800 PM
 LOWEST     53           300 PM
 AVERAGE    77

..........................................................


THE OTTUMWA IA CLIMATE NORMALS FOR TODAY
                         NORMAL    RECORD    YEAR
 MAXIMUM TEMPERATURE (F)   82       101      1953
 MINIMUM TEMPERATURE (F)   62        47      1920


SUNRISE AND SUNSET
JUNE 18 2017..........SUNRISE   537 AM CDT   SUNSET   845 PM CDT
JUNE 19 2017..........SUNRISE   537 AM CDT   SUNSET   845 PM CDT


-  INDICATES NEGATIVE NUMBERS.
R  INDICATES RECORD WAS SET OR TIED.
MM INDICATES DATA IS MISSING.
T  INDICATES TRACE AMOUNT.

$$

REV
