000
CDUS43 KDMX 150630 RRA
CLIOTM

CLIMATE REPORT
NATIONAL WEATHER SERVICE DES MOINES IA
128 AM CDT MON AUG 15 2016


...................................

...THE OTTUMWA IA CLIMATE SUMMARY FOR AUGUST 14 2016...

CLIMATE NORMAL PERIOD 1981 TO 2010
CLIMATE RECORD PERIOD 1920 TO 2016


WEATHER ITEM   OBSERVED TIME   RECORD YEAR NORMAL DEPARTURE LAST
                VALUE   (LST)  VALUE       VALUE  FROM      YEAR
                                                  NORMAL
..................................................................
TEMPERATURE (F)
 YESTERDAY
  MAXIMUM         84    402 PM 109    1936  84      0       87
  MINIMUM         63    528 AM  47    2013  63      0       65
  AVERAGE         74                        74      0       76

PRECIPITATION (IN)
  YESTERDAY        0.00          2.75 1898   0.16  -0.16     0.00
  MONTH TO DATE    2.22                      2.05   0.17     0.25
  SINCE JUN 1      8.69                     11.61  -2.92    14.79
  SINCE JAN 1     16.73                     24.14  -7.41    24.66

DEGREE DAYS
 HEATING
  YESTERDAY        0                         0      0        0
  MONTH TO DATE    0                         0      0        0
  SINCE JUN 1      8                        23    -15       16
  SINCE JUL 1      7                         2      5        6

 COOLING
  YESTERDAY        9                         9      0       11
  MONTH TO DATE  142                       128     14      119
  SINCE JUN 1    690                       643     47      599
  SINCE JAN 1    761                       707     54      660
..................................................................


WIND (MPH)
  HIGHEST WIND SPEED    13   HIGHEST WIND DIRECTION    NE (60)
  HIGHEST GUST SPEED    17   HIGHEST GUST DIRECTION    NE (50)
  AVERAGE WIND SPEED     3.0


SKY COVER
  POSSIBLE SUNSHINE  MM
  AVERAGE SKY COVER 0.2


WEATHER CONDITIONS
 THE FOLLOWING WEATHER WAS RECORDED YESTERDAY.
  NO SIGNIFICANT WEATHER WAS OBSERVED.


RELATIVE HUMIDITY (PERCENT)
 HIGHEST   100           100 AM
 LOWEST     51           300 PM
 AVERAGE    76

..........................................................


THE OTTUMWA IA CLIMATE NORMALS FOR TODAY
                         NORMAL    RECORD    YEAR
 MAXIMUM TEMPERATURE (F)   84       105      1936
 MINIMUM TEMPERATURE (F)   63        45      2004


SUNRISE AND SUNSET
AUGUST 15 2016........SUNRISE   620 AM CDT   SUNSET   808 PM CDT
AUGUST 16 2016........SUNRISE   621 AM CDT   SUNSET   806 PM CDT


-  INDICATES NEGATIVE NUMBERS.
R  INDICATES RECORD WAS SET OR TIED.
MM INDICATES DATA IS MISSING.
T  INDICATES TRACE AMOUNT.




$$
