000
CDUS43 KDMX 210711
CLIOTM

CLIMATE REPORT
NATIONAL WEATHER SERVICE DES MOINES IA
1254 AM CST WED JAN 21 2015

...................................

...THE OTTUMWA IA CLIMATE SUMMARY FOR JANUARY 20 2015...

CLIMATE NORMAL PERIOD 1981 TO 2010
CLIMATE RECORD PERIOD 1920 TO 2015

WEATHER ITEM   OBSERVED TIME   RECORD YEAR NORMAL DEPARTURE LAST
                VALUE   (LST)  VALUE       VALUE  FROM      YEAR
                                                  NORMAL
..................................................................
TEMPERATURE (F)
 YESTERDAY
  MAXIMUM         48    305 PM  57    1934  32     16       42
  MINIMUM         29    632 AM -25    1936  13     16       13
  AVERAGE         39                        22     17       28

PRECIPITATION (IN)
  YESTERDAY        0.00          2.05 1904   0.03  -0.03     0.11
  MONTH TO DATE    0.10                      0.61  -0.51     0.43
  SINCE DEC 1      1.08                      1.98  -0.90     1.09
  SINCE JAN 1      0.10                      0.61  -0.51     0.43

DEGREE DAYS
 HEATING
  YESTERDAY       26                        43    -17       37
  MONTH TO DATE  889                       854     35      932
  SINCE DEC 1   1932                      2061   -129     2277
  SINCE JUL 1   3440                      3359     81     3607

 COOLING
  YESTERDAY        0                         0      0        0
  MONTH TO DATE    0                         0      0        0
  SINCE DEC 1      0                         0      0        0
  SINCE JAN 1      0                         0      0        0
..................................................................

WIND (MPH)
  HIGHEST WIND SPEED    14   HIGHEST WIND DIRECTION    NW (330)
  HIGHEST GUST SPEED    18   HIGHEST GUST DIRECTION     W (290)
  AVERAGE WIND SPEED     7.8

SKY COVER
  POSSIBLE SUNSHINE  MM
  AVERAGE SKY COVER 0.4

WEATHER CONDITIONS
 THE FOLLOWING WEATHER WAS RECORDED YESTERDAY.
  NO SIGNIFICANT WEATHER WAS OBSERVED.

RELATIVE HUMIDITY (PERCENT)
 HIGHEST    92           800 AM
 LOWEST     53           400 PM
 AVERAGE    73
..........................................................

THE OTTUMWA IA CLIMATE NORMALS FOR TODAY
                         NORMAL    RECORD    YEAR
 MAXIMUM TEMPERATURE (F)   32        63      1957
 MINIMUM TEMPERATURE (F)   13       -21      1970

SUNRISE AND SUNSET
JANUARY 21 2015.......SUNRISE   730 AM CST   SUNSET   513 PM CST
JANUARY 22 2015.......SUNRISE   729 AM CST   SUNSET   514 PM CST

-  INDICATES NEGATIVE NUMBERS.
R  INDICATES RECORD WAS SET OR TIED.
MM INDICATES DATA IS MISSING.
T  INDICATES TRACE AMOUNT.

$$

FAB
