000
CDUS43 KDMX 130634 RRA
CLIOTM

CLIMATE REPORT
NATIONAL WEATHER SERVICE DES MOINES IA
132 AM CDT WED APR 13 2016


...................................

...THE OTTUMWA IA CLIMATE SUMMARY FOR APRIL 12 2016...

CLIMATE NORMAL PERIOD 1981 TO 2010
CLIMATE RECORD PERIOD 1920 TO 2016


WEATHER ITEM   OBSERVED TIME   RECORD YEAR NORMAL DEPARTURE LAST
                VALUE   (LST)  VALUE       VALUE  FROM      YEAR
                                                  NORMAL
..................................................................
TEMPERATURE (F)
 YESTERDAY
  MAXIMUM         57    503 PM  88    1930  61     -4       68
  MINIMUM         21    510 AM  19    1940  38    -17       52
  AVERAGE         39                        50    -11       60

PRECIPITATION (IN)
  YESTERDAY        0.00          0.82 1912   0.11  -0.11     0.01
  MONTH TO DATE    0.46                      1.17  -0.71     0.59
  SINCE MAR 1      1.68                      3.41  -1.73     1.05
  SINCE JAN 1      2.11                      5.59  -3.48     3.17

DEGREE DAYS
 HEATING
  YESTERDAY       26                        16     10        5
  MONTH TO DATE  270                       212     58      149
  SINCE MAR 1    885                      1023   -138      916
  SINCE JUL 1   4939                      5908   -969     6047

 COOLING
  YESTERDAY        0                         0      0        0
  MONTH TO DATE    0                         0      0        0
  SINCE MAR 1      0                         1     -1        0
  SINCE JAN 1      0                         1     -1        0
..................................................................


WIND (MPH)
  HIGHEST WIND SPEED    14   HIGHEST WIND DIRECTION     S (160)
  HIGHEST GUST SPEED    17   HIGHEST GUST DIRECTION     S (190)
  AVERAGE WIND SPEED     7.2


SKY COVER
  POSSIBLE SUNSHINE  MM
  AVERAGE SKY COVER 0.0


WEATHER CONDITIONS
 THE FOLLOWING WEATHER WAS RECORDED YESTERDAY.
  NO SIGNIFICANT WEATHER WAS OBSERVED.


RELATIVE HUMIDITY (PERCENT)
 HIGHEST    69           700 AM
 LOWEST     22           200 PM
 AVERAGE    46

..........................................................


THE OTTUMWA IA CLIMATE NORMALS FOR TODAY
                         NORMAL    RECORD    YEAR
 MAXIMUM TEMPERATURE (F)   61        88      2006
 MINIMUM TEMPERATURE (F)   39        20      1950


SUNRISE AND SUNSET
APRIL 13 2016.........SUNRISE   633 AM CDT   SUNSET   748 PM CDT
APRIL 14 2016.........SUNRISE   631 AM CDT   SUNSET   749 PM CDT


-  INDICATES NEGATIVE NUMBERS.
R  INDICATES RECORD WAS SET OR TIED.
MM INDICATES DATA IS MISSING.
T  INDICATES TRACE AMOUNT.




$$
