000
CDUS43 KDMX 160645
CLIOTM

CLIMATE REPORT
NATIONAL WEATHER SERVICE DES MOINES IA
136 AM CDT FRI SEP 16 2016

...................................

...THE OTTUMWA IA CLIMATE SUMMARY FOR SEPTEMBER 15 2016...

CLIMATE NORMAL PERIOD 1981 TO 2010
CLIMATE RECORD PERIOD 1920 TO 2016

WEATHER ITEM   OBSERVED TIME   RECORD YEAR NORMAL DEPARTURE LAST
                VALUE   (LST)  VALUE       VALUE  FROM      YEAR
                                                  NORMAL
..................................................................
TEMPERATURE (F)
 YESTERDAY
  MAXIMUM         83    401 PM  99    1939  77      6       84
  MINIMUM         60    632 AM  32    2007  53      7       63
  AVERAGE         72                        65      7       74

PRECIPITATION (IN)
  YESTERDAY        0.00          2.80 1926   0.12  -0.12     0.00
  MONTH TO DATE    0.78                      2.01  -1.23     1.82
  SINCE SEP 1      0.78                      2.01  -1.23     1.82
  SINCE JAN 1     21.97                     28.71  -6.74    27.53

DEGREE DAYS
 HEATING
  YESTERDAY        0                         3     -3        0
  MONTH TO DATE    4                        27    -23       20
  SINCE SEP 1      4                        27    -23       20
  SINCE JUL 1     11                        38    -27       42

 COOLING
  YESTERDAY        7                         3      4        9
  MONTH TO DATE   89                        66     23      142
  SINCE SEP 1     89                        66     23      142
  SINCE JAN 1    988                       900     88      870
..................................................................

WIND (MPH)
  HIGHEST WIND SPEED    22   HIGHEST WIND DIRECTION     N (10)
  HIGHEST GUST SPEED    25   HIGHEST GUST DIRECTION     N (20)
  AVERAGE WIND SPEED     9.4

SKY COVER
  POSSIBLE SUNSHINE  MM
  AVERAGE SKY COVER 0.2

WEATHER CONDITIONS
 THE FOLLOWING WEATHER WAS RECORDED YESTERDAY.
  NO SIGNIFICANT WEATHER WAS OBSERVED.

RELATIVE HUMIDITY (PERCENT)
 HIGHEST    97           200 AM
 LOWEST     62          1200 PM
 AVERAGE    80
..........................................................

THE OTTUMWA IA CLIMATE NORMALS FOR TODAY
                         NORMAL    RECORD    YEAR
 MAXIMUM TEMPERATURE (F)   76        94      1931
 MINIMUM TEMPERATURE (F)   53        32      1937

SUNRISE AND SUNSET
SEPTEMBER 16 2016.....SUNRISE   652 AM CDT   SUNSET   716 PM CDT
SEPTEMBER 17 2016.....SUNRISE   653 AM CDT   SUNSET   715 PM CDT

-  INDICATES NEGATIVE NUMBERS.
R  INDICATES RECORD WAS SET OR TIED.
MM INDICATES DATA IS MISSING.
T  INDICATES TRACE AMOUNT.

$$

FAB
