000
CDUS43 KDMX 040629 RRC
CLIOTM

CLIMATE REPORT
NATIONAL WEATHER SERVICE DES MOINES IA
1227 AM CST SAT MAR 4 2017


...................................

...THE OTTUMWA IA CLIMATE SUMMARY FOR MARCH 3 2017...

CLIMATE NORMAL PERIOD 1981 TO 2010
CLIMATE RECORD PERIOD 1920 TO 2017


WEATHER ITEM   OBSERVED TIME   RECORD YEAR NORMAL DEPARTURE LAST
                VALUE   (LST)  VALUE       VALUE  FROM      YEAR
                                                  NORMAL
..................................................................
TEMPERATURE (F)
 YESTERDAY
  MAXIMUM         41    341 PM  79    1983  43     -2       38
  MINIMUM         15    630 AM  -9    2014  24     -9       31
  AVERAGE         28                        33     -5       35

PRECIPITATION (IN)
  YESTERDAY        0.00          1.04 1985   0.07  -0.07     0.00
  MONTH TO DATE    0.01                      0.20  -0.19      T
  SINCE MAR 1      0.01                      0.20  -0.19      T
  SINCE JAN 1      1.60                      2.38  -0.78     1.30

DEGREE DAYS
 HEATING
  YESTERDAY       37                        32      5       30
  MONTH TO DATE   98                        97      1      110
  SINCE MAR 1     98                        97      1      110
  SINCE JUL 1   3905                      4982  -1077     4164

 COOLING
  YESTERDAY        0                         0      0        0
  MONTH TO DATE    0                         0      0        0
  SINCE MAR 1      0                         0      0        0
  SINCE JAN 1      0                         0      0        0
..................................................................


WIND (MPH)
  HIGHEST WIND SPEED    18   HIGHEST WIND DIRECTION     E (100)
  HIGHEST GUST SPEED    26   HIGHEST GUST DIRECTION    SE (150)
  AVERAGE WIND SPEED     9.7


SKY COVER
  POSSIBLE SUNSHINE  MM
  AVERAGE SKY COVER 0.1


WEATHER CONDITIONS
 THE FOLLOWING WEATHER WAS RECORDED YESTERDAY.
  FOG


RELATIVE HUMIDITY (PERCENT)
 HIGHEST    88           600 AM
 LOWEST     27           300 PM
 AVERAGE    58

..........................................................


THE OTTUMWA IA CLIMATE NORMALS FOR TODAY
                         NORMAL    RECORD    YEAR
 MAXIMUM TEMPERATURE (F)   43        78      1921
 MINIMUM TEMPERATURE (F)   24        -8      1960


SUNRISE AND SUNSET
MARCH  4 2017.........SUNRISE   639 AM CST   SUNSET   605 PM CST
MARCH  5 2017.........SUNRISE   637 AM CST   SUNSET   606 PM CST


-  INDICATES NEGATIVE NUMBERS.
R  INDICATES RECORD WAS SET OR TIED.
MM INDICATES DATA IS MISSING.
T  INDICATES TRACE AMOUNT.




$$
