000
CDUS43 KDMX 120631 RRA
CLIOTM

CLIMATE REPORT
NATIONAL WEATHER SERVICE DES MOINES IA
129 AM CDT SAT JUL 12 2014


...................................

...THE OTTUMWA IA CLIMATE SUMMARY FOR JULY 11 2014...

CLIMATE NORMAL PERIOD 1981 TO 2010
CLIMATE RECORD PERIOD 1920 TO 2014


WEATHER ITEM   OBSERVED TIME   RECORD YEAR NORMAL DEPARTURE LAST
                VALUE   (LST)  VALUE       VALUE  FROM      YEAR
                                                  NORMAL
..................................................................
TEMPERATURE (F)
 YESTERDAY
  MAXIMUM         77    630 PM 107    1936  86     -9       83
  MINIMUM         64    531 AM  50    1945  65     -1       55
  AVERAGE         71                        75     -4       69

PRECIPITATION (IN)
  YESTERDAY        0.01          1.05 1979   0.15  -0.14     0.00
  MONTH TO DATE    1.79                      1.70   0.09      T
  SINCE JUN 1      9.81                      6.79   3.02     2.39
  SINCE JAN 1     20.65                     19.32   1.33    26.71

DEGREE DAYS
 HEATING
  YESTERDAY        0                         0      0        0
  MONTH TO DATE    7                         0      7        0
  SINCE JUN 1     16                        21     -5       26
  SINCE JUL 1      7                         0      7        0

 COOLING
  YESTERDAY        6                        10     -4        4
  MONTH TO DATE   56                       110    -54       96
  SINCE JUN 1    270                       311    -41      294
  SINCE JAN 1    381                       375      6      371
..................................................................


WIND (MPH)
  HIGHEST WIND SPEED    21   HIGHEST WIND DIRECTION    SE (140)
  HIGHEST GUST SPEED    27   HIGHEST GUST DIRECTION    SE (140)
  AVERAGE WIND SPEED     8.1


SKY COVER
  POSSIBLE SUNSHINE  MM
  AVERAGE SKY COVER 0.1


WEATHER CONDITIONS
 THE FOLLOWING WEATHER WAS RECORDED YESTERDAY.
  LIGHT RAIN
  FOG


RELATIVE HUMIDITY (PERCENT)
 HIGHEST   100          1000 PM
 LOWEST     68           200 AM
 AVERAGE    84

..........................................................


THE OTTUMWA IA CLIMATE NORMALS FOR TODAY
                         NORMAL    RECORD    YEAR
 MAXIMUM TEMPERATURE (F)   86       109      1936
 MINIMUM TEMPERATURE (F)   65        54      2007
                                             1898


SUNRISE AND SUNSET
JULY 12 2014..........SUNRISE   548 AM CDT   SUNSET   842 PM CDT
JULY 13 2014..........SUNRISE   549 AM CDT   SUNSET   842 PM CDT


-  INDICATES NEGATIVE NUMBERS.
R  INDICATES RECORD WAS SET OR TIED.
MM INDICATES DATA IS MISSING.
T  INDICATES TRACE AMOUNT.




$$
