673
CDUS43 KDMX 140700 RRB
CLIOTM

CLIMATE REPORT
NATIONAL WEATHER SERVICE DES MOINES IA
158 AM CDT THU JUL 14 2016

...................................

...THE OTTUMWA IA CLIMATE SUMMARY FOR JULY 13 2016...

CLIMATE NORMAL PERIOD 1981 TO 2010
CLIMATE RECORD PERIOD 1920 TO 2016


WEATHER ITEM   OBSERVED TIME   RECORD YEAR NORMAL DEPARTURE LAST
                VALUE   (LST)  VALUE       VALUE  FROM      YEAR
                                                  NORMAL
..................................................................
TEMPERATURE (F)
 YESTERDAY
  MAXIMUM         84   1125 AM 112    1936  86     -2       92
  MINIMUM         69    148 PM  47    1940  65      4       73
  AVERAGE         77                        75      2       83

PRECIPITATION (IN)
  YESTERDAY        T             1.96 1992   0.15  -0.15     0.00
  MONTH TO DATE    2.69                      1.99   0.70     2.42
  SINCE JUN 1      5.27                      7.08  -1.81    10.20
  SINCE JAN 1     13.31                     19.61  -6.30    20.07

DEGREE DAYS
 HEATING
  YESTERDAY        0                         0      0        0
  MONTH TO DATE    7                         0      7        6
  SINCE JUN 1      8                        21    -13       16
  SINCE JUL 1      7                         0      7        6

 COOLING
  YESTERDAY       12                        10      2       18
  MONTH TO DATE   99                       130    -31       78
  SINCE JUN 1    373                       331     42      282
  SINCE JAN 1    444                       395     49      343
..................................................................


WIND (MPH)
  HIGHEST WIND SPEED    32   HIGHEST WIND DIRECTION     W (290)
  HIGHEST GUST SPEED    44   HIGHEST GUST DIRECTION     W (290)
  AVERAGE WIND SPEED     7.4


SKY COVER
  POSSIBLE SUNSHINE  MM
  AVERAGE SKY COVER 0.3


WEATHER CONDITIONS
 THE FOLLOWING WEATHER WAS RECORDED YESTERDAY.
  THUNDERSTORM
  LIGHT RAIN


RELATIVE HUMIDITY (PERCENT)
 HIGHEST    93           100 AM
 LOWEST     64           400 PM
 AVERAGE    79

..........................................................


THE OTTUMWA IA CLIMATE NORMALS FOR TODAY
                         NORMAL    RECORD    YEAR
 MAXIMUM TEMPERATURE (F)   86       114      1936
 MINIMUM TEMPERATURE (F)   65        48      1926


SUNRISE AND SUNSET
JULY 14 2016..........SUNRISE   550 AM CDT   SUNSET   841 PM CDT
JULY 15 2016..........SUNRISE   551 AM CDT   SUNSET   840 PM CDT


-  INDICATES NEGATIVE NUMBERS.
R  INDICATES RECORD WAS SET OR TIED.
MM INDICATES DATA IS MISSING.
T  INDICATES TRACE AMOUNT.




$$
