000
CDUS43 KDMX 180633 RRA
CLIOTM

CLIMATE REPORT
NATIONAL WEATHER SERVICE DES MOINES IA
1231 AM CST WED FEB 18 2015


...................................

...THE OTTUMWA IA CLIMATE SUMMARY FOR FEBRUARY 17 2015...

CLIMATE NORMAL PERIOD 1981 TO 2010
CLIMATE RECORD PERIOD 1920 TO 2015


WEATHER ITEM   OBSERVED TIME   RECORD YEAR NORMAL DEPARTURE LAST
                VALUE   (LST)  VALUE       VALUE  FROM      YEAR
                                                  NORMAL
..................................................................
TEMPERATURE (F)
 YESTERDAY
  MAXIMUM         25   1234 AM  68    2011  37    -12       42
  MINIMUM         10    832 PM -20    1958  18     -8       22
  AVERAGE         18                        28    -10       32

PRECIPITATION (IN)
  YESTERDAY        T             0.80 2008   0.05  -0.05     0.21
  MONTH TO DATE    0.21                      0.63  -0.42     1.34
  SINCE DEC 1      2.13                      2.90  -0.77     2.44
  SINCE JAN 1      1.15                      1.53  -0.38     1.78

DEGREE DAYS
 HEATING
  YESTERDAY       47                        37     10       33
  MONTH TO DATE  770                       675     95      901
  SINCE DEC 1   3049                      3199   -150     3736
  SINCE JUL 1   4557                      4497     60     5066

 COOLING
  YESTERDAY        0                         0      0        0
  MONTH TO DATE    0                         0      0        0
  SINCE DEC 1      0                         0      0        0
  SINCE JAN 1      0                         0      0        0
..................................................................


WIND (MPH)
  HIGHEST WIND SPEED    25   HIGHEST WIND DIRECTION    NW (320)
  HIGHEST GUST SPEED    30   HIGHEST GUST DIRECTION    NW (330)
  AVERAGE WIND SPEED    12.0


SKY COVER
  POSSIBLE SUNSHINE  MM
  AVERAGE SKY COVER 0.7


WEATHER CONDITIONS
 THE FOLLOWING WEATHER WAS RECORDED YESTERDAY.
  LIGHT SNOW
  HAZE


RELATIVE HUMIDITY (PERCENT)
 HIGHEST    76           500 AM
 LOWEST     57          1200 PM
 AVERAGE    67

..........................................................


THE OTTUMWA IA CLIMATE NORMALS FOR TODAY
                         NORMAL    RECORD    YEAR
 MAXIMUM TEMPERATURE (F)   37        66      1930
 MINIMUM TEMPERATURE (F)   19       -14      1936


SUNRISE AND SUNSET
FEBRUARY 18 2015......SUNRISE   700 AM CST   SUNSET   547 PM CST
FEBRUARY 19 2015......SUNRISE   659 AM CST   SUNSET   549 PM CST


-  INDICATES NEGATIVE NUMBERS.
R  INDICATES RECORD WAS SET OR TIED.
MM INDICATES DATA IS MISSING.
T  INDICATES TRACE AMOUNT.

$$

PODIUM
