000
CDUS43 KDMX 200716 RRA
CLIOTM

CLIMATE REPORT
NATIONAL WEATHER SERVICE DES MOINES IA
214 AM CDT SAT SEP 20 2014


...................................

...THE OTTUMWA IA CLIMATE SUMMARY FOR SEPTEMBER 19 2014...

CLIMATE NORMAL PERIOD 1981 TO 2010
CLIMATE RECORD PERIOD 1920 TO 2014


WEATHER ITEM   OBSERVED TIME   RECORD YEAR NORMAL DEPARTURE LAST
                VALUE   (LST)  VALUE       VALUE  FROM      YEAR
                                                  NORMAL
..................................................................
TEMPERATURE (F)
 YESTERDAY
  MAXIMUM         76    421 PM  96    1948  75      1       91
  MINIMUM         50    533 AM  34    1991  51     -1       65
  AVERAGE         63                        63      0       78

PRECIPITATION (IN)
  YESTERDAY        0.00          2.47 1965   0.13  -0.13     0.45
  MONTH TO DATE    4.16                      2.51   1.65     0.68
  SINCE SEP 1      4.16                      2.51   1.65     0.68
  SINCE JAN 1     35.13                     29.21   5.92    29.79

DEGREE DAYS
 HEATING
  YESTERDAY        2                         4     -2        0
  MONTH TO DATE  101                        42     59       29
  SINCE SEP 1    101                        42     59       29
  SINCE JUL 1    114                        53     61       45

 COOLING
  YESTERDAY        0                         2     -2       13
  MONTH TO DATE   41                        76    -35      151
  SINCE SEP 1     41                        76    -35      151
  SINCE JAN 1    773                       910   -137      966
..................................................................


WIND (MPH)
  HIGHEST WIND SPEED    20   HIGHEST WIND DIRECTION     S (170)
  HIGHEST GUST SPEED    28   HIGHEST GUST DIRECTION     S (180)
  AVERAGE WIND SPEED    10.5


SKY COVER
  POSSIBLE SUNSHINE  MM
  AVERAGE SKY COVER 0.0


WEATHER CONDITIONS
 THE FOLLOWING WEATHER WAS RECORDED YESTERDAY.
  NO SIGNIFICANT WEATHER WAS OBSERVED.


RELATIVE HUMIDITY (PERCENT)
 HIGHEST    93          1200 AM
 LOWEST     54           100 PM
 AVERAGE    74

..........................................................


THE OTTUMWA IA CLIMATE NORMALS FOR TODAY
                         NORMAL    RECORD    YEAR
 MAXIMUM TEMPERATURE (F)   74        95      1940
 MINIMUM TEMPERATURE (F)   51        32      2006


SUNRISE AND SUNSET
SEPTEMBER 20 2014.....SUNRISE   655 AM CDT   SUNSET   710 PM CDT
SEPTEMBER 21 2014.....SUNRISE   656 AM CDT   SUNSET   709 PM CDT


-  INDICATES NEGATIVE NUMBERS.
R  INDICATES RECORD WAS SET OR TIED.
MM INDICATES DATA IS MISSING.
T  INDICATES TRACE AMOUNT.




$$
