780
CDUS43 KDMX 171025 RRB
CLIOTM

CLIMATE REPORT
NATIONAL WEATHER SERVICE DES MOINES IA
523 AM CDT SUN JUL 17 2016

...................................

...THE OTTUMWA IA CLIMATE SUMMARY FOR JULY 16 2016...

CLIMATE NORMAL PERIOD 1981 TO 2010
CLIMATE RECORD PERIOD 1920 TO 2016


WEATHER ITEM   OBSERVED TIME   RECORD YEAR NORMAL DEPARTURE LAST
                VALUE   (LST)  VALUE       VALUE  FROM      YEAR
                                                  NORMAL
..................................................................
TEMPERATURE (F)
 YESTERDAY
  MAXIMUM         80    415 PM 109    1936  86     -6       86
  MINIMUM         58    446 AM  49    2014  65     -7       69
  AVERAGE         69                        75     -6       78

PRECIPITATION (IN)
  YESTERDAY        0.00          2.52 1982   0.15  -0.15     1.77
  MONTH TO DATE    2.69                      2.44   0.25     4.20
  SINCE JUN 1      5.27                      7.53  -2.26    11.98
  SINCE JAN 1     13.31                     20.06  -6.75    21.85

DEGREE DAYS
 HEATING
  YESTERDAY        0                         0      0        0
  MONTH TO DATE    7                         0      7        6
  SINCE JUN 1      8                        21    -13       16
  SINCE JUL 1      7                         0      7        6

 COOLING
  YESTERDAY        4                        10     -6       13
  MONTH TO DATE  113                       160    -47      114
  SINCE JUN 1    387                       361     26      318
  SINCE JAN 1    458                       425     33      379
..................................................................


WIND (MPH)
  HIGHEST WIND SPEED    16   HIGHEST WIND DIRECTION     S (160)
  HIGHEST GUST SPEED    24   HIGHEST GUST DIRECTION    SE (140)
  AVERAGE WIND SPEED     8.6


SKY COVER
  POSSIBLE SUNSHINE  MM
  AVERAGE SKY COVER 0.3


WEATHER CONDITIONS
 THE FOLLOWING WEATHER WAS RECORDED YESTERDAY.
  FOG


RELATIVE HUMIDITY (PERCENT)
 HIGHEST    93           200 AM
 LOWEST     60          1200 PM
 AVERAGE    77

..........................................................


THE OTTUMWA IA CLIMATE NORMALS FOR TODAY
                         NORMAL    RECORD    YEAR
 MAXIMUM TEMPERATURE (F)   86       107      1936
 MINIMUM TEMPERATURE (F)   65        50      1911


SUNRISE AND SUNSET
JULY 17 2016..........SUNRISE   552 AM CDT   SUNSET   839 PM CDT
JULY 18 2016..........SUNRISE   553 AM CDT   SUNSET   838 PM CDT


-  INDICATES NEGATIVE NUMBERS.
R  INDICATES RECORD WAS SET OR TIED.
MM INDICATES DATA IS MISSING.
T  INDICATES TRACE AMOUNT.




$$
