000
CDUS43 KDMX 140701
CLIOTM

CLIMATE REPORT
NATIONAL WEATHER SERVICE DES MOINES IA
150 AM CDT WED SEP 14 2016

...................................

...THE OTTUMWA IA CLIMATE SUMMARY FOR SEPTEMBER 13 2016...

CLIMATE NORMAL PERIOD 1981 TO 2010
CLIMATE RECORD PERIOD 1920 TO 2016

WEATHER ITEM   OBSERVED TIME   RECORD YEAR NORMAL DEPARTURE LAST
                VALUE   (LST)  VALUE       VALUE  FROM      YEAR
                                                  NORMAL
..................................................................
TEMPERATURE (F)
 YESTERDAY
  MAXIMUM         75    349 PM  99    1897  77     -2       72
  MINIMUM         64   1159 PM  36    2014  54     10       42
  AVERAGE         70                        66      4       57

PRECIPITATION (IN)
  YESTERDAY        0.02          3.01 1961   0.13  -0.11     0.00
  MONTH TO DATE    0.78                      1.76  -0.98     1.82
  SINCE SEP 1      0.78                      1.76  -0.98     1.82
  SINCE JAN 1     21.97                     28.46  -6.49    27.53

DEGREE DAYS
 HEATING
  YESTERDAY        0                         3     -3        8
  MONTH TO DATE    4                        21    -17       20
  SINCE SEP 1      4                        21    -17       20
  SINCE JUL 1     11                        32    -21       42

 COOLING
  YESTERDAY        5                         3      2        0
  MONTH TO DATE   78                        60     18      128
  SINCE SEP 1     78                        60     18      128
  SINCE JAN 1    977                       894     83      856
..................................................................

WIND (MPH)
  HIGHEST WIND SPEED    15   HIGHEST WIND DIRECTION     N (340)
  HIGHEST GUST SPEED    19   HIGHEST GUST DIRECTION    NW (310)
  AVERAGE WIND SPEED     7.1

SKY COVER
  POSSIBLE SUNSHINE  MM
  AVERAGE SKY COVER 0.4

WEATHER CONDITIONS
 THE FOLLOWING WEATHER WAS RECORDED YESTERDAY.
  LIGHT RAIN

RELATIVE HUMIDITY (PERCENT)
 HIGHEST    93           600 AM
 LOWEST     73           100 PM
 AVERAGE    83
..........................................................

THE OTTUMWA IA CLIMATE NORMALS FOR TODAY
                         NORMAL    RECORD    YEAR
 MAXIMUM TEMPERATURE (F)   77        99      1939
 MINIMUM TEMPERATURE (F)   54        35      1923

SUNRISE AND SUNSET
SEPTEMBER 14 2016.....SUNRISE   650 AM CDT   SUNSET   720 PM CDT
SEPTEMBER 15 2016.....SUNRISE   651 AM CDT   SUNSET   718 PM CDT

-  INDICATES NEGATIVE NUMBERS.
R  INDICATES RECORD WAS SET OR TIED.
MM INDICATES DATA IS MISSING.
T  INDICATES TRACE AMOUNT.

$$

FAB
