444
CDUS43 KDMX 250644 RRB
CLIOTM

CLIMATE REPORT
NATIONAL WEATHER SERVICE DES MOINES IA
1241 AM CST MON JAN 25 2016


...................................

...THE OTTUMWA IA CLIMATE SUMMARY FOR JANUARY 24 2016...

CLIMATE NORMAL PERIOD 1981 TO 2010
CLIMATE RECORD PERIOD 1920 TO 2016


WEATHER ITEM   OBSERVED TIME   RECORD YEAR NORMAL DEPARTURE LAST
                VALUE   (LST)  VALUE       VALUE  FROM      YEAR
                                                  NORMAL
..................................................................
TEMPERATURE (F)
 YESTERDAY
  MAXIMUM         39    345 PM  59    1981  32      7       53
  MINIMUM         23    751 AM -16    1897  13     10       27
  AVERAGE         31                        22      9       40

PRECIPITATION (IN)
  YESTERDAY        0.00          1.25 1938   0.03  -0.03     0.01
  MONTH TO DATE    0.02                      0.72  -0.70     0.40
  SINCE DEC 1      4.05                      2.09   1.96     1.38
  SINCE JAN 1      0.02                      0.72  -0.70     0.40

DEGREE DAYS
 HEATING
  YESTERDAY       34                        43     -9       25
  MONTH TO DATE 1053                      1026     27     1011
  SINCE DEC 1   1899                      2233   -334     2054
  SINCE JUL 1   2910                      3531   -621     3562

 COOLING
  YESTERDAY        0                         0      0        0
  MONTH TO DATE    0                         0      0        0
  SINCE DEC 1      0                         0      0        0
  SINCE JAN 1      0                         0      0        0
..................................................................


WIND (MPH)
  HIGHEST WIND SPEED    13   HIGHEST WIND DIRECTION     S (200)
  HIGHEST GUST SPEED    16   HIGHEST GUST DIRECTION    SW (210)
  AVERAGE WIND SPEED     7.1


SKY COVER
  POSSIBLE SUNSHINE  MM
  AVERAGE SKY COVER 0.5


WEATHER CONDITIONS
 THE FOLLOWING WEATHER WAS RECORDED YESTERDAY.
  FOG
  HAZE


RELATIVE HUMIDITY (PERCENT)
 HIGHEST    92           200 AM
 LOWEST     64           300 PM
 AVERAGE    78

..........................................................


THE OTTUMWA IA CLIMATE NORMALS FOR TODAY
                         NORMAL    RECORD    YEAR
 MAXIMUM TEMPERATURE (F)   32        60      1981
 MINIMUM TEMPERATURE (F)   13       -18      1897


SUNRISE AND SUNSET
JANUARY 25 2016.......SUNRISE   727 AM CST   SUNSET   517 PM CST
JANUARY 26 2016.......SUNRISE   726 AM CST   SUNSET   519 PM CST


-  INDICATES NEGATIVE NUMBERS.
R  INDICATES RECORD WAS SET OR TIED.
MM INDICATES DATA IS MISSING.
T  INDICATES TRACE AMOUNT.




$$
