000
CDUS43 KDMX 310711
CLIOTM

CLIMATE REPORT
NATIONAL WEATHER SERVICE DES MOINES IA
150 AM CDT THU AUG 31 2017

...................................

...THE OTTUMWA IA CLIMATE SUMMARY FOR AUGUST 30 2017...

CLIMATE NORMAL PERIOD 1981 TO 2010
CLIMATE RECORD PERIOD 1920 TO 2017

WEATHER ITEM   OBSERVED TIME   RECORD YEAR NORMAL DEPARTURE LAST
                VALUE   (LST)  VALUE       VALUE  FROM      YEAR
                                                  NORMAL
..................................................................
TEMPERATURE (F)
 YESTERDAY
  MAXIMUM         84    217 PM 104    1947  82      2       82
  MINIMUM         51    557 AM  42    1915  60     -9       66
  AVERAGE         68                        71     -3       74

PRECIPITATION (IN)
  YESTERDAY        0.00          2.49 1965   0.14  -0.14     0.22
  MONTH TO DATE    1.77                      4.46  -2.69     5.81
  SINCE JUN 1      3.38                     14.02 -10.64    12.28
  SINCE JAN 1     15.84                     26.55 -10.71    21.19

DEGREE DAYS
 HEATING
  YESTERDAY        0                         1     -1        0
  MONTH TO DATE    0                         3     -3        0
  SINCE JUN 1     10                        26    -16        8
  SINCE JUL 1      0                         5     -5        7

 COOLING
  YESTERDAY        3                         6     -3        9
  MONTH TO DATE  176                       249    -73      275
  SINCE JUN 1    860                       764     96      823
  SINCE JAN 1    921                       828     93      894
..................................................................

WIND (MPH)
  HIGHEST WIND SPEED    12   HIGHEST WIND DIRECTION    NE (50)
  HIGHEST GUST SPEED    15   HIGHEST GUST DIRECTION    NE (40)
  AVERAGE WIND SPEED     2.9

SKY COVER
  POSSIBLE SUNSHINE  MM
  AVERAGE SKY COVER 0.2

WEATHER CONDITIONS
 THE FOLLOWING WEATHER WAS RECORDED YESTERDAY.
  FOG
  FOG W/VISIBILITY <= 1/4 MILE

RELATIVE HUMIDITY (PERCENT)
 HIGHEST   100          1200 AM
 LOWEST     46           200 PM
 AVERAGE    73
..........................................................

THE OTTUMWA IA CLIMATE NORMALS FOR TODAY
                         NORMAL    RECORD    YEAR
 MAXIMUM TEMPERATURE (F)   81       100      1912
                                             1947
 MINIMUM TEMPERATURE (F)   59        42      1915

SUNRISE AND SUNSET
AUGUST 31 2017........SUNRISE   636 AM CDT   SUNSET   744 PM CDT
SEPTEMBER  1 2017.....SUNRISE   637 AM CDT   SUNSET   742 PM CDT

-  INDICATES NEGATIVE NUMBERS.
R  INDICATES RECORD WAS SET OR TIED.
MM INDICATES DATA IS MISSING.
T  INDICATES TRACE AMOUNT.

$$

FAB
