000
CDUS43 KDMX 270635 RRA
CLIOTM

CLIMATE REPORT
NATIONAL WEATHER SERVICE DES MOINES IA
133 AM CDT FRI OCT 27 2017

...................................

...THE OTTUMWA IA CLIMATE SUMMARY FOR OCTOBER 26 2017...

CLIMATE NORMAL PERIOD 1981 TO 2010
CLIMATE RECORD PERIOD 1920 TO 2017


WEATHER ITEM   OBSERVED TIME   RECORD YEAR NORMAL DEPARTURE LAST
                VALUE   (LST)  VALUE       VALUE  FROM      YEAR
                                                  NORMAL
..................................................................
TEMPERATURE (F)
 YESTERDAY
  MAXIMUM         66    108 PM  88    1940  59      7       66
  MINIMUM         40   1159 PM  18    1942  38      2       48
  AVERAGE         53                        49      4       57

PRECIPITATION (IN)
  YESTERDAY        0.00          1.58 1997   0.09  -0.09     0.12
  MONTH TO DATE    2.85                      2.38   0.47     1.01
  SINCE SEP 1      6.52                      6.17   0.35     2.02
  SINCE JAN 1     22.36                     32.87 -10.51    23.21

DEGREE DAYS
 HEATING
  YESTERDAY       12                        16     -4        8
  MONTH TO DATE  168                       315   -147      190
  SINCE SEP 1    205                       425   -220      223
  SINCE JUL 1    205                       436   -231      230

 COOLING
  YESTERDAY        0                         0      0        0
  MONTH TO DATE   26                         9     17       42
  SINCE SEP 1    195                       102     93      215
  SINCE JAN 1   1120                       936    184     1114
..................................................................


WIND (MPH)
  HIGHEST WIND SPEED    33   HIGHEST WIND DIRECTION    NW (310)
  HIGHEST GUST SPEED    45   HIGHEST GUST DIRECTION    NW (310)
  AVERAGE WIND SPEED    17.6


SKY COVER
  POSSIBLE SUNSHINE  MM
  AVERAGE SKY COVER 0.2


WEATHER CONDITIONS
 THE FOLLOWING WEATHER WAS RECORDED YESTERDAY.
  NO SIGNIFICANT WEATHER WAS OBSERVED.


RELATIVE HUMIDITY (PERCENT)
 HIGHEST    76           100 AM
 LOWEST     44          1100 AM
 AVERAGE    60

..........................................................


THE OTTUMWA IA CLIMATE NORMALS FOR TODAY
                         NORMAL    RECORD    YEAR
 MAXIMUM TEMPERATURE (F)   59        87      1927
 MINIMUM TEMPERATURE (F)   38        19      1936


SUNRISE AND SUNSET
OCTOBER 27 2017.......SUNRISE   735 AM CDT   SUNSET   611 PM CDT
OCTOBER 28 2017.......SUNRISE   736 AM CDT   SUNSET   610 PM CDT


-  INDICATES NEGATIVE NUMBERS.
R  INDICATES RECORD WAS SET OR TIED.
MM INDICATES DATA IS MISSING.
T  INDICATES TRACE AMOUNT.




$$
