000
CDUS43 KDMX 210702
CLIOTM

CLIMATE REPORT
NATIONAL WEATHER SERVICE DES MOINES IA
145 AM CDT FRI AUG 21 2015


...................................

...THE OTTUMWA IA CLIMATE SUMMARY FOR AUGUST 20 2015...

CLIMATE NORMAL PERIOD 1981 TO 2010
CLIMATE RECORD PERIOD 1920 TO 2015


WEATHER ITEM   OBSERVED TIME   RECORD YEAR NORMAL DEPARTURE LAST
                VALUE   (LST)  VALUE       VALUE  FROM      YEAR
                                                  NORMAL
..................................................................
TEMPERATURE (F)
 YESTERDAY
  MAXIMUM         78    349 PM 103    1947  83     -5       82
  MINIMUM         52    546 AM  41    1950  62    -10       64
  AVERAGE         65                        73     -8       73

PRECIPITATION (IN)
  YESTERDAY        0.00          4.54 2010   0.15  -0.15     0.84
  MONTH TO DATE    0.77                      2.99  -2.22     2.16
  SINCE JUN 1     15.32                     12.55   2.77    15.43
  SINCE JAN 1     24.23                     25.08  -0.85    28.54

DEGREE DAYS
 HEATING
  YESTERDAY        0                         0      0        0
  MONTH TO DATE    5                         0      5        0
  SINCE JUN 1     21                        23     -2       22
  SINCE JUL 1     11                         2      9       13

 COOLING
  YESTERDAY        0                         8     -8        8
  MONTH TO DATE  153                       177    -24      114
  SINCE JUN 1    633                       692    -59      492
  SINCE JAN 1    694                       756    -62      603
..................................................................


WIND (MPH)
  HIGHEST WIND SPEED    15   HIGHEST WIND DIRECTION    NW (310)
  HIGHEST GUST SPEED    21   HIGHEST GUST DIRECTION     W (290)
  AVERAGE WIND SPEED     7.6


SKY COVER
  POSSIBLE SUNSHINE  MM
  AVERAGE SKY COVER 0.0


WEATHER CONDITIONS
 THE FOLLOWING WEATHER WAS RECORDED YESTERDAY.
  NO SIGNIFICANT WEATHER WAS OBSERVED.


RELATIVE HUMIDITY (PERCENT)
 HIGHEST    93           100 AM
 LOWEST     40           200 PM
 AVERAGE    67

..........................................................


THE OTTUMWA IA CLIMATE NORMALS FOR TODAY
                         NORMAL    RECORD    YEAR
 MAXIMUM TEMPERATURE (F)   83       104      1936
 MINIMUM TEMPERATURE (F)   62        48      1950


SUNRISE AND SUNSET
AUGUST 21 2015........SUNRISE   625 AM CDT   SUNSET   800 PM CDT
AUGUST 22 2015........SUNRISE   626 AM CDT   SUNSET   758 PM CDT


-  INDICATES NEGATIVE NUMBERS.
R  INDICATES RECORD WAS SET OR TIED.
MM INDICATES DATA IS MISSING.
T  INDICATES TRACE AMOUNT.

$$
