083
CDUS43 KDMX 060643 RRB
CLIOTM

CLIMATE REPORT
NATIONAL WEATHER SERVICE DES MOINES IA
1240 AM CST SAT JAN 6 2018


...................................

...THE OTTUMWA IA CLIMATE SUMMARY FOR JANUARY 5 2018...

CLIMATE NORMAL PERIOD 1981 TO 2010
CLIMATE RECORD PERIOD 1920 TO 2018


WEATHER ITEM   OBSERVED TIME   RECORD YEAR NORMAL DEPARTURE LAST
                VALUE   (LST)  VALUE       VALUE  FROM      YEAR
                                                  NORMAL
..................................................................
TEMPERATURE (F)
 YESTERDAY
  MAXIMUM         MM        MM  65    2012  32     MM       14
  MINIMUM         MM        MM -20    1924  14     MM       -1
  AVERAGE         MM                        23     MM        7

PRECIPITATION (IN)
  YESTERDAY       MM             1.33 1955   0.04  MM        0.01
  MONTH TO DATE    T                         0.17  -0.17     0.11
  SINCE DEC 1      0.70                      1.54  -0.84     1.48
  SINCE JAN 1      T                         0.17  -0.17     0.11

DEGREE DAYS
 HEATING
  YESTERDAY       MM                        42     MM       58
  MONTH TO DATE  258                       210     48      218
  SINCE DEC 1   1453                      1417     36     1374
  SINCE JUL 1   2580                      2715   -135     2167

 COOLING
  YESTERDAY       MM                         0     MM        0
  MONTH TO DATE    0                         0      0        0
  SINCE DEC 1      0                         0      0        0
  SINCE JAN 1      0                         0      0        0
..................................................................


WIND (MPH)
  HIGHEST WIND SPEED     8   HIGHEST WIND DIRECTION     N (20)
  HIGHEST GUST SPEED    MM   HIGHEST GUST DIRECTION    MM
  AVERAGE WIND SPEED     6.7


SKY COVER
  POSSIBLE SUNSHINE   0 PERCENT
  AVERAGE SKY COVER 0.0


WEATHER CONDITIONS
 THE FOLLOWING WEATHER WAS RECORDED YESTERDAY.
  NO SIGNIFICANT WEATHER WAS OBSERVED.


RELATIVE HUMIDITY (PERCENT)
 HIGHEST     0          1200 AM
 LOWEST      0          1200 AM
 AVERAGE     0

..........................................................


THE OTTUMWA IA CLIMATE NORMALS FOR TODAY
                         NORMAL    RECORD    YEAR
 MAXIMUM TEMPERATURE (F)   32        58      2012
 MINIMUM TEMPERATURE (F)   14       -14      1924


SUNRISE AND SUNSET
JANUARY  6 2018.......SUNRISE   735 AM CST   SUNSET   457 PM CST
JANUARY  7 2018.......SUNRISE   735 AM CST   SUNSET   458 PM CST


-  INDICATES NEGATIVE NUMBERS.
R  INDICATES RECORD WAS SET OR TIED.
MM INDICATES DATA IS MISSING.
T  INDICATES TRACE AMOUNT.




$$
