000
CDUS43 KDMX 300631 RRB
CLIOTM

CLIMATE REPORT
NATIONAL WEATHER SERVICE DES MOINES IA
129 AM CDT FRI JUN 30 2017

...................................

...THE OTTUMWA IA CLIMATE SUMMARY FOR JUNE 29 2017...

CLIMATE NORMAL PERIOD 1981 TO 2010
CLIMATE RECORD PERIOD 1920 TO 2017


WEATHER ITEM   OBSERVED TIME   RECORD YEAR NORMAL DEPARTURE LAST
                VALUE   (LST)  VALUE       VALUE  FROM      YEAR
                                                  NORMAL
..................................................................
TEMPERATURE (F)
 YESTERDAY
  MAXIMUM         82    543 PM 107    1934  85     -3       78
  MINIMUM         65    939 PM  49    1923  64      1       57
  AVERAGE         74                        74      0       68

PRECIPITATION (IN)
  YESTERDAY        T             1.85 1906   0.16  -0.16     0.00
  MONTH TO DATE    0.97                      4.93  -3.96     1.61
  SINCE JUN 1      0.97                      4.93  -3.96     1.61
  SINCE JAN 1     13.43                     17.46  -4.03    10.52

DEGREE DAYS
 HEATING
  YESTERDAY        0                         0      0        0
  MONTH TO DATE   10                        19     -9        1
  SINCE JUN 1     10                        19     -9        1
  SINCE JUL 1   5018                      6315  -1297     5265

 COOLING
  YESTERDAY        9                         9      0        3
  MONTH TO DATE  259                       190     69      267
  SINCE JUN 1    259                       190     69      267
  SINCE JAN 1    320                       254     66      338
..................................................................


WIND (MPH)
  HIGHEST WIND SPEED    23   HIGHEST WIND DIRECTION    SW (210)
  HIGHEST GUST SPEED    30   HIGHEST GUST DIRECTION     S (190)
  AVERAGE WIND SPEED     8.9


SKY COVER
  POSSIBLE SUNSHINE  MM
  AVERAGE SKY COVER 0.1


WEATHER CONDITIONS
 THE FOLLOWING WEATHER WAS RECORDED YESTERDAY.
  LIGHT RAIN


RELATIVE HUMIDITY (PERCENT)
 HIGHEST   100          1000 PM
 LOWEST     58           400 PM
 AVERAGE    79

..........................................................


THE OTTUMWA IA CLIMATE NORMALS FOR TODAY
                         NORMAL    RECORD    YEAR
 MAXIMUM TEMPERATURE (F)   85       100      1931
 MINIMUM TEMPERATURE (F)   64        47      1943


SUNRISE AND SUNSET
JUNE 30 2017..........SUNRISE   541 AM CDT   SUNSET   846 PM CDT
JULY  1 2017..........SUNRISE   541 AM CDT   SUNSET   846 PM CDT


-  INDICATES NEGATIVE NUMBERS.
R  INDICATES RECORD WAS SET OR TIED.
MM INDICATES DATA IS MISSING.
T  INDICATES TRACE AMOUNT.




$$
