000
CDUS43 KDMX 160712 RRC
CLIOTM

CLIMATE REPORT
NATIONAL WEATHER SERVICE DES MOINES IA
111 AM CST MON FEB 16 2015


...................................

...THE OTTUMWA IA CLIMATE SUMMARY FOR FEBRUARY 15 2015...

CLIMATE NORMAL PERIOD 1981 TO 2010
CLIMATE RECORD PERIOD 1920 TO 2015


WEATHER ITEM   OBSERVED TIME   RECORD YEAR NORMAL DEPARTURE LAST
                VALUE   (LST)  VALUE       VALUE  FROM      YEAR
                                                  NORMAL
..................................................................
TEMPERATURE (F)
 YESTERDAY
  MAXIMUM         13    455 PM  63    1984  36    -23       30
  MINIMUM          4    414 AM -15    1930  18    -14       -2
  AVERAGE          9                        27    -18       14

PRECIPITATION (IN)
  YESTERDAY        0.00          1.26 2003   0.04  -0.04     0.20
  MONTH TO DATE    0.21                      0.54  -0.33     1.13
  SINCE DEC 1      2.13                      2.81  -0.68     2.23
  SINCE JAN 1      1.15                      1.44  -0.29     1.57

DEGREE DAYS
 HEATING
  YESTERDAY       56                        38     18       51
  MONTH TO DATE  675                       600     75      828
  SINCE DEC 1   2954                      3124   -170     3663
  SINCE JUL 1   4462                      4422     40     4993

 COOLING
  YESTERDAY        0                         0      0        0
  MONTH TO DATE    0                         0      0        0
  SINCE DEC 1      0                         0      0        0
  SINCE JAN 1      0                         0      0        0
..................................................................


WIND (MPH)
  HIGHEST WIND SPEED    15   HIGHEST WIND DIRECTION    SE (130)
  HIGHEST GUST SPEED    19   HIGHEST GUST DIRECTION     E (80)
  AVERAGE WIND SPEED    10.1


SKY COVER
  POSSIBLE SUNSHINE  MM
  AVERAGE SKY COVER 0.9


WEATHER CONDITIONS
 THE FOLLOWING WEATHER WAS RECORDED YESTERDAY.
  NO SIGNIFICANT WEATHER WAS OBSERVED.


RELATIVE HUMIDITY (PERCENT)
 HIGHEST    62          1200 AM
 LOWEST     46           200 PM
 AVERAGE    54

..........................................................


THE OTTUMWA IA CLIMATE NORMALS FOR TODAY
                         NORMAL    RECORD    YEAR
 MAXIMUM TEMPERATURE (F)   36        61      1981
 MINIMUM TEMPERATURE (F)   18       -17      1958


SUNRISE AND SUNSET
FEBRUARY 16 2015......SUNRISE   703 AM CST   SUNSET   545 PM CST
FEBRUARY 17 2015......SUNRISE   702 AM CST   SUNSET   546 PM CST


-  INDICATES NEGATIVE NUMBERS.
R  INDICATES RECORD WAS SET OR TIED.
MM INDICATES DATA IS MISSING.
T  INDICATES TRACE AMOUNT.




$$
