000
CDUS43 KDMX 210632 RRB
CLIOTM

CLIMATE REPORT
NATIONAL WEATHER SERVICE DES MOINES IA
130 AM CDT SUN JUN 21 2015


...................................

...THE OTTUMWA IA CLIMATE SUMMARY FOR JUNE 20 2015...

CLIMATE NORMAL PERIOD 1981 TO 2010
CLIMATE RECORD PERIOD 1920 TO 2015


WEATHER ITEM   OBSERVED TIME   RECORD YEAR NORMAL DEPARTURE LAST
                VALUE   (LST)  VALUE       VALUE  FROM      YEAR
                                                  NORMAL
..................................................................
TEMPERATURE (F)
 YESTERDAY
  MAXIMUM         90    354 PM 102    1936  83      7       87
  MINIMUM         57    414 AM  47    1920  62     -5       62
  AVERAGE         74                        72      2       75

PRECIPITATION (IN)
  YESTERDAY        1.14          3.20 1931   0.17   0.97     0.00
  MONTH TO DATE    5.00                      3.40   1.60     4.84
  SINCE JUN 1      5.00                      3.40   1.60     4.84
  SINCE JAN 1     13.91                     15.93  -2.02    17.95

DEGREE DAYS
 HEATING
  YESTERDAY        0                         0      0        0
  MONTH TO DATE   10                        19     -9        9
  SINCE JUN 1     10                        19     -9        9
  SINCE JUL 1   6379                      6315     64     7107

 COOLING
  YESTERDAY        9                         8      1       10
  MONTH TO DATE  134                       112     22      114
  SINCE JUN 1    134                       112     22      114
  SINCE JAN 1    195                       176     19      225
..................................................................


WIND (MPH)
  HIGHEST WIND SPEED    33   HIGHEST WIND DIRECTION     W (280)
  HIGHEST GUST SPEED    45   HIGHEST GUST DIRECTION     W (270)
  AVERAGE WIND SPEED    10.4


SKY COVER
  POSSIBLE SUNSHINE  MM
  AVERAGE SKY COVER 0.1


WEATHER CONDITIONS
 THE FOLLOWING WEATHER WAS RECORDED YESTERDAY.
  THUNDERSTORM
  HEAVY RAIN
  RAIN
  LIGHT RAIN
  FOG


RELATIVE HUMIDITY (PERCENT)
 HIGHEST   100           400 AM
 LOWEST     64           400 PM
 AVERAGE    82

..........................................................


THE OTTUMWA IA CLIMATE NORMALS FOR TODAY
                         NORMAL    RECORD    YEAR
 MAXIMUM TEMPERATURE (F)   83       101      1988
 MINIMUM TEMPERATURE (F)   62        44      1992


SUNRISE AND SUNSET
JUNE 21 2015..........SUNRISE   537 AM CDT   SUNSET   846 PM CDT
JUNE 22 2015..........SUNRISE   538 AM CDT   SUNSET   846 PM CDT


-  INDICATES NEGATIVE NUMBERS.
R  INDICATES RECORD WAS SET OR TIED.
MM INDICATES DATA IS MISSING.
T  INDICATES TRACE AMOUNT.




$$
