000
CDUS43 KDMX 310645 RRC
CLIOTM

CLIMATE REPORT
NATIONAL WEATHER SERVICE DES MOINES IA
1244 AM CST SUN JAN 31 2016


...................................

...THE OTTUMWA IA CLIMATE SUMMARY FOR JANUARY 30 2016...

CLIMATE NORMAL PERIOD 1981 TO 2010
CLIMATE RECORD PERIOD 1920 TO 2016


WEATHER ITEM   OBSERVED TIME   RECORD YEAR NORMAL DEPARTURE LAST
                VALUE   (LST)  VALUE       VALUE  FROM      YEAR
                                                  NORMAL
..................................................................
TEMPERATURE (F)
 YESTERDAY
  MAXIMUM         MM        MM  65    2012  32     MM       35
  MINIMUM         MM        MM -17    1936  14     MM       13
  AVERAGE         MM                        23     MM       24

PRECIPITATION (IN)
  YESTERDAY        0.00          0.58 1937   0.03  -0.03     0.00
  MONTH TO DATE    0.02                      0.87  -0.85     0.67
  SINCE DEC 1      4.05                      2.24   1.81     1.65
  SINCE JAN 1      0.02                      0.87  -0.85     0.67

DEGREE DAYS
 HEATING
  YESTERDAY       MM                        42     MM       41
  MONTH TO DATE 1220                      1278    -58     1203
  SINCE DEC 1   2066                      2485   -419     2246
  SINCE JUL 1   3077                      3783   -706     3754

 COOLING
  YESTERDAY       MM                         0     MM        0
  MONTH TO DATE    0                         0      0        0
  SINCE DEC 1      0                         0      0        0
  SINCE JAN 1      0                         0      0        0
..................................................................


WIND (MPH)
  HIGHEST WIND SPEED     8   HIGHEST WIND DIRECTION     S (180)
  HIGHEST GUST SPEED    MM   HIGHEST GUST DIRECTION    MM
  AVERAGE WIND SPEED     5.2


SKY COVER
  POSSIBLE SUNSHINE   0 PERCENT
  AVERAGE SKY COVER 0.0


WEATHER CONDITIONS
 THE FOLLOWING WEATHER WAS RECORDED YESTERDAY.
  NO SIGNIFICANT WEATHER WAS OBSERVED.


RELATIVE HUMIDITY (PERCENT)
 HIGHEST     0          1200 AM
 LOWEST      0          1200 AM
 AVERAGE     0

..........................................................


THE OTTUMWA IA CLIMATE NORMALS FOR TODAY
                         NORMAL    RECORD    YEAR
 MAXIMUM TEMPERATURE (F)   32        71      1989
 MINIMUM TEMPERATURE (F)   14       -20      1996


SUNRISE AND SUNSET
JANUARY 31 2016.......SUNRISE   722 AM CST   SUNSET   525 PM CST
FEBRUARY  1 2016......SUNRISE   721 AM CST   SUNSET   526 PM CST


-  INDICATES NEGATIVE NUMBERS.
R  INDICATES RECORD WAS SET OR TIED.
MM INDICATES DATA IS MISSING.
T  INDICATES TRACE AMOUNT.




$$
