155
CDUS43 KDMX 290631 RRA
CLIOTM

CLIMATE REPORT
NATIONAL WEATHER SERVICE DES MOINES IA
1228 AM CST WED NOV 29 2017

...................................

...THE OTTUMWA IA CLIMATE SUMMARY FOR NOVEMBER 28 2017...

CLIMATE NORMAL PERIOD 1981 TO 2010
CLIMATE RECORD PERIOD 1920 TO 2017


WEATHER ITEM   OBSERVED TIME   RECORD YEAR NORMAL DEPARTURE LAST
                VALUE   (LST)  VALUE       VALUE  FROM      YEAR
                                                  NORMAL
..................................................................
TEMPERATURE (F)
 YESTERDAY
  MAXIMUM         61   1237 AM  65    1941  42     19       56
  MINIMUM         28   1017 PM  -1    1976  24      4       44
  AVERAGE         45                        33     12       50

PRECIPITATION (IN)
  YESTERDAY        0.00          1.02 1919   0.07  -0.07      T
  MONTH TO DATE    0.67                      2.24  -1.57     0.71
  SINCE SEP 1      7.20                      8.86  -1.66     2.73
  SINCE JAN 1     23.04                     35.56 -12.52    23.92

DEGREE DAYS
 HEATING
  YESTERDAY       20                        32    -12       15
  MONTH TO DATE  720                       706     14      477
  SINCE SEP 1   1070                      1219   -149      736
  SINCE JUL 1   1070                      1230   -160      743

 COOLING
  YESTERDAY        0                         0      0        0
  MONTH TO DATE    0                         0      0        5
  SINCE SEP 1    195                       104     91      223
  SINCE JAN 1   1120                       938    182     1122
..................................................................


WIND (MPH)
  HIGHEST WIND SPEED    25   HIGHEST WIND DIRECTION     N (350)
  HIGHEST GUST SPEED    33   HIGHEST GUST DIRECTION    SW (210)
  AVERAGE WIND SPEED    11.8


SKY COVER
  POSSIBLE SUNSHINE  MM
  AVERAGE SKY COVER 0.3


WEATHER CONDITIONS
 THE FOLLOWING WEATHER WAS RECORDED YESTERDAY.
  NO SIGNIFICANT WEATHER WAS OBSERVED.


RELATIVE HUMIDITY (PERCENT)
 HIGHEST    72          1000 PM
 LOWEST     35           400 PM
 AVERAGE    54

..........................................................


THE OTTUMWA IA CLIMATE NORMALS FOR TODAY
                         NORMAL    RECORD    YEAR
 MAXIMUM TEMPERATURE (F)   41        70      1998
 MINIMUM TEMPERATURE (F)   23        -3      1976


SUNRISE AND SUNSET
NOVEMBER 29 2017......SUNRISE   714 AM CST   SUNSET   442 PM CST
NOVEMBER 30 2017......SUNRISE   715 AM CST   SUNSET   442 PM CST


-  INDICATES NEGATIVE NUMBERS.
R  INDICATES RECORD WAS SET OR TIED.
MM INDICATES DATA IS MISSING.
T  INDICATES TRACE AMOUNT.

$$

REV
