000
CDUS43 KDMX 050652 RRB
CLIOTM

CLIMATE REPORT
NATIONAL WEATHER SERVICE DES MOINES IA
1245 AM CST FRI DEC 5 2014


...................................

...THE OTTUMWA IA CLIMATE SUMMARY FOR DECEMBER 4 2014...

CLIMATE NORMAL PERIOD 1981 TO 2010
CLIMATE RECORD PERIOD 1920 TO 2014


WEATHER ITEM   OBSERVED TIME   RECORD YEAR NORMAL DEPARTURE LAST
                VALUE   (LST)  VALUE       VALUE  FROM      YEAR
                                                  NORMAL
..................................................................
TEMPERATURE (F)
 YESTERDAY
  MAXIMUM         34    221 PM  71    1998  39     -5       49
  MINIMUM         23    609 AM   1    2005  21      2       21
                                      1991
  AVERAGE         29                        30     -1       35

PRECIPITATION (IN)
  YESTERDAY        0.00          1.30 1924   0.06  -0.06      T
  MONTH TO DATE    0.00                      0.23  -0.23      T
  SINCE DEC 1      0.00                      0.23  -0.23      T
  SINCE JAN 1     40.13                     35.93   4.20    36.32

DEGREE DAYS
 HEATING
  YESTERDAY       36                        35      1       30
  MONTH TO DATE  168                       138     30      108
  SINCE DEC 1    168                       138     30      108
  SINCE JUL 1   1676                      1436    240     1438

 COOLING
  YESTERDAY        0                         0      0        0
  MONTH TO DATE    0                         0      0        0
  SINCE DEC 1      0                         0      0        0
  SINCE JAN 1    801                       938   -137     1014
..................................................................


WIND (MPH)
  HIGHEST WIND SPEED    15   HIGHEST WIND DIRECTION    SE (130)
  HIGHEST GUST SPEED    18   HIGHEST GUST DIRECTION    SE (140)
  AVERAGE WIND SPEED     8.0


SKY COVER
  POSSIBLE SUNSHINE  MM
  AVERAGE SKY COVER 0.7


WEATHER CONDITIONS
 THE FOLLOWING WEATHER WAS RECORDED YESTERDAY.
  HAZE


RELATIVE HUMIDITY (PERCENT)
 HIGHEST    78          1000 PM
 LOWEST     54          1200 PM
 AVERAGE    66

..........................................................


THE OTTUMWA IA CLIMATE NORMALS FOR TODAY
                         NORMAL    RECORD    YEAR
 MAXIMUM TEMPERATURE (F)   38        68      2001
 MINIMUM TEMPERATURE (F)   20        -5      2005


SUNRISE AND SUNSET
DECEMBER  5 2014......SUNRISE   720 AM CST   SUNSET   441 PM CST
DECEMBER  6 2014......SUNRISE   720 AM CST   SUNSET   441 PM CST


-  INDICATES NEGATIVE NUMBERS.
R  INDICATES RECORD WAS SET OR TIED.
MM INDICATES DATA IS MISSING.
T  INDICATES TRACE AMOUNT.




$$
