000
CDUS43 KDMX 070637 RRA
CLIOTM

CLIMATE REPORT
NATIONAL WEATHER SERVICE DES MOINES IA
1234 AM CST TUE FEB 7 2017

...................................

...THE OTTUMWA IA CLIMATE SUMMARY FOR FEBRUARY 6 2017...

CLIMATE NORMAL PERIOD 1981 TO 2010
CLIMATE RECORD PERIOD 1920 TO 2017


WEATHER ITEM   OBSERVED TIME   RECORD YEAR NORMAL DEPARTURE LAST
                VALUE   (LST)  VALUE       VALUE  FROM      YEAR
                                                  NORMAL
..................................................................
TEMPERATURE (F)
 YESTERDAY
  MAXIMUM         59    222 PM  62    2009  34     25       43
  MINIMUM         23    515 AM -17    1978  15      8       21
  AVERAGE         41                        24     17       32

PRECIPITATION (IN)
  YESTERDAY        0.02          0.76 1928   0.04  -0.02     0.00
  MONTH TO DATE    0.02                      0.19  -0.17     0.29
  SINCE DEC 1      2.54                      2.46   0.08     4.82
  SINCE JAN 1      1.17                      1.09   0.08     0.79

DEGREE DAYS
 HEATING
  YESTERDAY       24                        41    -17       33
  MONTH TO DATE  213                       247    -34      213
  SINCE DEC 1   2508                      2771   -263     2279
  SINCE JUL 1   3301                      4069   -768     3290

 COOLING
  YESTERDAY        0                         0      0        0
  MONTH TO DATE    0                         0      0        0
  SINCE DEC 1      0                         0      0        0
  SINCE JAN 1      0                         0      0        0
..................................................................


WIND (MPH)
  HIGHEST WIND SPEED    13   HIGHEST WIND DIRECTION     S (180)
  HIGHEST GUST SPEED    15   HIGHEST GUST DIRECTION     S (180)
  AVERAGE WIND SPEED     7.5


SKY COVER
  POSSIBLE SUNSHINE  MM
  AVERAGE SKY COVER 0.3


WEATHER CONDITIONS
 THE FOLLOWING WEATHER WAS RECORDED YESTERDAY.
  LIGHT RAIN
  FOG
  FOG W/VISIBILITY <= 1/4 MILE
  HAZE


RELATIVE HUMIDITY (PERCENT)
 HIGHEST    86          1100 PM
 LOWEST     47           200 PM
 AVERAGE    67

..........................................................


THE OTTUMWA IA CLIMATE NORMALS FOR TODAY
                         NORMAL    RECORD    YEAR
 MAXIMUM TEMPERATURE (F)   34        61      1987
 MINIMUM TEMPERATURE (F)   15       -18      1905


SUNRISE AND SUNSET
FEBRUARY  7 2017......SUNRISE   714 AM CST   SUNSET   535 PM CST
FEBRUARY  8 2017......SUNRISE   713 AM CST   SUNSET   536 PM CST


-  INDICATES NEGATIVE NUMBERS.
R  INDICATES RECORD WAS SET OR TIED.
MM INDICATES DATA IS MISSING.
T  INDICATES TRACE AMOUNT.




$$
