000
CDUS43 KDMX 300825 RRA
CLIOTM

CLIMATE REPORT
NATIONAL WEATHER SERVICE DES MOINES IA
223 AM CST TUE JAN 30 2018

...................................

...THE OTTUMWA IA CLIMATE SUMMARY FOR JANUARY 29 2018...

CLIMATE NORMAL PERIOD 1981 TO 2010
CLIMATE RECORD PERIOD 1920 TO 2018


WEATHER ITEM   OBSERVED TIME   RECORD YEAR NORMAL DEPARTURE LAST
                VALUE   (LST)  VALUE       VALUE  FROM      YEAR
                                                  NORMAL
..................................................................
TEMPERATURE (F)
 YESTERDAY
  MAXIMUM         28    313 PM  61    2013  32     -4       35
  MINIMUM         13   1149 PM -20    1966  14     -1       25
  AVERAGE         21                        23     -2       30

PRECIPITATION (IN)
  YESTERDAY        0.00          0.93 2013   0.02  -0.02     0.00
  MONTH TO DATE    0.32                      0.84  -0.52     1.15
  SINCE DEC 1      1.02                      2.21  -1.19     2.52
  SINCE JAN 1      0.32                      0.84  -0.52     1.15

DEGREE DAYS
 HEATING
  YESTERDAY       44                        42      2       35
  MONTH TO DATE 1228                      1236     -8     1086
  SINCE DEC 1   2423                      2443    -20     2242
  SINCE JUL 1   3550                      3741   -191     3035

 COOLING
  YESTERDAY        0                         0      0        0
  MONTH TO DATE    0                         0      0        0
  SINCE DEC 1      0                         0      0        0
  SINCE JAN 1      0                         0      0        0
..................................................................


WIND (MPH)
  HIGHEST WIND SPEED    21   HIGHEST WIND DIRECTION     N (340)
  HIGHEST GUST SPEED    25   HIGHEST GUST DIRECTION     N (340)
  AVERAGE WIND SPEED    11.6


SKY COVER
  POSSIBLE SUNSHINE  MM
  AVERAGE SKY COVER 0.4


WEATHER CONDITIONS
 THE FOLLOWING WEATHER WAS RECORDED YESTERDAY.
  NO SIGNIFICANT WEATHER WAS OBSERVED.


RELATIVE HUMIDITY (PERCENT)
 HIGHEST    80           400 AM
 LOWEST     50           300 PM
 AVERAGE    65

..........................................................


THE OTTUMWA IA CLIMATE NORMALS FOR TODAY
                         NORMAL    RECORD    YEAR
 MAXIMUM TEMPERATURE (F)   32        65      2012
 MINIMUM TEMPERATURE (F)   14       -17      1936


SUNRISE AND SUNSET
JANUARY 30 2018.......SUNRISE   722 AM CST   SUNSET   524 PM CST
JANUARY 31 2018.......SUNRISE   721 AM CST   SUNSET   525 PM CST


-  INDICATES NEGATIVE NUMBERS.
R  INDICATES RECORD WAS SET OR TIED.
MM INDICATES DATA IS MISSING.
T  INDICATES TRACE AMOUNT.

$$
