000
CDUS43 KDMX 010632 RRB
CLIOTM

CLIMATE REPORT
NATIONAL WEATHER SERVICE DES MOINES IA
132 AM CDT MON AUG 1 2016

...................................

...THE OTTUMWA IA CLIMATE SUMMARY FOR JULY 31 2016...

CLIMATE NORMAL PERIOD 1981 TO 2010
CLIMATE RECORD PERIOD 1920 TO 2016


WEATHER ITEM   OBSERVED TIME   RECORD YEAR NORMAL DEPARTURE LAST
                VALUE   (LST)  VALUE       VALUE  FROM      YEAR
                                                  NORMAL
..................................................................
TEMPERATURE (F)
 YESTERDAY
  MAXIMUM         82    500 PM 104    1988  85     -3       87
  MINIMUM         60    454 AM  47    1936  64     -4       65
  AVERAGE         71                        74     -3       76

PRECIPITATION (IN)
  YESTERDAY        0.00          2.03 1896   0.14  -0.14     0.00
                                      2000
  MONTH TO DATE    3.89                      4.47  -0.58     6.76
  SINCE JUN 1      6.47                      9.56  -3.09    14.54
  SINCE JAN 1     14.51                     22.09  -7.58    24.41

DEGREE DAYS
 HEATING
  YESTERDAY        0                         0      0        0
  MONTH TO DATE    7                         0      7        6
  SINCE JUN 1      8                        23    -15       16
  SINCE JUL 1      7                         2      5        6

 COOLING
  YESTERDAY        6                        10     -4       11
  MONTH TO DATE  274                       314    -40      276
  SINCE JUN 1    548                       515     33      480
  SINCE JAN 1    619                       579     40      541
..................................................................


WIND (MPH)
  HIGHEST WIND SPEED    15   HIGHEST WIND DIRECTION     E (100)
  HIGHEST GUST SPEED    18   HIGHEST GUST DIRECTION    SE (150)
  AVERAGE WIND SPEED     6.1


SKY COVER
  POSSIBLE SUNSHINE  MM
  AVERAGE SKY COVER 0.1


WEATHER CONDITIONS
 THE FOLLOWING WEATHER WAS RECORDED YESTERDAY.
  FOG


RELATIVE HUMIDITY (PERCENT)
 HIGHEST   100           200 AM
 LOWEST     62           100 PM
 AVERAGE    81

..........................................................


THE OTTUMWA IA CLIMATE NORMALS FOR TODAY
                         NORMAL    RECORD    YEAR
 MAXIMUM TEMPERATURE (F)   85       102      1988
 MINIMUM TEMPERATURE (F)   64        49      1936


SUNRISE AND SUNSET
AUGUST  1 2016........SUNRISE   606 AM CDT   SUNSET   825 PM CDT
AUGUST  2 2016........SUNRISE   607 AM CDT   SUNSET   824 PM CDT


-  INDICATES NEGATIVE NUMBERS.
R  INDICATES RECORD WAS SET OR TIED.
MM INDICATES DATA IS MISSING.
T  INDICATES TRACE AMOUNT.

$$

SMALL
