221
CDUS43 KDMX 120639 RRB
CLIOTM

CLIMATE REPORT
NATIONAL WEATHER SERVICE DES MOINES IA
138 AM CDT MON JUN 12 2017


...................................

...THE OTTUMWA IA CLIMATE SUMMARY FOR JUNE 11 2017...

CLIMATE NORMAL PERIOD 1981 TO 2010
CLIMATE RECORD PERIOD 1920 TO 2017


WEATHER ITEM   OBSERVED TIME   RECORD YEAR NORMAL DEPARTURE LAST
                VALUE   (LST)  VALUE       VALUE  FROM      YEAR
                                                  NORMAL
..................................................................
TEMPERATURE (F)
 YESTERDAY
  MAXIMUM         93    247 PM 102    1933  80     13       89
  MINIMUM         72    545 AM  43    1972  59     13       69
  AVERAGE         83                        70     13       79

PRECIPITATION (IN)
  YESTERDAY        0.00          1.30 2002   0.17  -0.17     0.08
  MONTH TO DATE    0.01                      1.87  -1.86     0.32
  SINCE JUN 1      0.01                      1.87  -1.86     0.32
  SINCE JAN 1     12.47                     14.40  -1.93     9.23

DEGREE DAYS
 HEATING
  YESTERDAY        0                         1     -1        0
  MONTH TO DATE    0                        15    -15        1
  SINCE JUN 1      0                        15    -15        1
  SINCE JUL 1   5008                      6311  -1303     5265

 COOLING
  YESTERDAY       18                         6     12       14
  MONTH TO DATE   92                        50     42       72
  SINCE JUN 1     92                        50     42       72
  SINCE JAN 1    153                       114     39      143
..................................................................


WIND (MPH)
  HIGHEST WIND SPEED    28   HIGHEST WIND DIRECTION     S (180)
  HIGHEST GUST SPEED    36   HIGHEST GUST DIRECTION     S (170)
  AVERAGE WIND SPEED    15.7


SKY COVER
  POSSIBLE SUNSHINE  MM
  AVERAGE SKY COVER 0.0


WEATHER CONDITIONS
 THE FOLLOWING WEATHER WAS RECORDED YESTERDAY.
  NO SIGNIFICANT WEATHER WAS OBSERVED.


RELATIVE HUMIDITY (PERCENT)
 HIGHEST    84           500 AM
 LOWEST     44           200 PM
 AVERAGE    64

..........................................................


THE OTTUMWA IA CLIMATE NORMALS FOR TODAY
                         NORMAL    RECORD    YEAR
 MAXIMUM TEMPERATURE (F)   81        96      1952
 MINIMUM TEMPERATURE (F)   60        45      1903


SUNRISE AND SUNSET
JUNE 12 2017..........SUNRISE   537 AM CDT   SUNSET   843 PM CDT
JUNE 13 2017..........SUNRISE   537 AM CDT   SUNSET   843 PM CDT


-  INDICATES NEGATIVE NUMBERS.
R  INDICATES RECORD WAS SET OR TIED.
MM INDICATES DATA IS MISSING.
T  INDICATES TRACE AMOUNT.




$$
