000
CDUS43 KDMX 070637 RRC
CLIOTM

CLIMATE REPORT
NATIONAL WEATHER SERVICE DES MOINES IA
1235 AM CST MON NOV 7 2016


...................................

...THE OTTUMWA IA CLIMATE SUMMARY FOR NOVEMBER 6 2016...

CLIMATE NORMAL PERIOD 1981 TO 2010
CLIMATE RECORD PERIOD 1920 TO 2016


WEATHER ITEM   OBSERVED TIME   RECORD YEAR NORMAL DEPARTURE LAST
                VALUE   (LST)  VALUE       VALUE  FROM      YEAR
                                                  NORMAL
..................................................................
TEMPERATURE (F)
 YESTERDAY
  MAXIMUM         68    112 PM  74    1980  54     14       56
  MINIMUM         39    651 AM  14    1991  34      5       35
  AVERAGE         54                        44     10       46

PRECIPITATION (IN)
  YESTERDAY        0.00          0.81 2000   0.09  -0.09     0.00
  MONTH TO DATE    0.09                      0.55  -0.46     0.48
  SINCE SEP 1      2.11                      7.17  -5.06     6.14
  SINCE JAN 1     23.30                     33.87 -10.57    31.85

DEGREE DAYS
 HEATING
  YESTERDAY       11                        21    -10       19
  MONTH TO DATE   36                       118    -82       51
  SINCE SEP 1    286                       631   -345      442
  SINCE JUL 1    293                       642   -349      464

 COOLING
  YESTERDAY        0                         0      0        0
  MONTH TO DATE    3                         0      3        0
  SINCE SEP 1    221                       104    117      205
  SINCE JAN 1   1120                       938    182      933
..................................................................


WIND (MPH)
  HIGHEST WIND SPEED    18   HIGHEST WIND DIRECTION     S (160)
  HIGHEST GUST SPEED    23   HIGHEST GUST DIRECTION     S (160)
  AVERAGE WIND SPEED     7.6


SKY COVER
  POSSIBLE SUNSHINE  MM
  AVERAGE SKY COVER 0.0


WEATHER CONDITIONS
 THE FOLLOWING WEATHER WAS RECORDED YESTERDAY.
  NO SIGNIFICANT WEATHER WAS OBSERVED.


RELATIVE HUMIDITY (PERCENT)
 HIGHEST    86           800 AM
 LOWEST     29           300 PM
 AVERAGE    58

..........................................................


THE OTTUMWA IA CLIMATE NORMALS FOR TODAY
                         NORMAL    RECORD    YEAR
 MAXIMUM TEMPERATURE (F)   54        77      1937
 MINIMUM TEMPERATURE (F)   34        -5      1991


SUNRISE AND SUNSET
NOVEMBER  7 2016......SUNRISE   649 AM CST   SUNSET   458 PM CST
NOVEMBER  8 2016......SUNRISE   650 AM CST   SUNSET   457 PM CST


-  INDICATES NEGATIVE NUMBERS.
R  INDICATES RECORD WAS SET OR TIED.
MM INDICATES DATA IS MISSING.
T  INDICATES TRACE AMOUNT.




$$
