000
CDUS43 KDMX 230632
CLIOTM

CLIMATE REPORT
NATIONAL WEATHER SERVICE DES MOINES IA
131 AM CDT SAT SEP 23 2017

...................................

...THE OTTUMWA IA CLIMATE SUMMARY FOR SEPTEMBER 22 2017...

CLIMATE NORMAL PERIOD 1981 TO 2010
CLIMATE RECORD PERIOD 1920 TO 2017


WEATHER ITEM   OBSERVED TIME   RECORD YEAR NORMAL DEPARTURE LAST
                VALUE   (LST)  VALUE       VALUE  FROM      YEAR
                                                  NORMAL
..................................................................
TEMPERATURE (F)
 YESTERDAY
  MAXIMUM         92    316 PM  99    1937  74     18       87
  MINIMUM         73   1159 PM  33    1995  50     23       70
  AVERAGE         83                        62     21       79

PRECIPITATION (IN)
  YESTERDAY        0.00          1.89 1945   0.13  -0.13     0.00
  MONTH TO DATE    3.65                      2.89   0.76     1.01
  SINCE SEP 1      3.65                      2.89   0.76     1.01
  SINCE JAN 1     19.49                     29.59 -10.10    22.20

DEGREE DAYS
 HEATING
  YESTERDAY        0                         5     -5        0
  MONTH TO DATE   18                        57    -39        4
  SINCE SEP 1     18                        57    -39        4
  SINCE JUL 1     18                        68    -50       11

 COOLING
  YESTERDAY       18                         2     16       14
  MONTH TO DATE  128                        82     46      145
  SINCE SEP 1    128                        82     46      145
  SINCE JAN 1   1053                       916    137     1044
..................................................................


WIND (MPH)
  HIGHEST WIND SPEED    22   HIGHEST WIND DIRECTION     S (180)
  HIGHEST GUST SPEED    31   HIGHEST GUST DIRECTION     S (190)
  AVERAGE WIND SPEED    10.8


SKY COVER
  POSSIBLE SUNSHINE  MM
  AVERAGE SKY COVER 0.0


WEATHER CONDITIONS
 THE FOLLOWING WEATHER WAS RECORDED YESTERDAY.
  HAZE


RELATIVE HUMIDITY (PERCENT)
 HIGHEST    87          1200 AM
 LOWEST     47           300 PM
 AVERAGE    67

..........................................................


THE OTTUMWA IA CLIMATE NORMALS FOR TODAY
                         NORMAL    RECORD    YEAR
 MAXIMUM TEMPERATURE (F)   73        93      1938
 MINIMUM TEMPERATURE (F)   50        30      2012


SUNRISE AND SUNSET
SEPTEMBER 23 2017.....SUNRISE   659 AM CDT   SUNSET   705 PM CDT
SEPTEMBER 24 2017.....SUNRISE   700 AM CDT   SUNSET   703 PM CDT


-  INDICATES NEGATIVE NUMBERS.
R  INDICATES RECORD WAS SET OR TIED.
MM INDICATES DATA IS MISSING.
T  INDICATES TRACE AMOUNT.

$$

SMALL
