000
CDUS43 KDMX 110629 RRA
CLIOTM

CLIMATE REPORT
NATIONAL WEATHER SERVICE DES MOINES IA
127 AM CDT SAT OCT 11 2014


...................................

...THE OTTUMWA IA CLIMATE SUMMARY FOR OCTOBER 10 2014...

CLIMATE NORMAL PERIOD 1981 TO 2010
CLIMATE RECORD PERIOD 1920 TO 2014


WEATHER ITEM   OBSERVED TIME   RECORD YEAR NORMAL DEPARTURE LAST
                VALUE   (LST)  VALUE       VALUE  FROM      YEAR
                                                  NORMAL
..................................................................
TEMPERATURE (F)
 YESTERDAY
  MAXIMUM         58    259 PM  89    1930  66     -8       77
  MINIMUM         36   1159 PM  25    2009  43     -7       44
                                      1925
  AVERAGE         47                        54     -7       61

PRECIPITATION (IN)
  YESTERDAY        0.00          1.43 1973   0.09  -0.09     0.00
  MONTH TO DATE    1.20                      0.96   0.24     1.47
  SINCE SEP 1      5.36                      4.75   0.61     2.54
  SINCE JAN 1     36.33                     31.45   4.88    31.65

DEGREE DAYS
 HEATING
  YESTERDAY       18                        11      7        4
  MONTH TO DATE  115                        95     20       40
  SINCE SEP 1    236                       205     31      107
  SINCE JUL 1    249                       216     33      123

 COOLING
  YESTERDAY        0                         0      0        0
  MONTH TO DATE    0                         9     -9       31
  SINCE SEP 1     68                       102    -34      197
  SINCE JAN 1    800                       936   -136     1012
..................................................................


WIND (MPH)
  HIGHEST WIND SPEED    14   HIGHEST WIND DIRECTION     N (350)
  HIGHEST GUST SPEED    18   HIGHEST GUST DIRECTION     N (360)
  AVERAGE WIND SPEED     7.8


SKY COVER
  POSSIBLE SUNSHINE  MM
  AVERAGE SKY COVER 0.0


WEATHER CONDITIONS
 THE FOLLOWING WEATHER WAS RECORDED YESTERDAY.
  NO SIGNIFICANT WEATHER WAS OBSERVED.


RELATIVE HUMIDITY (PERCENT)
 HIGHEST    85          1100 PM
 LOWEST     43           100 PM
 AVERAGE    64

..........................................................


THE OTTUMWA IA CLIMATE NORMALS FOR TODAY
                         NORMAL    RECORD    YEAR
 MAXIMUM TEMPERATURE (F)   65        86      1962
 MINIMUM TEMPERATURE (F)   43        25      2009
                                             1987


SUNRISE AND SUNSET
OCTOBER 11 2014.......SUNRISE   717 AM CDT   SUNSET   635 PM CDT
OCTOBER 12 2014.......SUNRISE   718 AM CDT   SUNSET   634 PM CDT


-  INDICATES NEGATIVE NUMBERS.
R  INDICATES RECORD WAS SET OR TIED.
MM INDICATES DATA IS MISSING.
T  INDICATES TRACE AMOUNT.




$$
