000
CDUS43 KDMX 010632 RRA
CLIOTM

CLIMATE REPORT
NATIONAL WEATHER SERVICE DES MOINES IA
1229 AM CST WED FEB 1 2017

...................................

...THE OTTUMWA IA CLIMATE SUMMARY FOR JANUARY 31 2017...

CLIMATE NORMAL PERIOD 1981 TO 2010
CLIMATE RECORD PERIOD 1920 TO 2017


WEATHER ITEM   OBSERVED TIME   RECORD YEAR NORMAL DEPARTURE LAST
                VALUE   (LST)  VALUE       VALUE  FROM      YEAR
                                                  NORMAL
..................................................................
TEMPERATURE (F)
 YESTERDAY
  MAXIMUM         44    347 PM  71    1989  32     12       MM
  MINIMUM         35    837 PM -20    1996  14     21       MM
  AVERAGE         40                        23     17       MM

PRECIPITATION (IN)
  YESTERDAY        0.00          0.56 2015   0.03  -0.03     0.02
  MONTH TO DATE    1.12                      0.90   0.22     0.50
  SINCE DEC 1      2.49                      2.27   0.22     4.53
  SINCE JAN 1      1.12                      0.90   0.22     0.50

DEGREE DAYS
 HEATING
  YESTERDAY       25                        42    -17       MM
  MONTH TO DATE 1139                      1320   -181     1220
  SINCE DEC 1   2295                      2524   -229     2066
  SINCE JUL 1   3088                      3822   -734     3077

 COOLING
  YESTERDAY        0                         0      0       MM
  MONTH TO DATE    0                         0      0        0
  SINCE DEC 1      0                         0      0        0
  SINCE JAN 1      0                         0      0        0
..................................................................


WIND (MPH)
  HIGHEST WIND SPEED    25   HIGHEST WIND DIRECTION    NW (300)
  HIGHEST GUST SPEED    32   HIGHEST GUST DIRECTION    NW (310)
  AVERAGE WIND SPEED    12.0


SKY COVER
  POSSIBLE SUNSHINE  MM
  AVERAGE SKY COVER 0.5


WEATHER CONDITIONS
 THE FOLLOWING WEATHER WAS RECORDED YESTERDAY.
  NO SIGNIFICANT WEATHER WAS OBSERVED.


RELATIVE HUMIDITY (PERCENT)
 HIGHEST    75           800 AM
 LOWEST     55           500 PM
 AVERAGE    65

..........................................................


THE OTTUMWA IA CLIMATE NORMALS FOR TODAY
                         NORMAL    RECORD    YEAR
 MAXIMUM TEMPERATURE (F)   33        57      1987
 MINIMUM TEMPERATURE (F)   14       -21      1918


SUNRISE AND SUNSET
FEBRUARY  1 2017......SUNRISE   720 AM CST   SUNSET   527 PM CST
FEBRUARY  2 2017......SUNRISE   719 AM CST   SUNSET   528 PM CST


-  INDICATES NEGATIVE NUMBERS.
R  INDICATES RECORD WAS SET OR TIED.
MM INDICATES DATA IS MISSING.
T  INDICATES TRACE AMOUNT.

$$

ANSORGE
