000
CDUS43 KDMX 060640
CLIOTM

CLIMATE REPORT
NATIONAL WEATHER SERVICE DES MOINES IA
1233 AM CST THU NOV 6 2014

...................................

...THE OTTUMWA IA CLIMATE SUMMARY FOR NOVEMBER 5 2014...

CLIMATE NORMAL PERIOD 1981 TO 2010
CLIMATE RECORD PERIOD 1920 TO 2014


WEATHER ITEM   OBSERVED TIME   RECORD YEAR NORMAL DEPARTURE LAST
                VALUE   (LST)  VALUE       VALUE  FROM      YEAR
                                                  NORMAL
..................................................................
TEMPERATURE (F)
 YESTERDAY
  MAXIMUM         61    353 PM  76    1924  55      6       58
  MINIMUM         38    438 AM  20    1973  35      3       48
  AVERAGE         50                        45      5       53

PRECIPITATION (IN)
  YESTERDAY        0.04          1.55 1938   0.09  -0.05     0.41
  MONTH TO DATE    0.10                      0.46  -0.36     0.50
  SINCE SEP 1      7.77                      7.08   0.69     5.95
  SINCE JAN 1     39.06                     33.78   5.28    35.06

DEGREE DAYS
 HEATING
  YESTERDAY       15                        20     -5       12
  MONTH TO DATE   88                        97     -9       88
  SINCE SEP 1    610                       610      0      560
  SINCE JUL 1    623                       621      2      576

 COOLING
  YESTERDAY        0                         0      0        0
  MONTH TO DATE    0                         0      0        0
  SINCE SEP 1     69                       104    -35      199
  SINCE JAN 1    801                       938   -137     1014
..................................................................


WIND (MPH)
  HIGHEST WIND SPEED    25   HIGHEST WIND DIRECTION    NW (310)
  HIGHEST GUST SPEED    32   HIGHEST GUST DIRECTION    NW (310)
  AVERAGE WIND SPEED    10.4


SKY COVER
  POSSIBLE SUNSHINE  MM
  AVERAGE SKY COVER 0.4


WEATHER CONDITIONS
 THE FOLLOWING WEATHER WAS RECORDED YESTERDAY.
  THUNDERSTORM
  LIGHT RAIN


RELATIVE HUMIDITY (PERCENT)
 HIGHEST    93          1000 PM
 LOWEST     33           200 PM
 AVERAGE    63

..........................................................


THE OTTUMWA IA CLIMATE NORMALS FOR TODAY
                         NORMAL    RECORD    YEAR
 MAXIMUM TEMPERATURE (F)   54        74      1980
 MINIMUM TEMPERATURE (F)   34        14      1991


SUNRISE AND SUNSET
NOVEMBER  6 2014......SUNRISE   647 AM CST   SUNSET   500 PM CST
NOVEMBER  7 2014......SUNRISE   648 AM CST   SUNSET   458 PM CST


-  INDICATES NEGATIVE NUMBERS.
R  INDICATES RECORD WAS SET OR TIED.
MM INDICATES DATA IS MISSING.
T  INDICATES TRACE AMOUNT.




$$
