000
CDUS43 KDMX 190715 RRB
CLIOTM

CLIMATE REPORT
NATIONAL WEATHER SERVICE DES MOINES IA
145 AM CDT TUE MAY 19 2015

...................................

...THE OTTUMWA IA CLIMATE SUMMARY FOR MAY 18 2015...

CLIMATE NORMAL PERIOD 1981 TO 2010
CLIMATE RECORD PERIOD 1920 TO 2015


WEATHER ITEM   OBSERVED TIME   RECORD YEAR NORMAL DEPARTURE LAST
                VALUE   (LST)  VALUE       VALUE  FROM      YEAR
                                                  NORMAL
..................................................................
TEMPERATURE (F)
 YESTERDAY
  MAXIMUM         64   1218 AM  92    1962  73     -9       70
  MINIMUM         42   1159 PM  34    2002  51     -9       43
  AVERAGE         53                        62     -9       57

PRECIPITATION (IN)
  YESTERDAY        T             2.23 1927   0.15  -0.15      T
  MONTH TO DATE    2.08                      2.66  -0.58     3.93
  SINCE MAR 1      5.08                      8.30  -3.22    10.03
  SINCE JAN 1      6.24                     10.48  -4.24    12.84

DEGREE DAYS
 HEATING
  YESTERDAY       12                         5      7        8
  MONTH TO DATE   63                       122    -59      154
  SINCE MAR 1   1179                      1367   -188     1580
  SINCE JUL 1   6310                      6252     58     7093

 COOLING
  YESTERDAY        0                         2     -2        0
  MONTH TO DATE   39                        21     18       19
  SINCE MAR 1     40                        32      8       27
  SINCE JAN 1     40                        32      8       27
..................................................................


WIND (MPH)
  HIGHEST WIND SPEED    23   HIGHEST WIND DIRECTION    NW (330)
  HIGHEST GUST SPEED    31   HIGHEST GUST DIRECTION    NW (310)
  AVERAGE WIND SPEED    15.8


SKY COVER
  POSSIBLE SUNSHINE  MM
  AVERAGE SKY COVER 0.2


WEATHER CONDITIONS
 THE FOLLOWING WEATHER WAS RECORDED YESTERDAY.
  LIGHT RAIN


RELATIVE HUMIDITY (PERCENT)
 HIGHEST    80           300 AM
 LOWEST     51           300 PM
 AVERAGE    66

..........................................................


THE OTTUMWA IA CLIMATE NORMALS FOR TODAY
                         NORMAL    RECORD    YEAR
 MAXIMUM TEMPERATURE (F)   73        90      1998
 MINIMUM TEMPERATURE (F)   52        34      2002


SUNRISE AND SUNSET
MAY 19 2015...........SUNRISE   548 AM CDT   SUNSET   825 PM CDT
MAY 20 2015...........SUNRISE   547 AM CDT   SUNSET   826 PM CDT


-  INDICATES NEGATIVE NUMBERS.
R  INDICATES RECORD WAS SET OR TIED.
MM INDICATES DATA IS MISSING.
T  INDICATES TRACE AMOUNT.




$$
