810
CDUS43 KDMX 060654 RRB
CLIOTM

CLIMATE REPORT
NATIONAL WEATHER SERVICE DES MOINES IA
153 AM CDT FRI OCT 6 2017


...................................

...THE OTTUMWA IA CLIMATE SUMMARY FOR OCTOBER 5 2017...

CLIMATE NORMAL PERIOD 1981 TO 2010
CLIMATE RECORD PERIOD 1920 TO 2017


WEATHER ITEM   OBSERVED TIME   RECORD YEAR NORMAL DEPARTURE LAST
                VALUE   (LST)  VALUE       VALUE  FROM      YEAR
                                                  NORMAL
..................................................................
TEMPERATURE (F)
 YESTERDAY
  MAXIMUM         67   1159 PM  93    1963  68     -1       79
  MINIMUM         54    301 AM  31    2004  45      9       62
                                      1988
  AVERAGE         61                        56      5       71

PRECIPITATION (IN)
  YESTERDAY        0.13          1.32 1954   0.10   0.03     0.35
  MONTH TO DATE    1.20                      0.50   0.70     0.35
  SINCE SEP 1      4.87                      4.29   0.58     1.36
  SINCE JAN 1     20.71                     30.99 -10.28    22.55

DEGREE DAYS
 HEATING
  YESTERDAY        4                         9     -5        0
  MONTH TO DATE   10                        43    -33        8
  SINCE SEP 1     47                       153   -106       41
  SINCE JUL 1     47                       164   -117       48

 COOLING
  YESTERDAY        0                         1     -1        6
  MONTH TO DATE   19                         5     14        9
  SINCE SEP 1    188                        98     90      182
  SINCE JAN 1   1113                       932    181     1081
..................................................................


WIND (MPH)
  HIGHEST WIND SPEED    22   HIGHEST WIND DIRECTION     S (160)
  HIGHEST GUST SPEED    27   HIGHEST GUST DIRECTION     S (170)
  AVERAGE WIND SPEED     6.7


SKY COVER
  POSSIBLE SUNSHINE  MM
  AVERAGE SKY COVER 0.9


WEATHER CONDITIONS
 THE FOLLOWING WEATHER WAS RECORDED YESTERDAY.
  LIGHT RAIN
  FOG


RELATIVE HUMIDITY (PERCENT)
 HIGHEST   100           300 PM
 LOWEST     67           800 AM
 AVERAGE    84

..........................................................


THE OTTUMWA IA CLIMATE NORMALS FOR TODAY
                         NORMAL    RECORD    YEAR
 MAXIMUM TEMPERATURE (F)   67        92      1963
 MINIMUM TEMPERATURE (F)   44        22      1935


SUNRISE AND SUNSET
OCTOBER  6 2017.......SUNRISE   712 AM CDT   SUNSET   643 PM CDT
OCTOBER  7 2017.......SUNRISE   713 AM CDT   SUNSET   641 PM CDT


-  INDICATES NEGATIVE NUMBERS.
R  INDICATES RECORD WAS SET OR TIED.
MM INDICATES DATA IS MISSING.
T  INDICATES TRACE AMOUNT.




$$
