000
CDUS43 KDMX 040636 RRC
CLIOTM

CLIMATE REPORT
NATIONAL WEATHER SERVICE DES MOINES IA
134 AM CDT MON APR 4 2016


...................................

...THE OTTUMWA IA CLIMATE SUMMARY FOR APRIL 3 2016...

CLIMATE NORMAL PERIOD 1981 TO 2010
CLIMATE RECORD PERIOD 1920 TO 2016


WEATHER ITEM   OBSERVED TIME   RECORD YEAR NORMAL DEPARTURE LAST
                VALUE   (LST)  VALUE       VALUE  FROM      YEAR
                                                  NORMAL
..................................................................
TEMPERATURE (F)
 YESTERDAY
  MAXIMUM         82    359 PM  86    2011  58     24       50
  MINIMUM         30   1244 AM  11    1936  35     -5       27
  AVERAGE         56                        46     10       39

PRECIPITATION (IN)
  YESTERDAY        T             1.24 1957   0.09  -0.09     0.01
  MONTH TO DATE    0.05                      0.27  -0.22     0.13
  SINCE MAR 1      1.27                      2.51  -1.24     0.59
  SINCE JAN 1      1.70                      4.69  -2.99     2.71

DEGREE DAYS
 HEATING
  YESTERDAY        9                        19    -10       26
  MONTH TO DATE   61                        58      3       36
  SINCE MAR 1    676                       869   -193      803
  SINCE JUL 1   4730                      5754  -1024     5934

 COOLING
  YESTERDAY        0                         0      0        0
  MONTH TO DATE    0                         0      0        0
  SINCE MAR 1      0                         1     -1        0
  SINCE JAN 1      0                         1     -1        0
..................................................................


WIND (MPH)
  HIGHEST WIND SPEED    38   HIGHEST WIND DIRECTION    SW (240)
  HIGHEST GUST SPEED    49   HIGHEST GUST DIRECTION     W (250)
  AVERAGE WIND SPEED    19.1


SKY COVER
  POSSIBLE SUNSHINE  MM
  AVERAGE SKY COVER 0.2


WEATHER CONDITIONS
 THE FOLLOWING WEATHER WAS RECORDED YESTERDAY.
  LIGHT RAIN


RELATIVE HUMIDITY (PERCENT)
 HIGHEST    75          1200 AM
 LOWEST     17           400 PM
 AVERAGE    46

..........................................................


THE OTTUMWA IA CLIMATE NORMALS FOR TODAY
                         NORMAL    RECORD    YEAR
 MAXIMUM TEMPERATURE (F)   58        85      1929
 MINIMUM TEMPERATURE (F)   35        15      2002


SUNRISE AND SUNSET
APRIL  4 2016.........SUNRISE   647 AM CDT   SUNSET   739 PM CDT
APRIL  5 2016.........SUNRISE   646 AM CDT   SUNSET   740 PM CDT


-  INDICATES NEGATIVE NUMBERS.
R  INDICATES RECORD WAS SET OR TIED.
MM INDICATES DATA IS MISSING.
T  INDICATES TRACE AMOUNT.




$$
