000
CDUS43 KDMX 150633
CLIOTM

CLIMATE REPORT
NATIONAL WEATHER SERVICE DES MOINES IA
130 AM CDT FRI AUG 15 2014

...................................

...THE OTTUMWA IA CLIMATE SUMMARY FOR AUGUST 14 2014...

CLIMATE NORMAL PERIOD 1981 TO 2010
CLIMATE RECORD PERIOD 1920 TO 2014


WEATHER ITEM   OBSERVED TIME   RECORD YEAR NORMAL DEPARTURE LAST
                VALUE   (LST)  VALUE       VALUE  FROM      YEAR
                                                  NORMAL
..................................................................
TEMPERATURE (F)
 YESTERDAY
  MAXIMUM         82    148 PM 109    1936  84     -2       76
  MINIMUM         55    533 AM  47    2013  63     -8       47
  AVERAGE         69                        74     -5       62

PRECIPITATION (IN)
  YESTERDAY        T             2.75 1898   0.16  -0.16     0.00
  MONTH TO DATE    0.75                      2.05  -1.30     0.96
  SINCE JUN 1     14.02                     11.61   2.41     4.79
  SINCE JAN 1     24.86                     24.14   0.72    29.11

DEGREE DAYS
 HEATING
  YESTERDAY        0                         0      0        3
  MONTH TO DATE    0                         0      0        3
  SINCE JUN 1     22                        23     -1       39
  SINCE JUL 1     13                         2     11       13

 COOLING
  YESTERDAY        4                         9     -5        0
  MONTH TO DATE   76                       128    -52       85
  SINCE JUN 1    454                       643   -189      549
  SINCE JAN 1    565                       707   -142      626
..................................................................


WIND (MPH)
  HIGHEST WIND SPEED     8   HIGHEST WIND DIRECTION     E (110)
  HIGHEST GUST SPEED    10   HIGHEST GUST DIRECTION     E (100)
  AVERAGE WIND SPEED     4.2


SKY COVER
  POSSIBLE SUNSHINE  MM
  AVERAGE SKY COVER 0.1


WEATHER CONDITIONS
 THE FOLLOWING WEATHER WAS RECORDED YESTERDAY.
  FOG


RELATIVE HUMIDITY (PERCENT)
 HIGHEST   100           300 AM
 LOWEST     54          1200 PM
 AVERAGE    77

..........................................................


THE OTTUMWA IA CLIMATE NORMALS FOR TODAY
                         NORMAL    RECORD    YEAR
 MAXIMUM TEMPERATURE (F)   84       105      1936
 MINIMUM TEMPERATURE (F)   63        45      2004


SUNRISE AND SUNSET
AUGUST 15 2014........SUNRISE   619 AM CDT   SUNSET   808 PM CDT
AUGUST 16 2014........SUNRISE   620 AM CDT   SUNSET   807 PM CDT


-  INDICATES NEGATIVE NUMBERS.
R  INDICATES RECORD WAS SET OR TIED.
MM INDICATES DATA IS MISSING.
T  INDICATES TRACE AMOUNT.

$$

REV
