000
CDUS43 KDMX 090650
CLIOTM

CLIMATE REPORT
NATIONAL WEATHER SERVICE DES MOINES IA
1242 AM CST MON JAN 9 2017

...................................

...THE OTTUMWA IA CLIMATE SUMMARY FOR JANUARY 8 2017...

CLIMATE NORMAL PERIOD 1981 TO 2010
CLIMATE RECORD PERIOD 1920 TO 2017

WEATHER ITEM   OBSERVED TIME   RECORD YEAR NORMAL DEPARTURE LAST
                VALUE   (LST)  VALUE       VALUE  FROM      YEAR
                                                  NORMAL
..................................................................
TEMPERATURE (F)
 YESTERDAY
  MAXIMUM         24   1159 PM  69    2003  31     -7       38
  MINIMUM         -2    433 AM -17    1942  13    -15       30
  AVERAGE         11                        22    -11       34

PRECIPITATION (IN)
  YESTERDAY        0.00          1.18 1937   0.04  -0.04     0.25
  MONTH TO DATE    0.08                      0.27  -0.19     0.31
  SINCE DEC 1      1.45                      1.64  -0.19     4.34
  SINCE JAN 1      0.08                      0.27  -0.19     0.31

DEGREE DAYS
 HEATING
  YESTERDAY       54                        43     11       31
  MONTH TO DATE  386                       338     48      308
  SINCE DEC 1   1542                      1545     -3     1154
  SINCE JUL 1   2326                      2843   -517     2165

 COOLING
  YESTERDAY        0                         0      0        0
  MONTH TO DATE    0                         0      0        0
  SINCE DEC 1      0                         0      0        0
  SINCE JAN 1      0                         0      0        0
..................................................................

WIND (MPH)
  HIGHEST WIND SPEED    23   HIGHEST WIND DIRECTION     S (180)
  HIGHEST GUST SPEED    28   HIGHEST GUST DIRECTION     S (180)
  AVERAGE WIND SPEED    11.0

SKY COVER
  POSSIBLE SUNSHINE  MM
  AVERAGE SKY COVER 0.4

WEATHER CONDITIONS
 THE FOLLOWING WEATHER WAS RECORDED YESTERDAY.
  NO SIGNIFICANT WEATHER WAS OBSERVED.

RELATIVE HUMIDITY (PERCENT)
 HIGHEST    86           200 AM
 LOWEST     49           100 PM
 AVERAGE    68
..........................................................

THE OTTUMWA IA CLIMATE NORMALS FOR TODAY
                         NORMAL    RECORD    YEAR
 MAXIMUM TEMPERATURE (F)   31        62      1939
 MINIMUM TEMPERATURE (F)   13       -17      1982

SUNRISE AND SUNSET
JANUARY  9 2017.......SUNRISE   735 AM CST   SUNSET   500 PM CST
JANUARY 10 2017.......SUNRISE   734 AM CST   SUNSET   501 PM CST

-  INDICATES NEGATIVE NUMBERS.
R  INDICATES RECORD WAS SET OR TIED.
MM INDICATES DATA IS MISSING.
T  INDICATES TRACE AMOUNT.

$$

FAB
