000
CDUS43 KDMX 010642
CLIOTM

CLIMATE REPORT
NATIONAL WEATHER SERVICE DES MOINES IA
137 AM CDT FRI APR 1 2016

...................................

...THE OTTUMWA IA CLIMATE SUMMARY FOR MARCH 31 2016...

CLIMATE NORMAL PERIOD 1981 TO 2010
CLIMATE RECORD PERIOD 1920 TO 2016


WEATHER ITEM   OBSERVED TIME   RECORD YEAR NORMAL DEPARTURE LAST
                VALUE   (LST)  VALUE       VALUE  FROM      YEAR
                                                  NORMAL
..................................................................
TEMPERATURE (F)
 YESTERDAY
  MAXIMUM         62    207 AM  83    1986  56      6       74
  MINIMUM         43    955 PM  12    1923  34      9       41
  AVERAGE         53                        45      8       58

PRECIPITATION (IN)
  YESTERDAY        0.05          1.67 1929   0.09  -0.04     0.00
  MONTH TO DATE    1.22                      2.24  -1.02     0.46
  SINCE MAR 1      1.22                      2.24  -1.02     0.46
  SINCE JAN 1      1.65                      4.42  -2.77     2.58

DEGREE DAYS
 HEATING
  YESTERDAY       12                        20     -8        7
  MONTH TO DATE  615                       811   -196      767
  SINCE MAR 1    615                       811   -196      767
  SINCE JUL 1   4669                      5696  -1027     5898

 COOLING
  YESTERDAY        0                         0      0        0
  MONTH TO DATE    0                         1     -1        0
  SINCE MAR 1      0                         1     -1        0
  SINCE JAN 1      0                         1     -1        0
..................................................................


WIND (MPH)
  HIGHEST WIND SPEED    24   HIGHEST WIND DIRECTION     W (290)
  HIGHEST GUST SPEED    30   HIGHEST GUST DIRECTION     W (290)
  AVERAGE WIND SPEED    12.2


SKY COVER
  POSSIBLE SUNSHINE  MM
  AVERAGE SKY COVER 0.9


WEATHER CONDITIONS
 THE FOLLOWING WEATHER WAS RECORDED YESTERDAY.
  THUNDERSTORM
  LIGHT RAIN
  FOG
  FOG W/VISIBILITY <= 1/4 MILE


RELATIVE HUMIDITY (PERCENT)
 HIGHEST   100           600 AM
 LOWEST     50           500 PM
 AVERAGE    75

..........................................................


THE OTTUMWA IA CLIMATE NORMALS FOR TODAY
                         NORMAL    RECORD    YEAR
 MAXIMUM TEMPERATURE (F)   57        87      2010
 MINIMUM TEMPERATURE (F)   34        12      1899


SUNRISE AND SUNSET
APRIL  1 2016.........SUNRISE   652 AM CDT   SUNSET   735 PM CDT
APRIL  2 2016.........SUNRISE   651 AM CDT   SUNSET   736 PM CDT


-  INDICATES NEGATIVE NUMBERS.
R  INDICATES RECORD WAS SET OR TIED.
MM INDICATES DATA IS MISSING.
T  INDICATES TRACE AMOUNT.

$$

REV
