000
CDUS43 KDMX 190651
CLIOTM

CLIMATE REPORT
NATIONAL WEATHER SERVICE DES MOINES IA
144 AM CDT FRI JUN 19 2015

...................................

...THE OTTUMWA IA CLIMATE SUMMARY FOR JUNE 18 2015...

CLIMATE NORMAL PERIOD 1981 TO 2010
CLIMATE RECORD PERIOD 1920 TO 2015


WEATHER ITEM   OBSERVED TIME   RECORD YEAR NORMAL DEPARTURE LAST
                VALUE   (LST)  VALUE       VALUE  FROM      YEAR
                                                  NORMAL
..................................................................
TEMPERATURE (F)
 YESTERDAY
  MAXIMUM         79E   151 PM 101    1953  82     -3       89
  MINIMUM         63E   500 AM  47    1920  62      1       72
  AVERAGE         71                        72     -1       81

PRECIPITATION (IN)
  YESTERDAY        0.00          4.29 1946   0.17  -0.17     0.00
  MONTH TO DATE    3.86                      3.07   0.79     3.21
  SINCE JUN 1      3.86                      3.07   0.79     3.21
  SINCE JAN 1     12.77                     15.60  -2.83    16.32

DEGREE DAYS
 HEATING
  YESTERDAY        0                         0      0        0
  MONTH TO DATE   10                        19     -9        9
  SINCE JUN 1     10                        19     -9        9
  SINCE JUL 1   6379                      6315     64     7107

 COOLING
  YESTERDAY        6                         7     -1       16
  MONTH TO DATE  119                        96     23       95
  SINCE JUN 1    119                        96     23       95
  SINCE JAN 1    180                       160     20      206
..................................................................


WIND (MPH)
  HIGHEST WIND SPEED    15   HIGHEST WIND DIRECTION     N (360)
  HIGHEST GUST SPEED    18   HIGHEST GUST DIRECTION     N (350)
  AVERAGE WIND SPEED     6.7


SKY COVER
  POSSIBLE SUNSHINE  MM
  AVERAGE SKY COVER 0.3


WEATHER CONDITIONS
 THE FOLLOWING WEATHER WAS RECORDED YESTERDAY.
  NO SIGNIFICANT WEATHER WAS OBSERVED.


RELATIVE HUMIDITY (PERCENT)
 HIGHEST    93          1200 AM
 LOWEST     81           700 AM
 AVERAGE    87

..........................................................


THE OTTUMWA IA CLIMATE NORMALS FOR TODAY
                         NORMAL    RECORD    YEAR
 MAXIMUM TEMPERATURE (F)   83       104      1936
 MINIMUM TEMPERATURE (F)   62        46      1916


SUNRISE AND SUNSET
JUNE 19 2015..........SUNRISE   537 AM CDT   SUNSET   845 PM CDT
JUNE 20 2015..........SUNRISE   537 AM CDT   SUNSET   845 PM CDT


-  INDICATES NEGATIVE NUMBERS.
R  INDICATES RECORD WAS SET OR TIED.
MM INDICATES DATA IS MISSING.
T  INDICATES TRACE AMOUNT.

$$

REV
