000
CDUS43 KDMX 100652 RRA
CLIOTM

CLIMATE REPORT
NATIONAL WEATHER SERVICE DES MOINES IA
1250 AM CST WED DEC 10 2014


...................................

...THE OTTUMWA IA CLIMATE SUMMARY FOR DECEMBER 9 2014...

CLIMATE NORMAL PERIOD 1981 TO 2010
CLIMATE RECORD PERIOD 1920 TO 2014


WEATHER ITEM   OBSERVED TIME   RECORD YEAR NORMAL DEPARTURE LAST
                VALUE   (LST)  VALUE       VALUE  FROM      YEAR
                                                  NORMAL
..................................................................
TEMPERATURE (F)
 YESTERDAY
  MAXIMUM         34    256 PM  66    1939  36     -2       18
  MINIMUM         21    953 PM -11    1958  19      2       -4
  AVERAGE         28                        28      0        7

PRECIPITATION (IN)
  YESTERDAY        0.00          1.86 2003   0.05  -0.05      T
  MONTH TO DATE    0.01                      0.49  -0.48     0.13
  SINCE DEC 1      0.01                      0.49  -0.48     0.13
  SINCE JAN 1     40.14                     36.19   3.95    36.45

DEGREE DAYS
 HEATING
  YESTERDAY       37                        37      0       58
  MONTH TO DATE  329                       321      8      373
  SINCE DEC 1    329                       321      8      373
  SINCE JUL 1   1837                      1619    218     1703

 COOLING
  YESTERDAY        0                         0      0        0
  MONTH TO DATE    0                         0      0        0
  SINCE DEC 1      0                         0      0        0
  SINCE JAN 1    801                       938   -137     1014
..................................................................


WIND (MPH)
  HIGHEST WIND SPEED    24   HIGHEST WIND DIRECTION     N (340)
  HIGHEST GUST SPEED    28   HIGHEST GUST DIRECTION     N (340)
  AVERAGE WIND SPEED     8.0


SKY COVER
  POSSIBLE SUNSHINE  MM
  AVERAGE SKY COVER 0.6


WEATHER CONDITIONS
 THE FOLLOWING WEATHER WAS RECORDED YESTERDAY.
  FOG


RELATIVE HUMIDITY (PERCENT)
 HIGHEST    88           800 PM
 LOWEST     64           200 PM
 AVERAGE    76

..........................................................


THE OTTUMWA IA CLIMATE NORMALS FOR TODAY
                         NORMAL    RECORD    YEAR
 MAXIMUM TEMPERATURE (F)   36        60      1979
 MINIMUM TEMPERATURE (F)   19        -6      2009
                                             1972


SUNRISE AND SUNSET
DECEMBER 10 2014......SUNRISE   724 AM CST   SUNSET   441 PM CST
DECEMBER 11 2014......SUNRISE   725 AM CST   SUNSET   441 PM CST


-  INDICATES NEGATIVE NUMBERS.
R  INDICATES RECORD WAS SET OR TIED.
MM INDICATES DATA IS MISSING.
T  INDICATES TRACE AMOUNT.




$$
