000
CDUS43 KDMX 130651 RRA
CLIOTM

CLIMATE REPORT
NATIONAL WEATHER SERVICE DES MOINES IA
149 AM CDT THU AUG 13 2015

...................................

...THE OTTUMWA IA CLIMATE SUMMARY FOR AUGUST 12 2015...

CLIMATE NORMAL PERIOD 1981 TO 2010
CLIMATE RECORD PERIOD 1920 TO 2015


WEATHER ITEM   OBSERVED TIME   RECORD YEAR NORMAL DEPARTURE LAST
                VALUE   (LST)  VALUE       VALUE  FROM      YEAR
                                                  NORMAL
..................................................................
TEMPERATURE (F)
 YESTERDAY
  MAXIMUM         83    341 PM 104    1936  84     -1       78
  MINIMUM         57    355 AM  45    1931  63     -6       56
  AVERAGE         70                        74     -4       67

PRECIPITATION (IN)
  YESTERDAY        0.00          2.13 1943   0.15  -0.15     0.00
                                      2000
  MONTH TO DATE    0.25                      1.74  -1.49     0.75
  SINCE JUN 1     14.80                     11.30   3.50    14.02
  SINCE JAN 1     23.71                     23.83  -0.12    27.13

DEGREE DAYS
 HEATING
  YESTERDAY        0                         0      0        0
  MONTH TO DATE    0                         0      0        0
  SINCE JUN 1     16                        23     -7       22
  SINCE JUL 1      6                         2      4       13

 COOLING
  YESTERDAY        5                         9     -4        2
  MONTH TO DATE  100                       110    -10       70
  SINCE JUN 1    580                       625    -45      448
  SINCE JAN 1    641                       689    -48      559
..................................................................


WIND (MPH)
  HIGHEST WIND SPEED     9   HIGHEST WIND DIRECTION    NW (330)
  HIGHEST GUST SPEED    12   HIGHEST GUST DIRECTION     N (360)
  AVERAGE WIND SPEED     4.0


SKY COVER
  POSSIBLE SUNSHINE  MM
  AVERAGE SKY COVER 0.1


WEATHER CONDITIONS
 THE FOLLOWING WEATHER WAS RECORDED YESTERDAY.
  FOG
  FOG W/VISIBILITY <= 1/4 MILE


RELATIVE HUMIDITY (PERCENT)
 HIGHEST   100          1200 AM
 LOWEST     47           200 PM
 AVERAGE    74

..........................................................


THE OTTUMWA IA CLIMATE NORMALS FOR TODAY
                         NORMAL    RECORD    YEAR
 MAXIMUM TEMPERATURE (F)   84       106      1936
 MINIMUM TEMPERATURE (F)   63        48      2004
                                             1964


SUNRISE AND SUNSET
AUGUST 13 2015........SUNRISE   617 AM CDT   SUNSET   811 PM CDT
AUGUST 14 2015........SUNRISE   618 AM CDT   SUNSET   810 PM CDT


-  INDICATES NEGATIVE NUMBERS.
R  INDICATES RECORD WAS SET OR TIED.
MM INDICATES DATA IS MISSING.
T  INDICATES TRACE AMOUNT.




$$
