000
CDUS43 KDMX 030630 RRA
CLIOTM

CLIMATE REPORT
NATIONAL WEATHER SERVICE DES MOINES IA
127 AM CDT WED MAY 3 2017

...................................

...THE OTTUMWA IA CLIMATE SUMMARY FOR MAY 2 2017...

CLIMATE NORMAL PERIOD 1981 TO 2010
CLIMATE RECORD PERIOD 1920 TO 2017


WEATHER ITEM   OBSERVED TIME   RECORD YEAR NORMAL DEPARTURE LAST
                VALUE   (LST)  VALUE       VALUE  FROM      YEAR
                                                  NORMAL
..................................................................
TEMPERATURE (F)
 YESTERDAY
  MAXIMUM         63    452 PM  89    1968  68     -5       57
  MINIMUM         39    543 AM  32    2013  46     -7       40
                                      2005
                                      1970
  AVERAGE         51                        57     -6       49

PRECIPITATION (IN)
  YESTERDAY        0.00          4.43 1993   0.15  -0.15     0.04
  MONTH TO DATE    0.02                      0.29  -0.27     0.16
  SINCE MAR 1      8.28                      5.93   2.35     4.03
  SINCE JAN 1      9.87                      8.11   1.76     5.33

DEGREE DAYS
 HEATING
  YESTERDAY       14                         9      5       16
  MONTH TO DATE   32                        18     14       34
  SINCE MAR 1   1069                      1263   -194     1056
  SINCE JUL 1   4876                      6148  -1272     5110

 COOLING
  YESTERDAY        0                         1     -1        0
  MONTH TO DATE    0                         2     -2        0
  SINCE MAR 1     15                        13      2        9
  SINCE JAN 1     15                        13      2        9
..................................................................


WIND (MPH)
  HIGHEST WIND SPEED    26   HIGHEST WIND DIRECTION    NW (310)
  HIGHEST GUST SPEED    34   HIGHEST GUST DIRECTION    NW (300)
  AVERAGE WIND SPEED    12.7


SKY COVER
  POSSIBLE SUNSHINE  MM
  AVERAGE SKY COVER 0.1


WEATHER CONDITIONS
 THE FOLLOWING WEATHER WAS RECORDED YESTERDAY.
  NO SIGNIFICANT WEATHER WAS OBSERVED.


RELATIVE HUMIDITY (PERCENT)
 HIGHEST    86           100 AM
 LOWEST     39           300 PM
 AVERAGE    63

..........................................................


THE OTTUMWA IA CLIMATE NORMALS FOR TODAY
                         NORMAL    RECORD    YEAR
 MAXIMUM TEMPERATURE (F)   68        88      1949
 MINIMUM TEMPERATURE (F)   46        24      2005


SUNRISE AND SUNSET
MAY  3 2017...........SUNRISE   605 AM CDT   SUNSET   809 PM CDT
MAY  4 2017...........SUNRISE   603 AM CDT   SUNSET   810 PM CDT


-  INDICATES NEGATIVE NUMBERS.
R  INDICATES RECORD WAS SET OR TIED.
MM INDICATES DATA IS MISSING.
T  INDICATES TRACE AMOUNT.

$$

REV
