000
CDUS43 KDMX 100641 RRB
CLIOTM

CLIMATE REPORT
NATIONAL WEATHER SERVICE DES MOINES IA
1239 AM CST THU NOV 10 2016


...................................

...THE OTTUMWA IA CLIMATE SUMMARY FOR NOVEMBER 9 2016...

CLIMATE NORMAL PERIOD 1981 TO 2010
CLIMATE RECORD PERIOD 1920 TO 2016


WEATHER ITEM   OBSERVED TIME   RECORD YEAR NORMAL DEPARTURE LAST
                VALUE   (LST)  VALUE       VALUE  FROM      YEAR
                                                  NORMAL
..................................................................
TEMPERATURE (F)
 YESTERDAY
  MAXIMUM         60    323 PM  77    1999  53      7       57
  MINIMUM         30    714 AM  10    1925  33     -3       28
  AVERAGE         45                        43      2       43

PRECIPITATION (IN)
  YESTERDAY        0.00          2.20 1919   0.09  -0.09     0.00
  MONTH TO DATE    0.09                      0.80  -0.71     0.48
  SINCE SEP 1      2.11                      7.42  -5.31     6.14
  SINCE JAN 1     23.30                     34.12 -10.82    31.85

DEGREE DAYS
 HEATING
  YESTERDAY       20                        22     -2       22
  MONTH TO DATE   82                       183   -101      116
  SINCE SEP 1    332                       696   -364      507
  SINCE JUL 1    339                       707   -368      529

 COOLING
  YESTERDAY        0                         0      0        0
  MONTH TO DATE    3                         0      3        0
  SINCE SEP 1    221                       104    117      205
  SINCE JAN 1   1120                       938    182      933
..................................................................


WIND (MPH)
  HIGHEST WIND SPEED    10   HIGHEST WIND DIRECTION    NW (320)
  HIGHEST GUST SPEED    12   HIGHEST GUST DIRECTION     W (290)
  AVERAGE WIND SPEED     6.0


SKY COVER
  POSSIBLE SUNSHINE  MM
  AVERAGE SKY COVER 0.0


WEATHER CONDITIONS
 THE FOLLOWING WEATHER WAS RECORDED YESTERDAY.
  HAZE


RELATIVE HUMIDITY (PERCENT)
 HIGHEST    89           500 AM
 LOWEST     29           300 PM
 AVERAGE    59

..........................................................


THE OTTUMWA IA CLIMATE NORMALS FOR TODAY
                         NORMAL    RECORD    YEAR
 MAXIMUM TEMPERATURE (F)   52        77      2012
 MINIMUM TEMPERATURE (F)   32        15      2008
                                             1926


SUNRISE AND SUNSET
NOVEMBER 10 2016......SUNRISE   652 AM CST   SUNSET   455 PM CST
NOVEMBER 11 2016......SUNRISE   653 AM CST   SUNSET   454 PM CST


-  INDICATES NEGATIVE NUMBERS.
R  INDICATES RECORD WAS SET OR TIED.
MM INDICATES DATA IS MISSING.
T  INDICATES TRACE AMOUNT.




$$
