000
CDUS43 KDMX 171228
CLIOTM

CLIMATE REPORT
NATIONAL WEATHER SERVICE DES MOINES IA
1245 AM CST SAT JAN 17 2015

...................................

...THE OTTUMWA IA CLIMATE SUMMARY FOR JANUARY 16 2015...

CLIMATE NORMAL PERIOD 1981 TO 2010
CLIMATE RECORD PERIOD 1920 TO 2015


WEATHER ITEM   OBSERVED TIME   RECORD YEAR NORMAL DEPARTURE LAST
                VALUE   (LST)  VALUE       VALUE  FROM      YEAR
                                                  NORMAL
..................................................................
TEMPERATURE (F)
 YESTERDAY
  MAXIMUM         51    349 PM  61    1990  31     20       40
  MINIMUM         20    551 AM -20    2009  13      7        8
  AVERAGE         36                        22     14       24

PRECIPITATION (IN)
  YESTERDAY        0.00          0.91 1980   0.03  -0.03     0.07
  MONTH TO DATE    0.08                      0.50  -0.42     0.32
  SINCE DEC 1      1.06                      1.87  -0.81     0.98
  SINCE JAN 1      0.08                      0.50  -0.42     0.32

DEGREE DAYS
 HEATING
  YESTERDAY       29                        43    -14       41
  MONTH TO DATE  784                       682    102      766
  SINCE DEC 1   1827                      1889    -62     2111
  SINCE JUL 1   3335                      3187    148     3441

 COOLING
  YESTERDAY        0                         0      0        0
  MONTH TO DATE    0                         0      0        0
  SINCE DEC 1      0                         0      0        0
  SINCE JAN 1      0                         0      0        0
..................................................................


WIND (MPH)
  HIGHEST WIND SPEED    21   HIGHEST WIND DIRECTION    SW (210)
  HIGHEST GUST SPEED    27   HIGHEST GUST DIRECTION    SW (210)
  AVERAGE WIND SPEED    10.4


SKY COVER
  POSSIBLE SUNSHINE  MM
  AVERAGE SKY COVER 0.0


WEATHER CONDITIONS
 THE FOLLOWING WEATHER WAS RECORDED YESTERDAY.
  FOG


RELATIVE HUMIDITY (PERCENT)
 HIGHEST    96           300 AM
 LOWEST     50           300 PM
 AVERAGE    73

..........................................................


THE OTTUMWA IA CLIMATE NORMALS FOR TODAY
                         NORMAL    RECORD    YEAR
 MAXIMUM TEMPERATURE (F)   31        59      1996
 MINIMUM TEMPERATURE (F)   13       -16      1982


SUNRISE AND SUNSET
JANUARY 17 2015.......SUNRISE   732 AM CST   SUNSET   508 PM CST
JANUARY 18 2015.......SUNRISE   731 AM CST   SUNSET   509 PM CST


-  INDICATES NEGATIVE NUMBERS.
R  INDICATES RECORD WAS SET OR TIED.
MM INDICATES DATA IS MISSING.
T  INDICATES TRACE AMOUNT.




$$
