000
CDUS43 KDMX 130634 RRB
CLIOTM

CLIMATE REPORT
NATIONAL WEATHER SERVICE DES MOINES IA
132 AM CDT FRI MAY 13 2016


...................................

...THE OTTUMWA IA CLIMATE SUMMARY FOR MAY 12 2016...

CLIMATE NORMAL PERIOD 1981 TO 2010
CLIMATE RECORD PERIOD 1920 TO 2016


WEATHER ITEM   OBSERVED TIME   RECORD YEAR NORMAL DEPARTURE LAST
                VALUE   (LST)  VALUE       VALUE  FROM      YEAR
                                                  NORMAL
..................................................................
TEMPERATURE (F)
 YESTERDAY
  MAXIMUM         67    137 PM  94    1956  71     -4       66
  MINIMUM         44   1131 PM  34    2013  49     -5       43
  AVERAGE         56                        60     -4       55

PRECIPITATION (IN)
  YESTERDAY        0.00          1.53 2014   0.15  -0.15     0.00
  MONTH TO DATE    1.62                      1.74  -0.12     1.56
  SINCE MAR 1      5.49                      7.38  -1.89     4.56
  SINCE JAN 1      5.92                      9.56  -3.64     6.68

DEGREE DAYS
 HEATING
  YESTERDAY        9                         6      3       10
  MONTH TO DATE   90                        90      0       35
  SINCE MAR 1   1112                      1335   -223     1151
  SINCE JUL 1   5166                      6220  -1054     6282

 COOLING
  YESTERDAY        0                         1     -1        0
  MONTH TO DATE    3                        12     -9       27
  SINCE MAR 1     12                        23    -11       28
  SINCE JAN 1     12                        23    -11       28
..................................................................


WIND (MPH)
  HIGHEST WIND SPEED    26   HIGHEST WIND DIRECTION    NW (300)
  HIGHEST GUST SPEED    33   HIGHEST GUST DIRECTION    NW (310)
  AVERAGE WIND SPEED    12.2


SKY COVER
  POSSIBLE SUNSHINE  MM
  AVERAGE SKY COVER 0.3


WEATHER CONDITIONS
 THE FOLLOWING WEATHER WAS RECORDED YESTERDAY.
  FOG


RELATIVE HUMIDITY (PERCENT)
 HIGHEST   100          1200 AM
 LOWEST     44           300 PM
 AVERAGE    72

..........................................................


THE OTTUMWA IA CLIMATE NORMALS FOR TODAY
                         NORMAL    RECORD    YEAR
 MAXIMUM TEMPERATURE (F)   71        92      1940
 MINIMUM TEMPERATURE (F)   50        31      1938


SUNRISE AND SUNSET
MAY 13 2016...........SUNRISE   553 AM CDT   SUNSET   820 PM CDT
MAY 14 2016...........SUNRISE   552 AM CDT   SUNSET   821 PM CDT


-  INDICATES NEGATIVE NUMBERS.
R  INDICATES RECORD WAS SET OR TIED.
MM INDICATES DATA IS MISSING.
T  INDICATES TRACE AMOUNT.




$$
