000
CDUS43 KDMX 080725 RRB
CLIOTM

CLIMATE REPORT
NATIONAL WEATHER SERVICE DES MOINES IA
123 AM CST TUE NOV 8 2016


...................................

...THE OTTUMWA IA CLIMATE SUMMARY FOR NOVEMBER 7 2016...

CLIMATE NORMAL PERIOD 1981 TO 2010
CLIMATE RECORD PERIOD 1920 TO 2016


WEATHER ITEM   OBSERVED TIME   RECORD YEAR NORMAL DEPARTURE LAST
                VALUE   (LST)  VALUE       VALUE  FROM      YEAR
                                                  NORMAL
..................................................................
TEMPERATURE (F)
 YESTERDAY
  MAXIMUM         67    147 PM  77    1937  54     13       53
  MINIMUM         40    151 AM  -5    1991  34      6       32
  AVERAGE         54                        44     10       43

PRECIPITATION (IN)
  YESTERDAY        T             0.62 1938   0.08  -0.08     0.00
  MONTH TO DATE    0.09                      0.63  -0.54     0.48
  SINCE SEP 1      2.11                      7.25  -5.14     6.14
  SINCE JAN 1     23.30                     33.95 -10.65    31.85

DEGREE DAYS
 HEATING
  YESTERDAY       11                        21    -10       22
  MONTH TO DATE   47                       139    -92       73
  SINCE SEP 1    297                       652   -355      464
  SINCE JUL 1    304                       663   -359      486

 COOLING
  YESTERDAY        0                         0      0        0
  MONTH TO DATE    3                         0      3        0
  SINCE SEP 1    221                       104    117      205
  SINCE JAN 1   1120                       938    182      933
..................................................................


WIND (MPH)
  HIGHEST WIND SPEED    14   HIGHEST WIND DIRECTION     S (170)
  HIGHEST GUST SPEED    16   HIGHEST GUST DIRECTION     S (170)
  AVERAGE WIND SPEED     5.9


SKY COVER
  POSSIBLE SUNSHINE  MM
  AVERAGE SKY COVER 0.4


WEATHER CONDITIONS
 THE FOLLOWING WEATHER WAS RECORDED YESTERDAY.
  LIGHT RAIN
  HAZE


RELATIVE HUMIDITY (PERCENT)
 HIGHEST    83           500 AM
 LOWEST     48           200 PM
 AVERAGE    66

..........................................................


THE OTTUMWA IA CLIMATE NORMALS FOR TODAY
                         NORMAL    RECORD    YEAR
 MAXIMUM TEMPERATURE (F)   53        79      1999
 MINIMUM TEMPERATURE (F)   33        -3      1991


SUNRISE AND SUNSET
NOVEMBER  8 2016......SUNRISE   650 AM CST   SUNSET   457 PM CST
NOVEMBER  9 2016......SUNRISE   651 AM CST   SUNSET   456 PM CST


-  INDICATES NEGATIVE NUMBERS.
R  INDICATES RECORD WAS SET OR TIED.
MM INDICATES DATA IS MISSING.
T  INDICATES TRACE AMOUNT.




$$
