000
CDUS43 KDMX 240629 RRA
CLIOTM

CLIMATE REPORT
NATIONAL WEATHER SERVICE DES MOINES IA
126 AM CDT TUE OCT 24 2017


...................................

...THE OTTUMWA IA CLIMATE SUMMARY FOR OCTOBER 23 2017...

CLIMATE NORMAL PERIOD 1981 TO 2010
CLIMATE RECORD PERIOD 1920 TO 2017


WEATHER ITEM   OBSERVED TIME   RECORD YEAR NORMAL DEPARTURE LAST
                VALUE   (LST)  VALUE       VALUE  FROM      YEAR
                                                  NORMAL
..................................................................
TEMPERATURE (F)
 YESTERDAY
  MAXIMUM         61    411 PM  83    1963  61      0       75
  MINIMUM         41    634 AM  21    1936  39      2       43
  AVERAGE         51                        50      1       59

PRECIPITATION (IN)
  YESTERDAY        T             1.55 2000   0.10  -0.10     0.00
  MONTH TO DATE    2.85                      2.12   0.73     0.89
  SINCE SEP 1      6.52                      5.91   0.61     1.90
  SINCE JAN 1     22.36                     32.61 -10.25    23.09

DEGREE DAYS
 HEATING
  YESTERDAY       14                        15     -1        6
  MONTH TO DATE  121                       267   -146      154
  SINCE SEP 1    158                       377   -219      187
  SINCE JUL 1    158                       388   -230      194

 COOLING
  YESTERDAY        0                         0      0        0
  MONTH TO DATE   26                         9     17       42
  SINCE SEP 1    195                       102     93      215
  SINCE JAN 1   1120                       936    184     1114
..................................................................


WIND (MPH)
  HIGHEST WIND SPEED    29   HIGHEST WIND DIRECTION    NW (320)
  HIGHEST GUST SPEED    36   HIGHEST GUST DIRECTION    NW (330)
  AVERAGE WIND SPEED    12.7


SKY COVER
  POSSIBLE SUNSHINE  MM
  AVERAGE SKY COVER 0.4


WEATHER CONDITIONS
 THE FOLLOWING WEATHER WAS RECORDED YESTERDAY.
  LIGHT RAIN


RELATIVE HUMIDITY (PERCENT)
 HIGHEST    92           200 AM
 LOWEST     47           500 PM
 AVERAGE    70

..........................................................


THE OTTUMWA IA CLIMATE NORMALS FOR TODAY
                         NORMAL    RECORD    YEAR
 MAXIMUM TEMPERATURE (F)   60        85      1940
 MINIMUM TEMPERATURE (F)   39        20      2006


SUNRISE AND SUNSET
OCTOBER 24 2017.......SUNRISE   732 AM CDT   SUNSET   615 PM CDT
OCTOBER 25 2017.......SUNRISE   733 AM CDT   SUNSET   614 PM CDT


-  INDICATES NEGATIVE NUMBERS.
R  INDICATES RECORD WAS SET OR TIED.
MM INDICATES DATA IS MISSING.
T  INDICATES TRACE AMOUNT.

$$
