000
CDUS43 KDMX 100631 RRB
CLIOTM

CLIMATE REPORT
NATIONAL WEATHER SERVICE DES MOINES IA
129 AM CDT FRI OCT 10 2014


...................................

...THE OTTUMWA IA CLIMATE SUMMARY FOR OCTOBER 9 2014...

CLIMATE NORMAL PERIOD 1981 TO 2010
CLIMATE RECORD PERIOD 1920 TO 2014


WEATHER ITEM   OBSERVED TIME   RECORD YEAR NORMAL DEPARTURE LAST
                VALUE   (LST)  VALUE       VALUE  FROM      YEAR
                                                  NORMAL
..................................................................
TEMPERATURE (F)
 YESTERDAY
  MAXIMUM         64    322 PM  91    1938  66     -2       74
  MINIMUM         49   1159 PM  25    2000  43      6       49
  AVERAGE         57                        55      2       62

PRECIPITATION (IN)
  YESTERDAY        0.22          1.65 1985   0.09   0.13     0.00
  MONTH TO DATE    1.20                      0.87   0.33     1.47
  SINCE SEP 1      5.36                      4.66   0.70     2.54
  SINCE JAN 1     36.33                     31.36   4.97    31.65

DEGREE DAYS
 HEATING
  YESTERDAY        8                        11     -3        3
  MONTH TO DATE   97                        84     13       36
  SINCE SEP 1    218                       194     24      103
  SINCE JUL 1    231                       205     26      119

 COOLING
  YESTERDAY        0                         1     -1        0
  MONTH TO DATE    0                         9     -9       31
  SINCE SEP 1     68                       102    -34      197
  SINCE JAN 1    800                       936   -136     1012
..................................................................


WIND (MPH)
  HIGHEST WIND SPEED    15   HIGHEST WIND DIRECTION     N (20)
  HIGHEST GUST SPEED    18   HIGHEST GUST DIRECTION     N (10)
  AVERAGE WIND SPEED     8.3


SKY COVER
  POSSIBLE SUNSHINE  MM
  AVERAGE SKY COVER 0.9


WEATHER CONDITIONS
 THE FOLLOWING WEATHER WAS RECORDED YESTERDAY.
  LIGHT RAIN
  FOG


RELATIVE HUMIDITY (PERCENT)
 HIGHEST    93           500 AM
 LOWEST     46           900 PM
 AVERAGE    70

..........................................................


THE OTTUMWA IA CLIMATE NORMALS FOR TODAY
                         NORMAL    RECORD    YEAR
 MAXIMUM TEMPERATURE (F)   66        89      1930
 MINIMUM TEMPERATURE (F)   43        25      2009
                                             1925


SUNRISE AND SUNSET
OCTOBER 10 2014.......SUNRISE   716 AM CDT   SUNSET   637 PM CDT
OCTOBER 11 2014.......SUNRISE   717 AM CDT   SUNSET   635 PM CDT


-  INDICATES NEGATIVE NUMBERS.
R  INDICATES RECORD WAS SET OR TIED.
MM INDICATES DATA IS MISSING.
T  INDICATES TRACE AMOUNT.




$$
