000
CDUS43 KDMX 040632
CLIOTM

CLIMATE REPORT
NATIONAL WEATHER SERVICE DES MOINES IA
130 AM CDT THU SEP 4 2014


...................................

...THE OTTUMWA IA CLIMATE SUMMARY FOR SEPTEMBER 3 2014...

CLIMATE NORMAL PERIOD 1981 TO 2010
CLIMATE RECORD PERIOD 1920 TO 2014


WEATHER ITEM   OBSERVED TIME   RECORD YEAR NORMAL DEPARTURE LAST
                VALUE   (LST)  VALUE       VALUE  FROM      YEAR
                                                  NORMAL
..................................................................
TEMPERATURE (F)
 YESTERDAY
  MAXIMUM         83    342 PM 100    1925  81      2       80
  MINIMUM         60    239 AM  40    1974  58      2       45
  AVERAGE         72                        70      2       63

PRECIPITATION (IN)
  YESTERDAY        0.00          3.65 1926   0.14  -0.14     0.00
  MONTH TO DATE    0.06                      0.42  -0.36     0.00
  SINCE SEP 1      0.06                      0.42  -0.36     0.00
  SINCE JAN 1     31.03                     27.12   3.91    29.11

DEGREE DAYS
 HEATING
  YESTERDAY        0                         1     -1        2
  MONTH TO DATE    0                         3     -3        2
  SINCE SEP 1      0                         3     -3        2
  SINCE JUL 1     13                        14     -1       18

 COOLING
  YESTERDAY        7                         5      2        0
  MONTH TO DATE   19                        17      2       14
  SINCE SEP 1     19                        17      2       14
  SINCE JAN 1    751                       851   -100      829
..................................................................


WIND (MPH)
  HIGHEST WIND SPEED    17   HIGHEST WIND DIRECTION    SE (150)
  HIGHEST GUST SPEED    24   HIGHEST GUST DIRECTION     S (180)
  AVERAGE WIND SPEED     9.7


SKY COVER
  POSSIBLE SUNSHINE  MM
  AVERAGE SKY COVER 0.0


WEATHER CONDITIONS
 THE FOLLOWING WEATHER WAS RECORDED YESTERDAY.
  THUNDERSTORM


RELATIVE HUMIDITY (PERCENT)
 HIGHEST   100           700 AM
 LOWEST     65           100 PM
 AVERAGE    83

..........................................................


THE OTTUMWA IA CLIMATE NORMALS FOR TODAY
                         NORMAL    RECORD    YEAR
 MAXIMUM TEMPERATURE (F)   80       103      1925
 MINIMUM TEMPERATURE (F)   58        43      1974


SUNRISE AND SUNSET
SEPTEMBER  4 2014.....SUNRISE   639 AM CDT   SUNSET   737 PM CDT
SEPTEMBER  5 2014.....SUNRISE   640 AM CDT   SUNSET   736 PM CDT


-  INDICATES NEGATIVE NUMBERS.
R  INDICATES RECORD WAS SET OR TIED.
MM INDICATES DATA IS MISSING.
T  INDICATES TRACE AMOUNT.

$$
