000
CDUS43 KDMX 120633
CLIOTM

CLIMATE REPORT
NATIONAL WEATHER SERVICE DES MOINES IA
130 AM CDT TUE JUL 12 2016


...................................

...THE OTTUMWA IA CLIMATE SUMMARY FOR JULY 11 2016...

CLIMATE NORMAL PERIOD 1981 TO 2010
CLIMATE RECORD PERIOD 1920 TO 2016


WEATHER ITEM   OBSERVED TIME   RECORD YEAR NORMAL DEPARTURE LAST
                VALUE   (LST)  VALUE       VALUE  FROM      YEAR
                                                  NORMAL
..................................................................
TEMPERATURE (F)
 YESTERDAY
  MAXIMUM         89    336 PM 107    1936  86      3       82
  MINIMUM         70    424 AM  50    1945  65      5       67
  AVERAGE         80                        75      5       75

PRECIPITATION (IN)
  YESTERDAY        0.00          1.05 1979   0.15  -0.15     1.00
  MONTH TO DATE    1.93                      1.70   0.23     2.42
  SINCE JUN 1      4.51                      6.79  -2.28    10.20
  SINCE JAN 1     12.55                     19.32  -6.77    20.07

DEGREE DAYS
 HEATING
  YESTERDAY        0                         0      0        0
  MONTH TO DATE    7                         0      7        6
  SINCE JUN 1      8                        21    -13       16
  SINCE JUL 1      7                         0      7        6

 COOLING
  YESTERDAY       15                        10      5       10
  MONTH TO DATE   77                       110    -33       44
  SINCE JUN 1    351                       311     40      248
  SINCE JAN 1    422                       375     47      309
..................................................................


WIND (MPH)
  HIGHEST WIND SPEED    22   HIGHEST WIND DIRECTION     S (170)
  HIGHEST GUST SPEED    30   HIGHEST GUST DIRECTION     S (170)
  AVERAGE WIND SPEED    12.4


SKY COVER
  POSSIBLE SUNSHINE  MM
  AVERAGE SKY COVER 0.0


WEATHER CONDITIONS
 THE FOLLOWING WEATHER WAS RECORDED YESTERDAY.
  NO SIGNIFICANT WEATHER WAS OBSERVED.


RELATIVE HUMIDITY (PERCENT)
 HIGHEST    93           200 AM
 LOWEST     52           300 PM
 AVERAGE    73

..........................................................


THE OTTUMWA IA CLIMATE NORMALS FOR TODAY
                         NORMAL    RECORD    YEAR
 MAXIMUM TEMPERATURE (F)   86       109      1936
 MINIMUM TEMPERATURE (F)   65        54      2007
                                             1898


SUNRISE AND SUNSET
JULY 12 2016..........SUNRISE   548 AM CDT   SUNSET   842 PM CDT
JULY 13 2016..........SUNRISE   549 AM CDT   SUNSET   842 PM CDT


-  INDICATES NEGATIVE NUMBERS.
R  INDICATES RECORD WAS SET OR TIED.
MM INDICATES DATA IS MISSING.
T  INDICATES TRACE AMOUNT.




$$
