000
CDUS43 KDMX 290636
CLIOTM

CLIMATE REPORT
NATIONAL WEATHER SERVICE DES MOINES IA
131 AM CDT SAT APR 29 2017


...................................

...THE OTTUMWA IA CLIMATE SUMMARY FOR APRIL 28 2017...

CLIMATE NORMAL PERIOD 1981 TO 2010
CLIMATE RECORD PERIOD 1920 TO 2017


WEATHER ITEM   OBSERVED TIME   RECORD YEAR NORMAL DEPARTURE LAST
                VALUE   (LST)  VALUE       VALUE  FROM      YEAR
                                                  NORMAL
..................................................................
TEMPERATURE (F)
 YESTERDAY
  MAXIMUM         45    935 PM  90    1970  67    -22       58
  MINIMUM         40    613 AM  28    1928  44     -4       45
  AVERAGE         43                        55    -12       52

PRECIPITATION (IN)
  YESTERDAY        0.49          0.99 1981   0.13   0.36     0.01
  MONTH TO DATE    3.83                      3.13   0.70     2.13
  SINCE MAR 1      7.03                      5.37   1.66     3.35
  SINCE JAN 1      8.62                      7.55   1.07     4.65

DEGREE DAYS
 HEATING
  YESTERDAY       22                        10     12       13
  MONTH TO DATE  270                       416   -146      375
  SINCE MAR 1    997                      1227   -230      990
  SINCE JUL 1   4804                      6112  -1308     5044

 COOLING
  YESTERDAY        0                         1     -1        0
  MONTH TO DATE   15                         8      7        9
  SINCE MAR 1     15                         9      6        9
  SINCE JAN 1     15                         9      6        9
..................................................................


WIND (MPH)
  HIGHEST WIND SPEED    21   HIGHEST WIND DIRECTION    NE (60)
  HIGHEST GUST SPEED    27   HIGHEST GUST DIRECTION    NE (50)
  AVERAGE WIND SPEED    12.3


SKY COVER
  POSSIBLE SUNSHINE  MM
  AVERAGE SKY COVER 0.8


WEATHER CONDITIONS
 THE FOLLOWING WEATHER WAS RECORDED YESTERDAY.
  HEAVY RAIN
  RAIN
  LIGHT RAIN
  FOG


RELATIVE HUMIDITY (PERCENT)
 HIGHEST   100           100 PM
 LOWEST     70           200 AM
 AVERAGE    85

..........................................................


THE OTTUMWA IA CLIMATE NORMALS FOR TODAY
                         NORMAL    RECORD    YEAR
 MAXIMUM TEMPERATURE (F)   67        92      1910
 MINIMUM TEMPERATURE (F)   45        28      2008
                                             1958


SUNRISE AND SUNSET
APRIL 29 2017.........SUNRISE   610 AM CDT   SUNSET   805 PM CDT
APRIL 30 2017.........SUNRISE   609 AM CDT   SUNSET   806 PM CDT


-  INDICATES NEGATIVE NUMBERS.
R  INDICATES RECORD WAS SET OR TIED.
MM INDICATES DATA IS MISSING.
T  INDICATES TRACE AMOUNT.




$$
