000
CDUS43 KDMX 190635
CLIOTM

CLIMATE REPORT
NATIONAL WEATHER SERVICE DES MOINES IA
1230 AM CST WED NOV 19 2014

...................................

...THE OTTUMWA IA CLIMATE SUMMARY FOR NOVEMBER 18 2014...

CLIMATE NORMAL PERIOD 1981 TO 2010
CLIMATE RECORD PERIOD 1920 TO 2014


WEATHER ITEM   OBSERVED TIME   RECORD YEAR NORMAL DEPARTURE LAST
                VALUE   (LST)  VALUE       VALUE  FROM      YEAR
                                                  NORMAL
..................................................................
TEMPERATURE (F)
 YESTERDAY
  MAXIMUM         24   1159 PM  75    1999  47    -23       48
  MINIMUM          4R   309 AM  10    1989  29    -25       27
  AVERAGE         14                        38    -24       38

PRECIPITATION (IN)
  YESTERDAY        0.00          1.50 1900   0.08  -0.08     0.00
  MONTH TO DATE    0.20                      1.53  -1.33     0.86
  SINCE SEP 1      7.87                      8.15  -0.28     6.31
  SINCE JAN 1     39.16                     34.85   4.31    35.42

DEGREE DAYS
 HEATING
  YESTERDAY       51                        27     24       27
  MONTH TO DATE  556                       406    150      399
  SINCE SEP 1   1078                       919    159      871
  SINCE JUL 1   1091                       930    161      887

 COOLING
  YESTERDAY        0                         0      0        0
  MONTH TO DATE    0                         0      0        0
  SINCE SEP 1     69                       104    -35      199
  SINCE JAN 1    801                       938   -137     1014
..................................................................


WIND (MPH)
  HIGHEST WIND SPEED    18   HIGHEST WIND DIRECTION     W (260)
  HIGHEST GUST SPEED    24   HIGHEST GUST DIRECTION     W (250)
  AVERAGE WIND SPEED    10.6


SKY COVER
  POSSIBLE SUNSHINE  MM
  AVERAGE SKY COVER 0.4


WEATHER CONDITIONS
 THE FOLLOWING WEATHER WAS RECORDED YESTERDAY.
  NO SIGNIFICANT WEATHER WAS OBSERVED.


RELATIVE HUMIDITY (PERCENT)
 HIGHEST    76           300 AM
 LOWEST     54           200 PM
 AVERAGE    65

..........................................................


THE OTTUMWA IA CLIMATE NORMALS FOR TODAY
                         NORMAL    RECORD    YEAR
 MAXIMUM TEMPERATURE (F)   47        79      1942
 MINIMUM TEMPERATURE (F)   28         9      1937


SUNRISE AND SUNSET
NOVEMBER 19 2014......SUNRISE   702 AM CST   SUNSET   448 PM CST
NOVEMBER 20 2014......SUNRISE   703 AM CST   SUNSET   447 PM CST


-  INDICATES NEGATIVE NUMBERS.
R  INDICATES RECORD WAS SET OR TIED.
MM INDICATES DATA IS MISSING.
T  INDICATES TRACE AMOUNT.

$$

REV
