000
CDUS43 KDMX 150641 RRB
CLIOTM

CLIMATE REPORT
NATIONAL WEATHER SERVICE DES MOINES IA
1234 AM CST MON JAN 15 2018

...................................

...THE OTTUMWA IA CLIMATE SUMMARY FOR JANUARY 14 2018...

CLIMATE NORMAL PERIOD 1981 TO 2010
CLIMATE RECORD PERIOD 1920 TO 2018


WEATHER ITEM   OBSERVED TIME   RECORD YEAR NORMAL DEPARTURE LAST
                VALUE   (LST)  VALUE       VALUE  FROM      YEAR
                                                  NORMAL
..................................................................
TEMPERATURE (F)
 YESTERDAY
  MAXIMUM         25   1159 PM  65    1952  31     -6       34
  MINIMUM          7   1205 AM -21    1957  13     -6       21
  AVERAGE         16                        22     -6       28

PRECIPITATION (IN)
  YESTERDAY        0.07          0.56 1960   0.02   0.05     0.00
  MONTH TO DATE    0.17                      0.44  -0.27     0.18
  SINCE DEC 1      0.87                      1.81  -0.94     1.55
  SINCE JAN 1      0.17                      0.44  -0.27     0.18

DEGREE DAYS
 HEATING
  YESTERDAY       49                        43      6       37
  MONTH TO DATE  706                       596    110      613
  SINCE DEC 1   1901                      1803     98     1769
  SINCE JUL 1   3028                      3101    -73     2562

 COOLING
  YESTERDAY        0                         0      0        0
  MONTH TO DATE    0                         0      0        0
  SINCE DEC 1      0                         0      0        0
  SINCE JAN 1      0                         0      0        0
..................................................................


WIND (MPH)
  HIGHEST WIND SPEED    17   HIGHEST WIND DIRECTION     S (180)
  HIGHEST GUST SPEED    20   HIGHEST GUST DIRECTION     S (180)
  AVERAGE WIND SPEED    10.0


SKY COVER
  POSSIBLE SUNSHINE  MM
  AVERAGE SKY COVER 1.0


WEATHER CONDITIONS
 THE FOLLOWING WEATHER WAS RECORDED YESTERDAY.
  LIGHT SNOW
  FOG
  HAZE


RELATIVE HUMIDITY (PERCENT)
 HIGHEST    88           900 PM
 LOWEST     63           100 AM
 AVERAGE    76

..........................................................


THE OTTUMWA IA CLIMATE NORMALS FOR TODAY
                         NORMAL    RECORD    YEAR
 MAXIMUM TEMPERATURE (F)   31        59      1990
 MINIMUM TEMPERATURE (F)   13       -20      1979


SUNRISE AND SUNSET
JANUARY 15 2018.......SUNRISE   733 AM CST   SUNSET   506 PM CST
JANUARY 16 2018.......SUNRISE   732 AM CST   SUNSET   507 PM CST


-  INDICATES NEGATIVE NUMBERS.
R  INDICATES RECORD WAS SET OR TIED.
MM INDICATES DATA IS MISSING.
T  INDICATES TRACE AMOUNT.

$$

REV
