000
CDUS43 KDMX 260631 RRA
CLIOTM

CLIMATE REPORT
NATIONAL WEATHER SERVICE DES MOINES IA
128 AM CDT TUE APR 26 2016

...................................

...THE OTTUMWA IA CLIMATE SUMMARY FOR APRIL 25 2016...

CLIMATE NORMAL PERIOD 1981 TO 2010
CLIMATE RECORD PERIOD 1920 TO 2016


WEATHER ITEM   OBSERVED TIME   RECORD YEAR NORMAL DEPARTURE LAST
                VALUE   (LST)  VALUE       VALUE  FROM      YEAR
                                                  NORMAL
..................................................................
TEMPERATURE (F)
 YESTERDAY
  MAXIMUM         79    330 PM  89    1986  66     13       52
  MINIMUM         54   1159 PM  23    1934  43     11       44
  AVERAGE         67                        54     13       48

PRECIPITATION (IN)
  YESTERDAY        0.00          3.09 1904   0.13  -0.13     0.56
  MONTH TO DATE    0.88                      2.73  -1.85     2.54
  SINCE MAR 1      2.10                      4.97  -2.87     3.00
  SINCE JAN 1      2.53                      7.15  -4.62     5.12

DEGREE DAYS
 HEATING
  YESTERDAY        0                        11    -11       17
  MONTH TO DATE  340                       385    -45      290
  SINCE MAR 1    955                      1196   -241     1057
  SINCE JUL 1   5009                      6081  -1072     6188

 COOLING
  YESTERDAY        2                         1      1        0
  MONTH TO DATE    9                         5      4        1
  SINCE MAR 1      9                         6      3        1
  SINCE JAN 1      9                         6      3        1
..................................................................


WIND (MPH)
  HIGHEST WIND SPEED    31   HIGHEST WIND DIRECTION    SW (220)
  HIGHEST GUST SPEED    43   HIGHEST GUST DIRECTION    SW (210)
  AVERAGE WIND SPEED    12.3


SKY COVER
  POSSIBLE SUNSHINE  MM
  AVERAGE SKY COVER 0.4


WEATHER CONDITIONS
 THE FOLLOWING WEATHER WAS RECORDED YESTERDAY.
  NO SIGNIFICANT WEATHER WAS OBSERVED.


RELATIVE HUMIDITY (PERCENT)
 HIGHEST    86           400 AM
 LOWEST     47           400 PM
 AVERAGE    67

..........................................................


THE OTTUMWA IA CLIMATE NORMALS FOR TODAY
                         NORMAL    RECORD    YEAR
 MAXIMUM TEMPERATURE (F)   66        88      1989
 MINIMUM TEMPERATURE (F)   44        29      1926


SUNRISE AND SUNSET
APRIL 26 2016.........SUNRISE   614 AM CDT   SUNSET   802 PM CDT
APRIL 27 2016.........SUNRISE   612 AM CDT   SUNSET   803 PM CDT


-  INDICATES NEGATIVE NUMBERS.
R  INDICATES RECORD WAS SET OR TIED.
MM INDICATES DATA IS MISSING.
T  INDICATES TRACE AMOUNT.

$$

REV
