708
CDUS43 KDMX 050646
CLIOTM

CLIMATE REPORT
NATIONAL WEATHER SERVICE DES MOINES IA
1230 AM CST SUN FEB 5 2017

...................................

...THE OTTUMWA IA CLIMATE SUMMARY FOR FEBRUARY 4 2017...

CLIMATE NORMAL PERIOD 1981 TO 2010
CLIMATE RECORD PERIOD 1920 TO 2017

WEATHER ITEM   OBSERVED TIME   RECORD YEAR NORMAL DEPARTURE LAST
                VALUE   (LST)  VALUE       VALUE  FROM      YEAR
                                                  NORMAL
..................................................................
TEMPERATURE (F)
 YESTERDAY
  MAXIMUM         41    413 PM  59    2005  33      8       38
  MINIMUM         16    227 AM -19    1996  15      1       16
  AVERAGE         29                        24      5       27

PRECIPITATION (IN)
  YESTERDAY        0.00          0.80 1903   0.03  -0.03     0.00
  MONTH TO DATE    0.00                      0.12  -0.12     0.29
  SINCE DEC 1      2.52                      2.39   0.13     4.82
  SINCE JAN 1      1.15                      1.02   0.13     0.79

DEGREE DAYS
 HEATING
  YESTERDAY       36                        41     -5       38
  MONTH TO DATE  156                       165     -9      139
  SINCE DEC 1   2451                      2689   -238     2205
  SINCE JUL 1   3244                      3987   -743     3216

 COOLING
  YESTERDAY        0                         0      0        0
  MONTH TO DATE    0                         0      0        0
  SINCE DEC 1      0                         0      0        0
  SINCE JAN 1      0                         0      0        0
..................................................................

WIND (MPH)
  HIGHEST WIND SPEED    28   HIGHEST WIND DIRECTION     S (190)
  HIGHEST GUST SPEED    36   HIGHEST GUST DIRECTION     S (180)
  AVERAGE WIND SPEED    13.8

SKY COVER
  POSSIBLE SUNSHINE  MM
  AVERAGE SKY COVER 0.3

WEATHER CONDITIONS
 THE FOLLOWING WEATHER WAS RECORDED YESTERDAY.
  NO SIGNIFICANT WEATHER WAS OBSERVED.

RELATIVE HUMIDITY (PERCENT)
 HIGHEST    69          1100 PM
 LOWEST     34           400 PM
 AVERAGE    52
..........................................................

THE OTTUMWA IA CLIMATE NORMALS FOR TODAY
                         NORMAL    RECORD    YEAR
 MAXIMUM TEMPERATURE (F)   33        67      1946
 MINIMUM TEMPERATURE (F)   15       -28      1936

SUNRISE AND SUNSET
FEBRUARY  5 2017......SUNRISE   716 AM CST   SUNSET   532 PM CST
FEBRUARY  6 2017......SUNRISE   715 AM CST   SUNSET   533 PM CST

-  INDICATES NEGATIVE NUMBERS.
R  INDICATES RECORD WAS SET OR TIED.
MM INDICATES DATA IS MISSING.
T  INDICATES TRACE AMOUNT.

$$

FAB
