000
CDUS43 KDMX 160654 RRA
CLIOTM

CLIMATE REPORT
NATIONAL WEATHER SERVICE DES MOINES IA
1252 AM CST FRI JAN 16 2015

...................................

...THE OTTUMWA IA CLIMATE SUMMARY FOR JANUARY 15 2015...

CLIMATE NORMAL PERIOD 1981 TO 2010
CLIMATE RECORD PERIOD 1920 TO 2015


WEATHER ITEM   OBSERVED TIME   RECORD YEAR NORMAL DEPARTURE LAST
                VALUE   (LST)  VALUE       VALUE  FROM      YEAR
                                                  NORMAL
..................................................................
TEMPERATURE (F)
 YESTERDAY
  MAXIMUM         42    407 PM  59    1990  31     11       28
  MINIMUM         16    225 AM -20    1979  13      3       11
  AVERAGE         29                        22      7       20

PRECIPITATION (IN)
  YESTERDAY        0.00          0.86 1969   0.03  -0.03     0.00
  MONTH TO DATE    0.08                      0.47  -0.39     0.25
  SINCE DEC 1      1.06                      1.84  -0.78     0.91
  SINCE JAN 1      0.08                      0.47  -0.39     0.25

DEGREE DAYS
 HEATING
  YESTERDAY       36                        43     -7       45
  MONTH TO DATE  755                       639    116      725
  SINCE DEC 1   1798                      1846    -48     2070
  SINCE JUL 1   3306                      3144    162     3400

 COOLING
  YESTERDAY        0                         0      0        0
  MONTH TO DATE    0                         0      0        0
  SINCE DEC 1      0                         0      0        0
  SINCE JAN 1      0                         0      0        0
..................................................................


WIND (MPH)
  HIGHEST WIND SPEED    16   HIGHEST WIND DIRECTION     W (250)
  HIGHEST GUST SPEED    19   HIGHEST GUST DIRECTION     W (270)
  AVERAGE WIND SPEED     8.5


SKY COVER
  POSSIBLE SUNSHINE  MM
  AVERAGE SKY COVER 0.0


WEATHER CONDITIONS
 THE FOLLOWING WEATHER WAS RECORDED YESTERDAY.
  FOG
  HAZE


RELATIVE HUMIDITY (PERCENT)
 HIGHEST    92           200 AM
 LOWEST     49           200 PM
 AVERAGE    71

..........................................................


THE OTTUMWA IA CLIMATE NORMALS FOR TODAY
                         NORMAL    RECORD    YEAR
 MAXIMUM TEMPERATURE (F)   31        61      1990
 MINIMUM TEMPERATURE (F)   13       -20      2009


SUNRISE AND SUNSET
JANUARY 16 2015.......SUNRISE   732 AM CST   SUNSET   507 PM CST
JANUARY 17 2015.......SUNRISE   732 AM CST   SUNSET   508 PM CST


-  INDICATES NEGATIVE NUMBERS.
R  INDICATES RECORD WAS SET OR TIED.
MM INDICATES DATA IS MISSING.
T  INDICATES TRACE AMOUNT.




$$
