000
CDUS43 KDMX 120642
CLIOTM

CLIMATE REPORT
NATIONAL WEATHER SERVICE DES MOINES IA
135 AM CDT THU MAR 12 2015

...................................

...THE OTTUMWA IA CLIMATE SUMMARY FOR MARCH 11 2015...

CLIMATE NORMAL PERIOD 1981 TO 2010
CLIMATE RECORD PERIOD 1920 TO 2015


WEATHER ITEM   OBSERVED TIME   RECORD YEAR NORMAL DEPARTURE LAST
                VALUE   (LST)  VALUE       VALUE  FROM      YEAR
                                                  NORMAL
..................................................................
TEMPERATURE (F)
 YESTERDAY
  MAXIMUM         62    222 PM  78    1972  47     15       50
  MINIMUM         30    540 AM  -7    1948  27      3       33
  AVERAGE         46                        37      9       42

PRECIPITATION (IN)
  YESTERDAY        0.00          2.53 1977   0.07  -0.07     0.03
  MONTH TO DATE    0.08                      0.74  -0.66     0.46
  SINCE MAR 1      0.08                      0.74  -0.66     0.46
  SINCE JAN 1      1.24                      2.92  -1.68     3.27

DEGREE DAYS
 HEATING
  YESTERDAY       19                        28     -9       23
  MONTH TO DATE  370                       335     35      432
  SINCE MAR 1    370                       335     35      432
  SINCE JUL 1   5501                      5220    281     5945

 COOLING
  YESTERDAY        0                         0      0        0
  MONTH TO DATE    0                         0      0        0
  SINCE MAR 1      0                         0      0        0
  SINCE JAN 1      0                         0      0        0
..................................................................


WIND (MPH)
  HIGHEST WIND SPEED    13   HIGHEST WIND DIRECTION    SE (120)
  HIGHEST GUST SPEED    16   HIGHEST GUST DIRECTION    NE (30)
  AVERAGE WIND SPEED     8.5


SKY COVER
  POSSIBLE SUNSHINE  MM
  AVERAGE SKY COVER 0.0


WEATHER CONDITIONS
 THE FOLLOWING WEATHER WAS RECORDED YESTERDAY.
  NO SIGNIFICANT WEATHER WAS OBSERVED.


RELATIVE HUMIDITY (PERCENT)
 HIGHEST    89           400 AM
 LOWEST     36           300 PM
 AVERAGE    63

..........................................................


THE OTTUMWA IA CLIMATE NORMALS FOR TODAY
                         NORMAL    RECORD    YEAR
 MAXIMUM TEMPERATURE (F)   47        79      1990
 MINIMUM TEMPERATURE (F)   27        -6      1948


SUNRISE AND SUNSET
MARCH 12 2015.........SUNRISE   727 AM CDT   SUNSET   713 PM CDT
MARCH 13 2015.........SUNRISE   725 AM CDT   SUNSET   714 PM CDT


-  INDICATES NEGATIVE NUMBERS.
R  INDICATES RECORD WAS SET OR TIED.
MM INDICATES DATA IS MISSING.
T  INDICATES TRACE AMOUNT.

$$

REV
