000
CDUS43 KDMX 080638 RRA
CLIOTM

CLIMATE REPORT
NATIONAL WEATHER SERVICE DES MOINES IA
138 AM CDT TUE AUG 8 2017

...................................

...THE OTTUMWA IA CLIMATE SUMMARY FOR AUGUST 7 2017...

CLIMATE NORMAL PERIOD 1981 TO 2010
CLIMATE RECORD PERIOD 1920 TO 2017


WEATHER ITEM   OBSERVED TIME   RECORD YEAR NORMAL DEPARTURE LAST
                VALUE   (LST)  VALUE       VALUE  FROM      YEAR
                                                  NORMAL
..................................................................
TEMPERATURE (F)
 YESTERDAY
  MAXIMUM         83    332 PM 107    1934  85     -2       79
  MINIMUM         57   1159 PM  49    1989  64     -7       61
  AVERAGE         70                        74     -4       70

PRECIPITATION (IN)
  YESTERDAY        0.00          1.48 1977   0.15  -0.15      T
  MONTH TO DATE    0.37                      1.00  -0.63     1.08
  SINCE JUN 1      1.98                     10.56  -8.58     7.55
  SINCE JAN 1     14.44                     23.09  -8.65    16.46

DEGREE DAYS
 HEATING
  YESTERDAY        0                         0      0        0
  MONTH TO DATE    0                         0      0        0
  SINCE JUN 1     10                        23    -13        8
  SINCE JUL 1      0                         2     -2        7

 COOLING
  YESTERDAY        5                         9     -4        5
  MONTH TO DATE   37                        65    -28       62
  SINCE JUN 1    721                       580    141      610
  SINCE JAN 1    782                       644    138      681
..................................................................


WIND (MPH)
  HIGHEST WIND SPEED    17   HIGHEST WIND DIRECTION     N (20)
  HIGHEST GUST SPEED    31   HIGHEST GUST DIRECTION    NE (30)
  AVERAGE WIND SPEED     6.8


SKY COVER
  POSSIBLE SUNSHINE  MM
  AVERAGE SKY COVER 0.2


WEATHER CONDITIONS
 THE FOLLOWING WEATHER WAS RECORDED YESTERDAY.
  FOG


RELATIVE HUMIDITY (PERCENT)
 HIGHEST   100           200 AM
 LOWEST     37           300 PM
 AVERAGE    69

..........................................................


THE OTTUMWA IA CLIMATE NORMALS FOR TODAY
                         NORMAL    RECORD    YEAR
 MAXIMUM TEMPERATURE (F)   85       115      1934
 MINIMUM TEMPERATURE (F)   64        48      1903


SUNRISE AND SUNSET
AUGUST  8 2017........SUNRISE   613 AM CDT   SUNSET   817 PM CDT
AUGUST  9 2017........SUNRISE   614 AM CDT   SUNSET   816 PM CDT


-  INDICATES NEGATIVE NUMBERS.
R  INDICATES RECORD WAS SET OR TIED.
MM INDICATES DATA IS MISSING.
T  INDICATES TRACE AMOUNT.

$$

SMALL
