646
CDUS43 KDMX 090633
CLIOTM

CLIMATE REPORT
NATIONAL WEATHER SERVICE DES MOINES IA
130 AM CDT MON OCT 9 2017


...................................

...THE OTTUMWA IA CLIMATE SUMMARY FOR OCTOBER 8 2017...

CLIMATE NORMAL PERIOD 1981 TO 2010
CLIMATE RECORD PERIOD 1920 TO 2017


WEATHER ITEM   OBSERVED TIME   RECORD YEAR NORMAL DEPARTURE LAST
                VALUE   (LST)  VALUE       VALUE  FROM      YEAR
                                                  NORMAL
..................................................................
TEMPERATURE (F)
 YESTERDAY
  MAXIMUM         79    303 PM  92    1938  67     12       71
  MINIMUM         52    540 AM  25    2000  44      8       40
  AVERAGE         66                        55     11       56

PRECIPITATION (IN)
  YESTERDAY        0.00          1.84 1970   0.09  -0.09     0.00
  MONTH TO DATE    1.80                      0.78   1.02     0.59
  SINCE SEP 1      5.47                      4.57   0.90     1.60
  SINCE JAN 1     21.31                     31.27  -9.96    22.79

DEGREE DAYS
 HEATING
  YESTERDAY        0                        10    -10        9
  MONTH TO DATE   13                        73    -60       26
  SINCE SEP 1     50                       183   -133       59
  SINCE JUL 1     50                       194   -144       66

 COOLING
  YESTERDAY        1                         1      0        0
  MONTH TO DATE   23                         8     15       12
  SINCE SEP 1    192                       101     91      185
  SINCE JAN 1   1117                       935    182     1084
..................................................................


WIND (MPH)
  HIGHEST WIND SPEED    21   HIGHEST WIND DIRECTION     S (200)
  HIGHEST GUST SPEED    26   HIGHEST GUST DIRECTION     S (200)
  AVERAGE WIND SPEED     8.0


SKY COVER
  POSSIBLE SUNSHINE  MM
  AVERAGE SKY COVER 0.0


WEATHER CONDITIONS
 THE FOLLOWING WEATHER WAS RECORDED YESTERDAY.
  NO SIGNIFICANT WEATHER WAS OBSERVED.


RELATIVE HUMIDITY (PERCENT)
 HIGHEST    93           300 AM
 LOWEST     39           200 PM
 AVERAGE    66

..........................................................


THE OTTUMWA IA CLIMATE NORMALS FOR TODAY
                         NORMAL    RECORD    YEAR
 MAXIMUM TEMPERATURE (F)   66        91      1938
 MINIMUM TEMPERATURE (F)   43        25      2000


SUNRISE AND SUNSET
OCTOBER  9 2017.......SUNRISE   715 AM CDT   SUNSET   638 PM CDT
OCTOBER 10 2017.......SUNRISE   716 AM CDT   SUNSET   636 PM CDT


-  INDICATES NEGATIVE NUMBERS.
R  INDICATES RECORD WAS SET OR TIED.
MM INDICATES DATA IS MISSING.
T  INDICATES TRACE AMOUNT.




$$
