000
CDUS43 KDMX 080705 RRA
CLIOTM

CLIMATE REPORT
NATIONAL WEATHER SERVICE DES MOINES IA
205 AM CDT WED OCT 8 2014

...................................

...THE OTTUMWA IA CLIMATE SUMMARY FOR OCTOBER 7 2014...

CLIMATE NORMAL PERIOD 1981 TO 2010
CLIMATE RECORD PERIOD 1920 TO 2014


WEATHER ITEM   OBSERVED TIME   RECORD YEAR NORMAL DEPARTURE LAST
                VALUE   (LST)  VALUE       VALUE  FROM      YEAR
                                                  NORMAL
..................................................................
TEMPERATURE (F)
 YESTERDAY
  MAXIMUM         69    232 PM  95    1939  67      2       73
  MINIMUM         45    950 PM  25    2012  44      1       42
  AVERAGE         57                        56      1       58

PRECIPITATION (IN)
  YESTERDAY        T             1.69 1931   0.10  -0.10     0.00
  MONTH TO DATE    0.98                      0.69   0.29     1.47
  SINCE SEP 1      5.14                      4.48   0.66     2.54
  SINCE JAN 1     36.11                     31.18   4.93    31.65

DEGREE DAYS
 HEATING
  YESTERDAY        8                        10     -2        7
  MONTH TO DATE   78                        63     15       32
  SINCE SEP 1    199                       173     26       99
  SINCE JUL 1    212                       184     28      115

 COOLING
  YESTERDAY        0                         1     -1        0
  MONTH TO DATE    0                         7     -7       31
  SINCE SEP 1     68                       100    -32      197
  SINCE JAN 1    800                       934   -134     1012
..................................................................


WIND (MPH)
  HIGHEST WIND SPEED    26   HIGHEST WIND DIRECTION    NW (300)
  HIGHEST GUST SPEED    36   HIGHEST GUST DIRECTION     W (290)
  AVERAGE WIND SPEED     9.8


SKY COVER
  POSSIBLE SUNSHINE  MM
  AVERAGE SKY COVER 0.4


WEATHER CONDITIONS
 THE FOLLOWING WEATHER WAS RECORDED YESTERDAY.
  LIGHT RAIN


RELATIVE HUMIDITY (PERCENT)
 HIGHEST    77          1200 AM
 LOWEST     35           200 PM
 AVERAGE    56

..........................................................


THE OTTUMWA IA CLIMATE NORMALS FOR TODAY
                         NORMAL    RECORD    YEAR
 MAXIMUM TEMPERATURE (F)   67        92      1938
 MINIMUM TEMPERATURE (F)   44        25      2000


SUNRISE AND SUNSET
OCTOBER  8 2014.......SUNRISE   714 AM CDT   SUNSET   640 PM CDT
OCTOBER  9 2014.......SUNRISE   715 AM CDT   SUNSET   638 PM CDT


-  INDICATES NEGATIVE NUMBERS.
R  INDICATES RECORD WAS SET OR TIED.
MM INDICATES DATA IS MISSING.
T  INDICATES TRACE AMOUNT.

$$

SMALL
