259
CDUS43 KDMX 190632
CLIOTM

CLIMATE REPORT
NATIONAL WEATHER SERVICE DES MOINES IA
1229 AM CST SAT NOV 19 2016

...................................

...THE OTTUMWA IA CLIMATE SUMMARY FOR NOVEMBER 18 2016...

CLIMATE NORMAL PERIOD 1981 TO 2010
CLIMATE RECORD PERIOD 1920 TO 2016


WEATHER ITEM   OBSERVED TIME   RECORD YEAR NORMAL DEPARTURE LAST
                VALUE   (LST)  VALUE       VALUE  FROM      YEAR
                                                  NORMAL
..................................................................
TEMPERATURE (F)
 YESTERDAY
  MAXIMUM         68   1231 AM  75    1999  47     21       63
  MINIMUM         36   1159 PM   4    2014  29      7       42
  AVERAGE         52                        38     14       53

PRECIPITATION (IN)
  YESTERDAY        T             1.50 1900   0.08  -0.08     0.27
  MONTH TO DATE    0.09                      1.53  -1.44     2.16
  SINCE SEP 1      2.11                      8.15  -6.04     7.82
  SINCE JAN 1     23.30                     34.85 -11.55    33.53

DEGREE DAYS
 HEATING
  YESTERDAY       13                        27    -14       12
  MONTH TO DATE  214                       406   -192      249
  SINCE SEP 1    464                       919   -455      640
  SINCE JUL 1    471                       930   -459      662

 COOLING
  YESTERDAY        0                         0      0        0
  MONTH TO DATE    5                         0      5        0
  SINCE SEP 1    223                       104    119      205
  SINCE JAN 1   1122                       938    184      933
..................................................................


WIND (MPH)
  HIGHEST WIND SPEED    36   HIGHEST WIND DIRECTION    NW (310)
  HIGHEST GUST SPEED    45   HIGHEST GUST DIRECTION    NW (300)
  AVERAGE WIND SPEED    21.1


SKY COVER
  POSSIBLE SUNSHINE  MM
  AVERAGE SKY COVER 0.7


WEATHER CONDITIONS
 THE FOLLOWING WEATHER WAS RECORDED YESTERDAY.
  LIGHT RAIN


RELATIVE HUMIDITY (PERCENT)
 HIGHEST    69           700 AM
 LOWEST     44          1200 AM
 AVERAGE    57

..........................................................


THE OTTUMWA IA CLIMATE NORMALS FOR TODAY
                         NORMAL    RECORD    YEAR
 MAXIMUM TEMPERATURE (F)   47        79      1942
 MINIMUM TEMPERATURE (F)   28         9      1937


SUNRISE AND SUNSET
NOVEMBER 19 2016......SUNRISE   703 AM CST   SUNSET   447 PM CST
NOVEMBER 20 2016......SUNRISE   704 AM CST   SUNSET   447 PM CST


-  INDICATES NEGATIVE NUMBERS.
R  INDICATES RECORD WAS SET OR TIED.
MM INDICATES DATA IS MISSING.
T  INDICATES TRACE AMOUNT.

$$

REV
