000
CDUS43 KDMX 160629 RRB
CLIOTM

CLIMATE REPORT
NATIONAL WEATHER SERVICE DES MOINES IA
127 AM CDT THU JUL 16 2015


...................................

...THE OTTUMWA IA CLIMATE SUMMARY FOR JULY 15 2015...

CLIMATE NORMAL PERIOD 1981 TO 2010
CLIMATE RECORD PERIOD 1920 TO 2015


WEATHER ITEM   OBSERVED TIME   RECORD YEAR NORMAL DEPARTURE LAST
                VALUE   (LST)  VALUE       VALUE  FROM      YEAR
                                                  NORMAL
..................................................................
TEMPERATURE (F)
 YESTERDAY
  MAXIMUM         80    242 PM 115    1936  86     -6       71
  MINIMUM         66    416 AM  47    1930  65      1       52
  AVERAGE         73                        75     -2       62

PRECIPITATION (IN)
  YESTERDAY        0.01          2.27 1984   0.15  -0.14     0.00
  MONTH TO DATE    2.43                      2.29   0.14     2.98
  SINCE JUN 1     10.22                      7.38   2.84    11.00
  SINCE JAN 1     19.13                     19.91  -0.78    24.11

DEGREE DAYS
 HEATING
  YESTERDAY        0                         0      0        3
  MONTH TO DATE    6                         0      6       10
  SINCE JUN 1     16                        21     -5       19
  SINCE JUL 1      6                         0      6       10

 COOLING
  YESTERDAY        8                        10     -2        0
  MONTH TO DATE  101                       150    -49       81
  SINCE JUN 1    305                       351    -46      295
  SINCE JAN 1    366                       415    -49      406
..................................................................


WIND (MPH)
  HIGHEST WIND SPEED    16   HIGHEST WIND DIRECTION     E (90)
  HIGHEST GUST SPEED    20   HIGHEST GUST DIRECTION     E (80)
  AVERAGE WIND SPEED     7.9


SKY COVER
  POSSIBLE SUNSHINE  MM
  AVERAGE SKY COVER 0.3


WEATHER CONDITIONS
 THE FOLLOWING WEATHER WAS RECORDED YESTERDAY.
  LIGHT RAIN


RELATIVE HUMIDITY (PERCENT)
 HIGHEST   100           500 AM
 LOWEST     74           100 PM
 AVERAGE    87

..........................................................


THE OTTUMWA IA CLIMATE NORMALS FOR TODAY
                         NORMAL    RECORD    YEAR
 MAXIMUM TEMPERATURE (F)   86       109      1936
 MINIMUM TEMPERATURE (F)   65        49      2014


SUNRISE AND SUNSET
JULY 16 2015..........SUNRISE   551 AM CDT   SUNSET   840 PM CDT
JULY 17 2015..........SUNRISE   552 AM CDT   SUNSET   840 PM CDT


-  INDICATES NEGATIVE NUMBERS.
R  INDICATES RECORD WAS SET OR TIED.
MM INDICATES DATA IS MISSING.
T  INDICATES TRACE AMOUNT.




$$
