000
CDUS43 KDMX 190635
CLIOTM

CLIMATE REPORT
NATIONAL WEATHER SERVICE DES MOINES IA
131 AM CDT TUE SEP 19 2017

...................................

...THE OTTUMWA IA CLIMATE SUMMARY FOR SEPTEMBER 18 2017...

CLIMATE NORMAL PERIOD 1981 TO 2010
CLIMATE RECORD PERIOD 1920 TO 2017


WEATHER ITEM   OBSERVED TIME   RECORD YEAR NORMAL DEPARTURE LAST
                VALUE   (LST)  VALUE       VALUE  FROM      YEAR
                                                  NORMAL
..................................................................
TEMPERATURE (F)
 YESTERDAY
  MAXIMUM         78    119 PM  96    1910  75      3       84
  MINIMUM         52    502 AM  33    1916  52      0       51
  AVERAGE         65                        64      1       68

PRECIPITATION (IN)
  YESTERDAY        0.10          2.60 1915   0.12  -0.02     0.00
  MONTH TO DATE    1.19                      2.38  -1.19     1.01
  SINCE SEP 1      1.19                      2.38  -1.19     1.01
  SINCE JAN 1     17.03                     29.08 -12.05    22.20

DEGREE DAYS
 HEATING
  YESTERDAY        0                         4     -4        0
  MONTH TO DATE   18                        38    -20        4
  SINCE SEP 1     18                        38    -20        4
  SINCE JUL 1     18                        49    -31       11

 COOLING
  YESTERDAY        0                         2     -2        3
  MONTH TO DATE   74                        74      0       98
  SINCE SEP 1     74                        74      0       98
  SINCE JAN 1    999                       908     91      997
..................................................................


WIND (MPH)
  HIGHEST WIND SPEED    15   HIGHEST WIND DIRECTION     E (100)
  HIGHEST GUST SPEED    19   HIGHEST GUST DIRECTION     S (160)
  AVERAGE WIND SPEED     5.3


SKY COVER
  POSSIBLE SUNSHINE  MM
  AVERAGE SKY COVER 0.4


WEATHER CONDITIONS
 THE FOLLOWING WEATHER WAS RECORDED YESTERDAY.
  LIGHT RAIN
  FOG
  FOG W/VISIBILITY <= 1/4 MILE


RELATIVE HUMIDITY (PERCENT)
 HIGHEST   100          1000 PM
 LOWEST     60          1100 AM
 AVERAGE    80

..........................................................


THE OTTUMWA IA CLIMATE NORMALS FOR TODAY
                         NORMAL    RECORD    YEAR
 MAXIMUM TEMPERATURE (F)   75        96      1948
 MINIMUM TEMPERATURE (F)   51        34      1991


SUNRISE AND SUNSET
SEPTEMBER 19 2017.....SUNRISE   655 AM CDT   SUNSET   712 PM CDT
SEPTEMBER 20 2017.....SUNRISE   656 AM CDT   SUNSET   710 PM CDT


-  INDICATES NEGATIVE NUMBERS.
R  INDICATES RECORD WAS SET OR TIED.
MM INDICATES DATA IS MISSING.
T  INDICATES TRACE AMOUNT.

$$

REV
