718
CDUS43 KDMX 050634 RRC
CLIOTM

CLIMATE REPORT
NATIONAL WEATHER SERVICE DES MOINES IA
1232 AM CST THU JAN 5 2017


...................................

...THE OTTUMWA IA CLIMATE SUMMARY FOR JANUARY 4 2017...

CLIMATE NORMAL PERIOD 1981 TO 2010
CLIMATE RECORD PERIOD 1920 TO 2017


WEATHER ITEM   OBSERVED TIME   RECORD YEAR NORMAL DEPARTURE LAST
                VALUE   (LST)  VALUE       VALUE  FROM      YEAR
                                                  NORMAL
..................................................................
TEMPERATURE (F)
 YESTERDAY
  MAXIMUM         17    315 PM  65    1939  32    -15       26
  MINIMUM          7    758 AM -28    1947  14     -7       12
  AVERAGE         12                        23    -11       19

PRECIPITATION (IN)
  YESTERDAY        T             0.82 1910   0.03  -0.03     0.00
  MONTH TO DATE    0.08                      0.13  -0.05     0.00
  SINCE DEC 1      1.45                      1.50  -0.05     4.03
  SINCE JAN 1      0.08                      0.13  -0.05     0.00

DEGREE DAYS
 HEATING
  YESTERDAY       53                        42     11       46
  MONTH TO DATE  160                       168     -8      171
  SINCE DEC 1   1316                      1375    -59     1017
  SINCE JUL 1   2100                      2673   -573     2028

 COOLING
  YESTERDAY        0                         0      0        0
  MONTH TO DATE    0                         0      0        0
  SINCE DEC 1      0                         0      0        0
  SINCE JAN 1      0                         0      0        0
..................................................................


WIND (MPH)
  HIGHEST WIND SPEED    23   HIGHEST WIND DIRECTION    NW (310)
  HIGHEST GUST SPEED    30   HIGHEST GUST DIRECTION    NW (310)
  AVERAGE WIND SPEED    13.9


SKY COVER
  POSSIBLE SUNSHINE  MM
  AVERAGE SKY COVER 0.3


WEATHER CONDITIONS
 THE FOLLOWING WEATHER WAS RECORDED YESTERDAY.
  LIGHT SNOW
  HAZE


RELATIVE HUMIDITY (PERCENT)
 HIGHEST    76           600 AM
 LOWEST     43           200 PM
 AVERAGE    60

..........................................................


THE OTTUMWA IA CLIMATE NORMALS FOR TODAY
                         NORMAL    RECORD    YEAR
 MAXIMUM TEMPERATURE (F)   32        65      2012
 MINIMUM TEMPERATURE (F)   14       -20      1924


SUNRISE AND SUNSET
JANUARY  5 2017.......SUNRISE   735 AM CST   SUNSET   456 PM CST
JANUARY  6 2017.......SUNRISE   735 AM CST   SUNSET   457 PM CST


-  INDICATES NEGATIVE NUMBERS.
R  INDICATES RECORD WAS SET OR TIED.
MM INDICATES DATA IS MISSING.
T  INDICATES TRACE AMOUNT.




$$
