000
CDUS43 KDMX 180630 RRA
CLIOTM

CLIMATE REPORT
NATIONAL WEATHER SERVICE DES MOINES IA
128 AM CDT THU JUN 18 2015

...................................

...THE OTTUMWA IA CLIMATE SUMMARY FOR JUNE 17 2015...

CLIMATE NORMAL PERIOD 1981 TO 2010
CLIMATE RECORD PERIOD 1920 TO 2015


WEATHER ITEM   OBSERVED TIME   RECORD YEAR NORMAL DEPARTURE LAST
                VALUE   (LST)  VALUE       VALUE  FROM      YEAR
                                                  NORMAL
..................................................................
TEMPERATURE (F)
 YESTERDAY
  MAXIMUM         82    522 PM  98    1936  82      0       87
  MINIMUM         64    749 AM  46    1960  61      3       64
  AVERAGE         73                        72      1       76

PRECIPITATION (IN)
  YESTERDAY        T             2.41 1935   0.16  -0.16     0.28
  MONTH TO DATE    3.86                      2.90   0.96     3.21
  SINCE JUN 1      3.86                      2.90   0.96     3.21
  SINCE JAN 1     12.77                     15.43  -2.66    16.32

DEGREE DAYS
 HEATING
  YESTERDAY        0                         0      0        0
  MONTH TO DATE   10                        19     -9        9
  SINCE JUN 1     10                        19     -9        9
  SINCE JUL 1   6379                      6315     64     7107

 COOLING
  YESTERDAY        8                         7      1       11
  MONTH TO DATE  113                        89     24       79
  SINCE JUN 1    113                        89     24       79
  SINCE JAN 1    174                       153     21      190
..................................................................


WIND (MPH)
  HIGHEST WIND SPEED    12   HIGHEST WIND DIRECTION     E (70)
  HIGHEST GUST SPEED    13   HIGHEST GUST DIRECTION    SW (220)
  AVERAGE WIND SPEED     5.9


SKY COVER
  POSSIBLE SUNSHINE  MM
  AVERAGE SKY COVER 0.5


WEATHER CONDITIONS
 THE FOLLOWING WEATHER WAS RECORDED YESTERDAY.
  FOG


RELATIVE HUMIDITY (PERCENT)
 HIGHEST   100           500 AM
 LOWEST     69           400 PM
 AVERAGE    85

..........................................................


THE OTTUMWA IA CLIMATE NORMALS FOR TODAY
                         NORMAL    RECORD    YEAR
 MAXIMUM TEMPERATURE (F)   82       101      1953
 MINIMUM TEMPERATURE (F)   62        47      1920


SUNRISE AND SUNSET
JUNE 18 2015..........SUNRISE   537 AM CDT   SUNSET   845 PM CDT
JUNE 19 2015..........SUNRISE   537 AM CDT   SUNSET   845 PM CDT


-  INDICATES NEGATIVE NUMBERS.
R  INDICATES RECORD WAS SET OR TIED.
MM INDICATES DATA IS MISSING.
T  INDICATES TRACE AMOUNT.

$$

REV
