000
CDUS43 KDMX 080637
CLIOTM

CLIMATE REPORT
NATIONAL WEATHER SERVICE DES MOINES IA
133 AM CDT MON AUG 8 2016


...................................

...THE OTTUMWA IA CLIMATE SUMMARY FOR AUGUST 7 2016...

CLIMATE NORMAL PERIOD 1981 TO 2010
CLIMATE RECORD PERIOD 1920 TO 2016


WEATHER ITEM   OBSERVED TIME   RECORD YEAR NORMAL DEPARTURE LAST
                VALUE   (LST)  VALUE       VALUE  FROM      YEAR
                                                  NORMAL
..................................................................
TEMPERATURE (F)
 YESTERDAY
  MAXIMUM         79    144 PM 107    1934  85     -6       88
  MINIMUM         61    408 AM  49    1989  64     -3       64
  AVERAGE         70                        74     -4       76

PRECIPITATION (IN)
  YESTERDAY        T             1.48 1977   0.15  -0.15     0.00
  MONTH TO DATE    1.08                      1.00   0.08     0.01
  SINCE JUN 1      7.55                     10.56  -3.01    14.55
  SINCE JAN 1     15.59                     23.09  -7.50    24.42

DEGREE DAYS
 HEATING
  YESTERDAY        0                         0      0        0
  MONTH TO DATE    0                         0      0        0
  SINCE JUN 1      8                        23    -15       16
  SINCE JUL 1      7                         2      5        6

 COOLING
  YESTERDAY        5                         9     -4       11
  MONTH TO DATE   62                        65     -3       59
  SINCE JUN 1    610                       580     30      539
  SINCE JAN 1    681                       644     37      600
..................................................................


WIND (MPH)
  HIGHEST WIND SPEED    13   HIGHEST WIND DIRECTION     E (100)
  HIGHEST GUST SPEED    18   HIGHEST GUST DIRECTION     E (70)
  AVERAGE WIND SPEED     3.8


SKY COVER
  POSSIBLE SUNSHINE  MM
  AVERAGE SKY COVER 0.3


WEATHER CONDITIONS
 THE FOLLOWING WEATHER WAS RECORDED YESTERDAY.
  LIGHT RAIN


RELATIVE HUMIDITY (PERCENT)
 HIGHEST    90           100 AM
 LOWEST     54           200 PM
 AVERAGE    72

..........................................................


THE OTTUMWA IA CLIMATE NORMALS FOR TODAY
                         NORMAL    RECORD    YEAR
 MAXIMUM TEMPERATURE (F)   85       115      1934
 MINIMUM TEMPERATURE (F)   64        48      1903


SUNRISE AND SUNSET
AUGUST  8 2016........SUNRISE   613 AM CDT   SUNSET   817 PM CDT
AUGUST  9 2016........SUNRISE   614 AM CDT   SUNSET   816 PM CDT


-  INDICATES NEGATIVE NUMBERS.
R  INDICATES RECORD WAS SET OR TIED.
MM INDICATES DATA IS MISSING.
T  INDICATES TRACE AMOUNT.

$$
