000
CDUS43 KDMX 070639
CLIOTM

CLIMATE REPORT
NATIONAL WEATHER SERVICE DES MOINES IA
134 AM CDT THU MAY 7 2015


...................................

...THE OTTUMWA IA CLIMATE SUMMARY FOR MAY 6 2015...

CLIMATE NORMAL PERIOD 1981 TO 2010
CLIMATE RECORD PERIOD 1920 TO 2015


WEATHER ITEM   OBSERVED TIME   RECORD YEAR NORMAL DEPARTURE LAST
                VALUE   (LST)  VALUE       VALUE  FROM      YEAR
                                                  NORMAL
..................................................................
TEMPERATURE (F)
 YESTERDAY
  MAXIMUM         80   1236 PM  97    1934  69     11       77
  MINIMUM         60    511 AM  30    2006  47     13       46
  AVERAGE         70                        58     12       62

PRECIPITATION (IN)
  YESTERDAY        T             2.47 1960   0.15  -0.15     0.00
  MONTH TO DATE    1.17                      0.86   0.31     0.02
  SINCE MAR 1      4.17                      6.50  -2.33     6.12
  SINCE JAN 1      5.33                      8.68  -3.35     8.93

DEGREE DAYS
 HEATING
  YESTERDAY        0                         8     -8        3
  MONTH TO DATE   13                        50    -37       56
  SINCE MAR 1   1129                      1295   -166     1482
  SINCE JUL 1   6260                      6180     80     6995

 COOLING
  YESTERDAY        5                         1      4        0
  MONTH TO DATE   19                         6     13        0
  SINCE MAR 1     20                        17      3        8
  SINCE JAN 1     20                        17      3        8
..................................................................


WIND (MPH)
  HIGHEST WIND SPEED    28   HIGHEST WIND DIRECTION     S (180)
  HIGHEST GUST SPEED    34   HIGHEST GUST DIRECTION    SW (240)
  AVERAGE WIND SPEED    13.2


SKY COVER
  POSSIBLE SUNSHINE  MM
  AVERAGE SKY COVER 0.4


WEATHER CONDITIONS
 THE FOLLOWING WEATHER WAS RECORDED YESTERDAY.
  LIGHT RAIN
  FOG


RELATIVE HUMIDITY (PERCENT)
 HIGHEST   100           300 AM
 LOWEST     50          1000 AM
 AVERAGE    75

..........................................................


THE OTTUMWA IA CLIMATE NORMALS FOR TODAY
                         NORMAL    RECORD    YEAR
 MAXIMUM TEMPERATURE (F)   69        95      1934
 MINIMUM TEMPERATURE (F)   47        26      1931


SUNRISE AND SUNSET
MAY  7 2015...........SUNRISE   600 AM CDT   SUNSET   813 PM CDT
MAY  8 2015...........SUNRISE   559 AM CDT   SUNSET   814 PM CDT


-  INDICATES NEGATIVE NUMBERS.
R  INDICATES RECORD WAS SET OR TIED.
MM INDICATES DATA IS MISSING.
T  INDICATES TRACE AMOUNT.




$$
