000
CDUS43 KDMX 100640 RRC
CLIOTM

CLIMATE REPORT
NATIONAL WEATHER SERVICE DES MOINES IA
1235 AM CST TUE FEB 10 2015


...................................

...THE OTTUMWA IA CLIMATE SUMMARY FOR FEBRUARY 9 2015...

CLIMATE NORMAL PERIOD 1981 TO 2010
CLIMATE RECORD PERIOD 1920 TO 2015


WEATHER ITEM   OBSERVED TIME   RECORD YEAR NORMAL DEPARTURE LAST
                VALUE   (LST)  VALUE       VALUE  FROM      YEAR
                                                  NORMAL
..................................................................
TEMPERATURE (F)
 YESTERDAY
  MAXIMUM         33   1238 AM  68    1943  34     -1       17
  MINIMUM         22   1159 PM -23    1899  16      6       -2
  AVERAGE         28                        25      3        8

PRECIPITATION (IN)
  YESTERDAY        0.00          0.77 2001   0.04  -0.04      T
  MONTH TO DATE    0.21                      0.30  -0.09     0.70
  SINCE DEC 1      2.13                      2.57  -0.44     1.80
  SINCE JAN 1      1.15                      1.20  -0.05     1.14

DEGREE DAYS
 HEATING
  YESTERDAY       37                        40     -3       57
  MONTH TO DATE  401                       367     34      504
  SINCE DEC 1   2680                      2891   -211     3339
  SINCE JUL 1   4188                      4189     -1     4669

 COOLING
  YESTERDAY        0                         0      0        0
  MONTH TO DATE    0                         0      0        0
  SINCE DEC 1      0                         0      0        0
  SINCE JAN 1      0                         0      0        0
..................................................................


WIND (MPH)
  HIGHEST WIND SPEED    15   HIGHEST WIND DIRECTION    NE (30)
  HIGHEST GUST SPEED    18   HIGHEST GUST DIRECTION    NE (30)
  AVERAGE WIND SPEED     7.7


SKY COVER
  POSSIBLE SUNSHINE  MM
  AVERAGE SKY COVER 0.9


WEATHER CONDITIONS
 THE FOLLOWING WEATHER WAS RECORDED YESTERDAY.
  FOG
  HAZE


RELATIVE HUMIDITY (PERCENT)
 HIGHEST    92           100 AM
 LOWEST     69          1200 PM
 AVERAGE    81

..........................................................


THE OTTUMWA IA CLIMATE NORMALS FOR TODAY
                         NORMAL    RECORD    YEAR
 MAXIMUM TEMPERATURE (F)   35        68      1943
 MINIMUM TEMPERATURE (F)   16       -13      2014


SUNRISE AND SUNSET
FEBRUARY 10 2015......SUNRISE   711 AM CST   SUNSET   538 PM CST
FEBRUARY 11 2015......SUNRISE   710 AM CST   SUNSET   539 PM CST


-  INDICATES NEGATIVE NUMBERS.
R  INDICATES RECORD WAS SET OR TIED.
MM INDICATES DATA IS MISSING.
T  INDICATES TRACE AMOUNT.




$$
