000
CDUS43 KDMX 140723 RRB
CLIOTM

CLIMATE REPORT
NATIONAL WEATHER SERVICE DES MOINES IA
221 AM CDT FRI AUG 14 2015

...................................

...THE OTTUMWA IA CLIMATE SUMMARY FOR AUGUST 13 2015...

CLIMATE NORMAL PERIOD 1981 TO 2010
CLIMATE RECORD PERIOD 1920 TO 2015


WEATHER ITEM   OBSERVED TIME   RECORD YEAR NORMAL DEPARTURE LAST
                VALUE   (LST)  VALUE       VALUE  FROM      YEAR
                                                  NORMAL
..................................................................
TEMPERATURE (F)
 YESTERDAY
  MAXIMUM         85    246 PM 106    1936  84      1       81
  MINIMUM         60    521 AM  48    2004  63     -3       53
                                      1964
  AVERAGE         73                        74     -1       67

PRECIPITATION (IN)
  YESTERDAY        0.00          2.35 1974   0.15  -0.15     0.00
  MONTH TO DATE    0.25                      1.89  -1.64     0.75
  SINCE JUN 1     14.80                     11.45   3.35    14.02
  SINCE JAN 1     23.71                     23.98  -0.27    27.13

DEGREE DAYS
 HEATING
  YESTERDAY        0                         0      0        0
  MONTH TO DATE    0                         0      0        0
  SINCE JUN 1     16                        23     -7       22
  SINCE JUL 1      6                         2      4       13

 COOLING
  YESTERDAY        8                         9     -1        2
  MONTH TO DATE  108                       119    -11       72
  SINCE JUN 1    588                       634    -46      450
  SINCE JAN 1    649                       698    -49      561
..................................................................


WIND (MPH)
  HIGHEST WIND SPEED    15   HIGHEST WIND DIRECTION     W (250)
  HIGHEST GUST SPEED    17   HIGHEST GUST DIRECTION     W (250)
  AVERAGE WIND SPEED     6.9


SKY COVER
  POSSIBLE SUNSHINE  MM
  AVERAGE SKY COVER 0.0


WEATHER CONDITIONS
 THE FOLLOWING WEATHER WAS RECORDED YESTERDAY.
  LIGHT RAIN
  FOG


RELATIVE HUMIDITY (PERCENT)
 HIGHEST   100          1200 AM
 LOWEST     55           300 PM
 AVERAGE    78

..........................................................


THE OTTUMWA IA CLIMATE NORMALS FOR TODAY
                         NORMAL    RECORD    YEAR
 MAXIMUM TEMPERATURE (F)   84       109      1936
 MINIMUM TEMPERATURE (F)   63        47      2013


SUNRISE AND SUNSET
AUGUST 14 2015........SUNRISE   618 AM CDT   SUNSET   810 PM CDT
AUGUST 15 2015........SUNRISE   619 AM CDT   SUNSET   809 PM CDT


-  INDICATES NEGATIVE NUMBERS.
R  INDICATES RECORD WAS SET OR TIED.
MM INDICATES DATA IS MISSING.
T  INDICATES TRACE AMOUNT.




$$
