000
CDUS43 KDMX 190726
CLIOTM

CLIMATE REPORT
NATIONAL WEATHER SERVICE DES MOINES IA
155 AM CDT WED JUL 19 2017

...................................

...THE OTTUMWA IA CLIMATE SUMMARY FOR JULY 18 2017...

CLIMATE NORMAL PERIOD 1981 TO 2010
CLIMATE RECORD PERIOD 1920 TO 2017

WEATHER ITEM   OBSERVED TIME   RECORD YEAR NORMAL DEPARTURE LAST
                VALUE   (LST)  VALUE       VALUE  FROM      YEAR
                                                  NORMAL
..................................................................
TEMPERATURE (F)
 YESTERDAY
  MAXIMUM         94    218 PM 103    2012  86      8       82
  MINIMUM         69    206 AM  51    2009  65      4       68
  AVERAGE         82                        75      7       75

PRECIPITATION (IN)
  YESTERDAY        0.00          3.81 1902   0.14  -0.14     0.44
  MONTH TO DATE    0.39                      2.73  -2.34     3.65
  SINCE JUN 1      1.36                      7.82  -6.46     6.23
  SINCE JAN 1     13.82                     20.35  -6.53    15.14

DEGREE DAYS
 HEATING
  YESTERDAY        0                         0      0        0
  MONTH TO DATE    0                         0      0        7
  SINCE JUN 1     10                        21    -11        8
  SINCE JUL 1      0                         0      0        7

 COOLING
  YESTERDAY       17                        10      7       10
  MONTH TO DATE  240                       180     60      134
  SINCE JUN 1    509                       381    128      408
  SINCE JAN 1    570                       445    125      479
..................................................................

WIND (MPH)
  HIGHEST WIND SPEED    22   HIGHEST WIND DIRECTION     W (250)
  HIGHEST GUST SPEED    33   HIGHEST GUST DIRECTION    SW (240)
  AVERAGE WIND SPEED     7.1

SKY COVER
  POSSIBLE SUNSHINE  MM
  AVERAGE SKY COVER 0.1

WEATHER CONDITIONS
 THE FOLLOWING WEATHER WAS RECORDED YESTERDAY.
  NO SIGNIFICANT WEATHER WAS OBSERVED.

RELATIVE HUMIDITY (PERCENT)
 HIGHEST    97           600 AM
 LOWEST     36           200 PM
 AVERAGE    67
..........................................................

THE OTTUMWA IA CLIMATE NORMALS FOR TODAY
                         NORMAL    RECORD    YEAR
 MAXIMUM TEMPERATURE (F)   86       110      1934
 MINIMUM TEMPERATURE (F)   65        53      1910

SUNRISE AND SUNSET
JULY 19 2017..........SUNRISE   554 AM CDT   SUNSET   838 PM CDT
JULY 20 2017..........SUNRISE   555 AM CDT   SUNSET   837 PM CDT

-  INDICATES NEGATIVE NUMBERS.
R  INDICATES RECORD WAS SET OR TIED.
MM INDICATES DATA IS MISSING.
T  INDICATES TRACE AMOUNT.

$$

FAB
