000
CDUS43 KDMX 260653
CLIOTM

CLIMATE REPORT
NATIONAL WEATHER SERVICE DES MOINES IA
1253 AM CST TUE JAN 26 2016

...................................

...THE OTTUMWA IA CLIMATE SUMMARY FOR JANUARY 25 2016...

CLIMATE NORMAL PERIOD 1981 TO 2010
CLIMATE RECORD PERIOD 1920 TO 2016


WEATHER ITEM   OBSERVED TIME   RECORD YEAR NORMAL DEPARTURE LAST
                VALUE   (LST)  VALUE       VALUE  FROM      YEAR
                                                  NORMAL
..................................................................
TEMPERATURE (F)
 YESTERDAY
  MAXIMUM         36   1244 PM  60    1981  32      4       41
  MINIMUM         26   1159 PM -18    1897  13     13       28
  AVERAGE         31                        22      9       35

PRECIPITATION (IN)
  YESTERDAY        T             1.30 1898   0.02  -0.02     0.27
  MONTH TO DATE    0.02                      0.74  -0.72     0.67
  SINCE DEC 1      4.05                      2.11   1.94     1.65
  SINCE JAN 1      0.02                      0.74  -0.72     0.67

DEGREE DAYS
 HEATING
  YESTERDAY       34                        42     -8       30
  MONTH TO DATE 1087                      1068     19     1041
  SINCE DEC 1   1933                      2275   -342     2084
  SINCE JUL 1   2944                      3573   -629     3592

 COOLING
  YESTERDAY        0                         0      0        0
  MONTH TO DATE    0                         0      0        0
  SINCE DEC 1      0                         0      0        0
  SINCE JAN 1      0                         0      0        0
..................................................................


WIND (MPH)
  HIGHEST WIND SPEED    24   HIGHEST WIND DIRECTION    NW (300)
  HIGHEST GUST SPEED    32   HIGHEST GUST DIRECTION    NW (300)
  AVERAGE WIND SPEED    10.8


SKY COVER
  POSSIBLE SUNSHINE  MM
  AVERAGE SKY COVER 0.6


WEATHER CONDITIONS
 THE FOLLOWING WEATHER WAS RECORDED YESTERDAY.
  LIGHT RAIN
  LIGHT SNOW
  FOG


RELATIVE HUMIDITY (PERCENT)
 HIGHEST   100           400 PM
 LOWEST     75          1100 PM
 AVERAGE    88

..........................................................


THE OTTUMWA IA CLIMATE NORMALS FOR TODAY
                         NORMAL    RECORD    YEAR
 MAXIMUM TEMPERATURE (F)   32        65      2002
 MINIMUM TEMPERATURE (F)   13       -14      1936


SUNRISE AND SUNSET
JANUARY 26 2016.......SUNRISE   726 AM CST   SUNSET   519 PM CST
JANUARY 27 2016.......SUNRISE   725 AM CST   SUNSET   520 PM CST


-  INDICATES NEGATIVE NUMBERS.
R  INDICATES RECORD WAS SET OR TIED.
MM INDICATES DATA IS MISSING.
T  INDICATES TRACE AMOUNT.

$$

SMALL
