000
CDUS43 KDMX 140631 RRA
CLIOTM

CLIMATE REPORT
NATIONAL WEATHER SERVICE DES MOINES IA
128 AM CDT THU AUG 14 2014

...................................

...THE OTTUMWA IA CLIMATE SUMMARY FOR AUGUST 13 2014...

CLIMATE NORMAL PERIOD 1981 TO 2010
CLIMATE RECORD PERIOD 1920 TO 2014


WEATHER ITEM   OBSERVED TIME   RECORD YEAR NORMAL DEPARTURE LAST
                VALUE   (LST)  VALUE       VALUE  FROM      YEAR
                                                  NORMAL
..................................................................
TEMPERATURE (F)
 YESTERDAY
  MAXIMUM         81    432 PM 106    1936  84     -3       77
  MINIMUM         53    512 AM  48    2004  63    -10       56
                                      1964
  AVERAGE         67                        74     -7       67

PRECIPITATION (IN)
  YESTERDAY        0.00          2.35 1974   0.15  -0.15     0.00
  MONTH TO DATE    0.75                      1.89  -1.14     0.96
  SINCE JUN 1     14.02                     11.45   2.57     4.79
  SINCE JAN 1     24.86                     23.98   0.88    29.11

DEGREE DAYS
 HEATING
  YESTERDAY        0                         0      0        0
  MONTH TO DATE    0                         0      0        0
  SINCE JUN 1     22                        23     -1       36
  SINCE JUL 1     13                         2     11       10

 COOLING
  YESTERDAY        2                         9     -7        2
  MONTH TO DATE   72                       119    -47       85
  SINCE JUN 1    450                       634   -184      549
  SINCE JAN 1    561                       698   -137      626
..................................................................


WIND (MPH)
  HIGHEST WIND SPEED    13   HIGHEST WIND DIRECTION    NW (310)
  HIGHEST GUST SPEED    15   HIGHEST GUST DIRECTION    NW (310)
  AVERAGE WIND SPEED     3.9


SKY COVER
  POSSIBLE SUNSHINE  MM
  AVERAGE SKY COVER 0.1


WEATHER CONDITIONS
 THE FOLLOWING WEATHER WAS RECORDED YESTERDAY.
  FOG


RELATIVE HUMIDITY (PERCENT)
 HIGHEST   100           500 AM
 LOWEST     45           200 PM
 AVERAGE    73

..........................................................


THE OTTUMWA IA CLIMATE NORMALS FOR TODAY
                         NORMAL    RECORD    YEAR
 MAXIMUM TEMPERATURE (F)   84       109      1936
 MINIMUM TEMPERATURE (F)   63        47      2013


SUNRISE AND SUNSET
AUGUST 14 2014........SUNRISE   618 AM CDT   SUNSET   810 PM CDT
AUGUST 15 2014........SUNRISE   619 AM CDT   SUNSET   808 PM CDT


-  INDICATES NEGATIVE NUMBERS.
R  INDICATES RECORD WAS SET OR TIED.
MM INDICATES DATA IS MISSING.
T  INDICATES TRACE AMOUNT.

$$

REV
