352
CDUS43 KDMX 070759
CLIOTM

CLIMATE REPORT
NATIONAL WEATHER SERVICE DES MOINES IA
141 AM CDT THU JUL 7 2016

...................................

...THE OTTUMWA IA CLIMATE SUMMARY FOR JULY 6 2016...

CLIMATE NORMAL PERIOD 1981 TO 2010
CLIMATE RECORD PERIOD 1920 TO 2016

WEATHER ITEM   OBSERVED TIME   RECORD YEAR NORMAL DEPARTURE LAST
                VALUE   (LST)  VALUE       VALUE  FROM      YEAR
                                                  NORMAL
..................................................................
TEMPERATURE (F)
 YESTERDAY
  MAXIMUM         83    454 PM 104    1936  86     -3       81
  MINIMUM         69    851 AM  52    2006  65      4       65
  AVERAGE         76                        75      1       73

PRECIPITATION (IN)
  YESTERDAY        0.34          2.93 1998   0.16   0.18     1.38
  MONTH TO DATE    0.47                      0.96  -0.49     1.38
  SINCE JUN 1      3.05                      6.05  -3.00     9.16
  SINCE JAN 1     11.09                     18.58  -7.49    19.03

DEGREE DAYS
 HEATING
  YESTERDAY        0                         0      0        0
  MONTH TO DATE    7                         0      7        0
  SINCE JUN 1      8                        21    -13       10
  SINCE JUL 1      7                         0      7        0

 COOLING
  YESTERDAY       11                        10      1        8
  MONTH TO DATE   29                        60    -31       27
  SINCE JUN 1    303                       261     42      231
  SINCE JAN 1    374                       325     49      292
..................................................................

WIND (MPH)
  HIGHEST WIND SPEED    28   HIGHEST WIND DIRECTION    NW (310)
  HIGHEST GUST SPEED    37   HIGHEST GUST DIRECTION    NW (310)
  AVERAGE WIND SPEED     8.4

SKY COVER
  POSSIBLE SUNSHINE  MM
  AVERAGE SKY COVER 0.3

WEATHER CONDITIONS
 THE FOLLOWING WEATHER WAS RECORDED YESTERDAY.
  THUNDERSTORM
  HEAVY RAIN
  LIGHT RAIN
  FOG

RELATIVE HUMIDITY (PERCENT)
 HIGHEST    93           900 PM
 LOWEST     65           600 PM
 AVERAGE    79
..........................................................

THE OTTUMWA IA CLIMATE NORMALS FOR TODAY
                         NORMAL    RECORD    YEAR
 MAXIMUM TEMPERATURE (F)   86       104      1936
 MINIMUM TEMPERATURE (F)   65        48      1934

SUNRISE AND SUNSET
JULY  7 2016..........SUNRISE   545 AM CDT   SUNSET   844 PM CDT
JULY  8 2016..........SUNRISE   546 AM CDT   SUNSET   844 PM CDT

-  INDICATES NEGATIVE NUMBERS.
R  INDICATES RECORD WAS SET OR TIED.
MM INDICATES DATA IS MISSING.
T  INDICATES TRACE AMOUNT.

$$

FAB
