000
CDUS43 KDMX 140630 RRB
CLIOTM

CLIMATE REPORT
NATIONAL WEATHER SERVICE DES MOINES IA
129 AM CDT SUN JUN 14 2015


...................................

...THE OTTUMWA IA CLIMATE SUMMARY FOR JUNE 13 2015...

CLIMATE NORMAL PERIOD 1981 TO 2010
CLIMATE RECORD PERIOD 1920 TO 2015


WEATHER ITEM   OBSERVED TIME   RECORD YEAR NORMAL DEPARTURE LAST
                VALUE   (LST)  VALUE       VALUE  FROM      YEAR
                                                  NORMAL
..................................................................
TEMPERATURE (F)
 YESTERDAY
  MAXIMUM         75    701 PM  98    1987  81     -6       75
  MINIMUM         64    400 AM  44    1933  60      4       45
  AVERAGE         70                        70      0       60

PRECIPITATION (IN)
  YESTERDAY        0.17          1.98 1926   0.18  -0.01     0.00
  MONTH TO DATE    1.77                      2.23  -0.46     2.93
  SINCE JUN 1      1.77                      2.23  -0.46     2.93
  SINCE JAN 1     10.68                     14.76  -4.08    16.04

DEGREE DAYS
 HEATING
  YESTERDAY        0                         1     -1        5
  MONTH TO DATE   10                        17     -7        9
  SINCE JUN 1     10                        17     -7        9
  SINCE JUL 1   6379                      6313     66     7107

 COOLING
  YESTERDAY        5                         6     -1        0
  MONTH TO DATE   82                        62     20       47
  SINCE JUN 1     82                        62     20       47
  SINCE JAN 1    143                       126     17      158
..................................................................


WIND (MPH)
  HIGHEST WIND SPEED     8   HIGHEST WIND DIRECTION     S (160)
  HIGHEST GUST SPEED    10   HIGHEST GUST DIRECTION     S (200)
  AVERAGE WIND SPEED     2.3


SKY COVER
  POSSIBLE SUNSHINE  MM
  AVERAGE SKY COVER 0.8


WEATHER CONDITIONS
 THE FOLLOWING WEATHER WAS RECORDED YESTERDAY.
  RAIN
  LIGHT RAIN
  FOG
  FOG W/VISIBILITY <= 1/4 MILE


RELATIVE HUMIDITY (PERCENT)
 HIGHEST   100          1200 AM
 LOWEST     82           200 PM
 AVERAGE    91

..........................................................


THE OTTUMWA IA CLIMATE NORMALS FOR TODAY
                         NORMAL    RECORD    YEAR
 MAXIMUM TEMPERATURE (F)   81        99      1987
 MINIMUM TEMPERATURE (F)   60        41      1933


SUNRISE AND SUNSET
JUNE 14 2015..........SUNRISE   537 AM CDT   SUNSET   844 PM CDT
JUNE 15 2015..........SUNRISE   537 AM CDT   SUNSET   844 PM CDT


-  INDICATES NEGATIVE NUMBERS.
R  INDICATES RECORD WAS SET OR TIED.
MM INDICATES DATA IS MISSING.
T  INDICATES TRACE AMOUNT.




$$

PODIUM
