000
CDUS43 KDMX 230630 RRA
CLIOTM

CLIMATE REPORT
NATIONAL WEATHER SERVICE DES MOINES IA
127 AM CDT MON OCT 23 2017


...................................

...THE OTTUMWA IA CLIMATE SUMMARY FOR OCTOBER 22 2017...

CLIMATE NORMAL PERIOD 1981 TO 2010
CLIMATE RECORD PERIOD 1920 TO 2017


WEATHER ITEM   OBSERVED TIME   RECORD YEAR NORMAL DEPARTURE LAST
                VALUE   (LST)  VALUE       VALUE  FROM      YEAR
                                                  NORMAL
..................................................................
TEMPERATURE (F)
 YESTERDAY
  MAXIMUM         59    255 PM  86    1940  61     -2       70
  MINIMUM         44   1149 PM  22    1976  40      4       42
  AVERAGE         52                        50      2       56

PRECIPITATION (IN)
  YESTERDAY        0.36          2.88 2001   0.09   0.27     0.00
  MONTH TO DATE    2.85                      2.02   0.83     0.89
  SINCE SEP 1      6.52                      5.81   0.71     1.90
  SINCE JAN 1     22.36                     32.51 -10.15    23.09

DEGREE DAYS
 HEATING
  YESTERDAY       13                        15     -2        9
  MONTH TO DATE  107                       252   -145      148
  SINCE SEP 1    144                       362   -218      181
  SINCE JUL 1    144                       373   -229      188

 COOLING
  YESTERDAY        0                         0      0        0
  MONTH TO DATE   26                         9     17       42
  SINCE SEP 1    195                       102     93      215
  SINCE JAN 1   1120                       936    184     1114
..................................................................


WIND (MPH)
  HIGHEST WIND SPEED    20   HIGHEST WIND DIRECTION    NW (330)
  HIGHEST GUST SPEED    24   HIGHEST GUST DIRECTION    NW (330)
  AVERAGE WIND SPEED     6.7


SKY COVER
  POSSIBLE SUNSHINE  MM
  AVERAGE SKY COVER 0.6


WEATHER CONDITIONS
 THE FOLLOWING WEATHER WAS RECORDED YESTERDAY.
  RAIN
  LIGHT RAIN
  FOG


RELATIVE HUMIDITY (PERCENT)
 HIGHEST   100           600 AM
 LOWEST     67           200 PM
 AVERAGE    84

..........................................................


THE OTTUMWA IA CLIMATE NORMALS FOR TODAY
                         NORMAL    RECORD    YEAR
 MAXIMUM TEMPERATURE (F)   61        83      1963
 MINIMUM TEMPERATURE (F)   39        21      1936


SUNRISE AND SUNSET
OCTOBER 23 2017.......SUNRISE   731 AM CDT   SUNSET   617 PM CDT
OCTOBER 24 2017.......SUNRISE   732 AM CDT   SUNSET   615 PM CDT


-  INDICATES NEGATIVE NUMBERS.
R  INDICATES RECORD WAS SET OR TIED.
MM INDICATES DATA IS MISSING.
T  INDICATES TRACE AMOUNT.




$$
