000
CDUS43 KDMX 250628 RRA
CLIOTM

CLIMATE REPORT
NATIONAL WEATHER SERVICE DES MOINES IA
126 AM CDT FRI AUG 25 2017

...................................

...THE OTTUMWA IA CLIMATE SUMMARY FOR AUGUST 24 2017...

CLIMATE NORMAL PERIOD 1981 TO 2010
CLIMATE RECORD PERIOD 1920 TO 2017


WEATHER ITEM   OBSERVED TIME   RECORD YEAR NORMAL DEPARTURE LAST
                VALUE   (LST)  VALUE       VALUE  FROM      YEAR
                                                  NORMAL
..................................................................
TEMPERATURE (F)
 YESTERDAY
  MAXIMUM         80    301 PM 107    1936  83     -3       85
  MINIMUM         59    557 AM  43    1942  61     -2       66
  AVERAGE         70                        72     -2       76

PRECIPITATION (IN)
  YESTERDAY        T             1.62 1962   0.15  -0.15     0.36
  MONTH TO DATE    1.77                      3.59  -1.82     3.31
  SINCE JUN 1      3.38                     13.15  -9.77     9.78
  SINCE JAN 1     15.84                     25.68  -9.84    18.69

DEGREE DAYS
 HEATING
  YESTERDAY        0                         0      0        0
  MONTH TO DATE    0                         0      0        0
  SINCE JUN 1     10                        23    -13        8
  SINCE JUL 1      0                         2     -2        7

 COOLING
  YESTERDAY        5                         7     -2       11
  MONTH TO DATE  157                       208    -51      221
  SINCE JUN 1    841                       723    118      769
  SINCE JAN 1    902                       787    115      840
..................................................................


WIND (MPH)
  HIGHEST WIND SPEED    12   HIGHEST WIND DIRECTION     E (90)
  HIGHEST GUST SPEED    15   HIGHEST GUST DIRECTION    SE (130)
  AVERAGE WIND SPEED     5.2


SKY COVER
  POSSIBLE SUNSHINE  MM
  AVERAGE SKY COVER 0.5


WEATHER CONDITIONS
 THE FOLLOWING WEATHER WAS RECORDED YESTERDAY.
  LIGHT RAIN
  HAZE


RELATIVE HUMIDITY (PERCENT)
 HIGHEST    93           600 AM
 LOWEST     42           200 PM
 AVERAGE    68

..........................................................


THE OTTUMWA IA CLIMATE NORMALS FOR TODAY
                         NORMAL    RECORD    YEAR
 MAXIMUM TEMPERATURE (F)   83       106      1936
 MINIMUM TEMPERATURE (F)   61        42      1934


SUNRISE AND SUNSET
AUGUST 25 2017........SUNRISE   630 AM CDT   SUNSET   753 PM CDT
AUGUST 26 2017........SUNRISE   631 AM CDT   SUNSET   751 PM CDT


-  INDICATES NEGATIVE NUMBERS.
R  INDICATES RECORD WAS SET OR TIED.
MM INDICATES DATA IS MISSING.
T  INDICATES TRACE AMOUNT.

$$

REV
