386
CDUS43 KDMX 170912
CLIOTM

CLIMATE REPORT
NATIONAL WEATHER SERVICE DES MOINES IA
239 AM CST THU NOV 17 2016

...................................

...THE OTTUMWA IA CLIMATE SUMMARY FOR NOVEMBER 16 2016...

CLIMATE NORMAL PERIOD 1981 TO 2010
CLIMATE RECORD PERIOD 1920 TO 2016

WEATHER ITEM   OBSERVED TIME   RECORD YEAR NORMAL DEPARTURE LAST
                VALUE   (LST)  VALUE       VALUE  FROM      YEAR
                                                  NORMAL
..................................................................
TEMPERATURE (F)
 YESTERDAY
  MAXIMUM         67    258 PM  77    1931  49     18       55
  MINIMUM         34    736 AM   1    1959  30      4       47
  AVERAGE         51                        39     12       51

PRECIPITATION (IN)
  YESTERDAY        0.00          1.53 2009   0.08  -0.08     0.13
  MONTH TO DATE    0.09                      1.38  -1.29     1.14
  SINCE SEP 1      2.11                      8.00  -5.89     6.80
  SINCE JAN 1     23.30                     34.70 -11.40    32.51

DEGREE DAYS
 HEATING
  YESTERDAY       14                        26    -12       14
  MONTH TO DATE  201                       353   -152      230
  SINCE SEP 1    451                       866   -415      621
  SINCE JUL 1    458                       877   -419      643

 COOLING
  YESTERDAY        0                         0      0        0
  MONTH TO DATE    3                         0      3        0
  SINCE SEP 1    221                       104    117      205
  SINCE JAN 1   1120                       938    182      933
..................................................................

WIND (MPH)
  HIGHEST WIND SPEED    25   HIGHEST WIND DIRECTION     S (170)
  HIGHEST GUST SPEED    35   HIGHEST GUST DIRECTION     S (180)
  AVERAGE WIND SPEED    10.4

SKY COVER
  POSSIBLE SUNSHINE  MM
  AVERAGE SKY COVER 0.0

WEATHER CONDITIONS
 THE FOLLOWING WEATHER WAS RECORDED YESTERDAY.
  FOG
  FOG W/VISIBILITY <= 1/4 MILE

RELATIVE HUMIDITY (PERCENT)
 HIGHEST   100           800 AM
 LOWEST     37           200 PM
 AVERAGE    69
..........................................................

THE OTTUMWA IA CLIMATE NORMALS FOR TODAY
                         NORMAL    RECORD    YEAR
 MAXIMUM TEMPERATURE (F)   48        78      1941
 MINIMUM TEMPERATURE (F)   29        -1      1959

SUNRISE AND SUNSET
NOVEMBER 17 2016......SUNRISE   700 AM CST   SUNSET   449 PM CST
NOVEMBER 18 2016......SUNRISE   702 AM CST   SUNSET   448 PM CST

-  INDICATES NEGATIVE NUMBERS.
R  INDICATES RECORD WAS SET OR TIED.
MM INDICATES DATA IS MISSING.
T  INDICATES TRACE AMOUNT.

$$

FAB
