000
CDUS43 KDMX 140631
CLIOTM

CLIMATE REPORT
NATIONAL WEATHER SERVICE DES MOINES IA
129 AM CDT MON JUL 14 2014


...................................

...THE OTTUMWA IA CLIMATE SUMMARY FOR JULY 13 2014...

CLIMATE NORMAL PERIOD 1981 TO 2010
CLIMATE RECORD PERIOD 1920 TO 2014


WEATHER ITEM   OBSERVED TIME   RECORD YEAR NORMAL DEPARTURE LAST
                VALUE   (LST)  VALUE       VALUE  FROM      YEAR
                                                  NORMAL
..................................................................
TEMPERATURE (F)
 YESTERDAY
  MAXIMUM         85    435 PM 112    1936  86     -1       77
  MINIMUM         65    512 AM  47    1940  65      0       61
  AVERAGE         75                        75      0       69

PRECIPITATION (IN)
  YESTERDAY        0.00          1.96 1992   0.15  -0.15     0.00
  MONTH TO DATE    2.98                      1.99   0.99      T
  SINCE JUN 1     11.00                      7.08   3.92     2.39
  SINCE JAN 1     21.84                     19.61   2.23    26.71

DEGREE DAYS
 HEATING
  YESTERDAY        0                         0      0        0
  MONTH TO DATE    7                         0      7        0
  SINCE JUN 1     16                        21     -5       26
  SINCE JUL 1      7                         0      7        0

 COOLING
  YESTERDAY       10                        10      0        4
  MONTH TO DATE   80                       130    -50      106
  SINCE JUN 1    294                       331    -37      304
  SINCE JAN 1    405                       395     10      381
..................................................................


WIND (MPH)
  HIGHEST WIND SPEED    24   HIGHEST WIND DIRECTION     N (340)
  HIGHEST GUST SPEED    31   HIGHEST GUST DIRECTION    NW (320)
  AVERAGE WIND SPEED     5.5


SKY COVER
  POSSIBLE SUNSHINE  MM
  AVERAGE SKY COVER 0.3


WEATHER CONDITIONS
 THE FOLLOWING WEATHER WAS RECORDED YESTERDAY.
  FOG


RELATIVE HUMIDITY (PERCENT)
 HIGHEST   100           200 AM
 LOWEST     55           200 PM
 AVERAGE    78

..........................................................


THE OTTUMWA IA CLIMATE NORMALS FOR TODAY
                         NORMAL    RECORD    YEAR
 MAXIMUM TEMPERATURE (F)   86       114      1936
 MINIMUM TEMPERATURE (F)   65        48      1926


SUNRISE AND SUNSET
JULY 14 2014..........SUNRISE   550 AM CDT   SUNSET   841 PM CDT
JULY 15 2014..........SUNRISE   550 AM CDT   SUNSET   841 PM CDT


-  INDICATES NEGATIVE NUMBERS.
R  INDICATES RECORD WAS SET OR TIED.
MM INDICATES DATA IS MISSING.
T  INDICATES TRACE AMOUNT.




$$
