000
CDUS43 KDMX 060904 RRA
CLIOTM

CLIMATE REPORT
NATIONAL WEATHER SERVICE DES MOINES IA
105 AM CST MON FEB 6 2017

...................................

...THE OTTUMWA IA CLIMATE SUMMARY FOR FEBRUARY 5 2017...

CLIMATE NORMAL PERIOD 1981 TO 2010
CLIMATE RECORD PERIOD 1920 TO 2017

WEATHER ITEM   OBSERVED TIME   RECORD YEAR NORMAL DEPARTURE LAST
                VALUE   (LST)  VALUE       VALUE  FROM      YEAR
                                                  NORMAL
..................................................................
TEMPERATURE (F)
 YESTERDAY
  MAXIMUM         39    351 PM  67    1946  33      6       31
  MINIMUM         25    725 PM -28    1936  15     10       16
  AVERAGE         32                        24      8       24

PRECIPITATION (IN)
  YESTERDAY        0.00          1.50 1911   0.03  -0.03     0.00
  MONTH TO DATE    0.00                      0.15  -0.15     0.29
  SINCE DEC 1      2.52                      2.42   0.10     4.82
  SINCE JAN 1      1.15                      1.05   0.10     0.79

DEGREE DAYS
 HEATING
  YESTERDAY       33                        41     -8       41
  MONTH TO DATE  189                       206    -17      180
  SINCE DEC 1   2484                      2730   -246     2246
  SINCE JUL 1   3277                      4028   -751     3257

 COOLING
  YESTERDAY        0                         0      0        0
  MONTH TO DATE    0                         0      0        0
  SINCE DEC 1      0                         0      0        0
  SINCE JAN 1      0                         0      0        0
..................................................................

WIND (MPH)
  HIGHEST WIND SPEED    18   HIGHEST WIND DIRECTION    NW (320)
  HIGHEST GUST SPEED    23   HIGHEST GUST DIRECTION    NW (330)
  AVERAGE WIND SPEED     8.4

SKY COVER
  POSSIBLE SUNSHINE  MM
  AVERAGE SKY COVER 0.3

WEATHER CONDITIONS
 THE FOLLOWING WEATHER WAS RECORDED YESTERDAY.
  NO SIGNIFICANT WEATHER WAS OBSERVED.

RELATIVE HUMIDITY (PERCENT)
 HIGHEST    78           400 AM
 LOWEST     52           100 PM
 AVERAGE    65
..........................................................

THE OTTUMWA IA CLIMATE NORMALS FOR TODAY
                         NORMAL    RECORD    YEAR
 MAXIMUM TEMPERATURE (F)   34        62      2009
 MINIMUM TEMPERATURE (F)   15       -17      1978

SUNRISE AND SUNSET
FEBRUARY  6 2017......SUNRISE   715 AM CST   SUNSET   533 PM CST
FEBRUARY  7 2017......SUNRISE   714 AM CST   SUNSET   535 PM CST

-  INDICATES NEGATIVE NUMBERS.
R  INDICATES RECORD WAS SET OR TIED.
MM INDICATES DATA IS MISSING.
T  INDICATES TRACE AMOUNT.

$$

FAB
