000
CDUS43 KDMX 140636 RRA
CLIOTM

CLIMATE REPORT
NATIONAL WEATHER SERVICE DES MOINES IA
136 AM CDT FRI JUL 14 2017

...................................

...THE OTTUMWA IA CLIMATE SUMMARY FOR JULY 13 2017...

CLIMATE NORMAL PERIOD 1981 TO 2010
CLIMATE RECORD PERIOD 1920 TO 2017


WEATHER ITEM   OBSERVED TIME   RECORD YEAR NORMAL DEPARTURE LAST
                VALUE   (LST)  VALUE       VALUE  FROM      YEAR
                                                  NORMAL
..................................................................
TEMPERATURE (F)
 YESTERDAY
  MAXIMUM         88    343 PM 112    1936  86      2       84
  MINIMUM         68   1153 PM  47    1940  65      3       69
  AVERAGE         78                        75      3       77

PRECIPITATION (IN)
  YESTERDAY        0.02          1.96 1992   0.15  -0.13      T
  MONTH TO DATE    0.39                      1.99  -1.60     2.69
  SINCE JUN 1      1.36                      7.08  -5.72     5.27
  SINCE JAN 1     13.82                     19.61  -5.79    14.18

DEGREE DAYS
 HEATING
  YESTERDAY        0                         0      0        0
  MONTH TO DATE    0                         0      0        7
  SINCE JUN 1     10                        21    -11        8
  SINCE JUL 1      0                         0      0        7

 COOLING
  YESTERDAY       13                        10      3       12
  MONTH TO DATE  173                       130     43       99
  SINCE JUN 1    442                       331    111      373
  SINCE JAN 1    503                       395    108      444
..................................................................


WIND (MPH)
  HIGHEST WIND SPEED    15   HIGHEST WIND DIRECTION    NW (330)
  HIGHEST GUST SPEED    19   HIGHEST GUST DIRECTION    NW (310)
  AVERAGE WIND SPEED     6.8


SKY COVER
  POSSIBLE SUNSHINE  MM
  AVERAGE SKY COVER 0.3


WEATHER CONDITIONS
 THE FOLLOWING WEATHER WAS RECORDED YESTERDAY.
  LIGHT RAIN


RELATIVE HUMIDITY (PERCENT)
 HIGHEST   100           400 AM
 LOWEST     43           400 PM
 AVERAGE    72

..........................................................


THE OTTUMWA IA CLIMATE NORMALS FOR TODAY
                         NORMAL    RECORD    YEAR
 MAXIMUM TEMPERATURE (F)   86       114      1936
 MINIMUM TEMPERATURE (F)   65        48      1926


SUNRISE AND SUNSET
JULY 14 2017..........SUNRISE   550 AM CDT   SUNSET   841 PM CDT
JULY 15 2017..........SUNRISE   551 AM CDT   SUNSET   841 PM CDT


-  INDICATES NEGATIVE NUMBERS.
R  INDICATES RECORD WAS SET OR TIED.
MM INDICATES DATA IS MISSING.
T  INDICATES TRACE AMOUNT.

$$

SMALL
