000
CDUS43 KDMX 140639
CLIOTM

CLIMATE REPORT
NATIONAL WEATHER SERVICE DES MOINES IA
130 AM CDT THU SEP 14 2017


...................................

...THE OTTUMWA IA CLIMATE SUMMARY FOR SEPTEMBER 13 2017...

CLIMATE NORMAL PERIOD 1981 TO 2010
CLIMATE RECORD PERIOD 1920 TO 2017


WEATHER ITEM   OBSERVED TIME   RECORD YEAR NORMAL DEPARTURE LAST
                VALUE   (LST)  VALUE       VALUE  FROM      YEAR
                                                  NORMAL
..................................................................
TEMPERATURE (F)
 YESTERDAY
  MAXIMUM         87    309 PM  99    1897  77     10       75
  MINIMUM         54    555 AM  36    2014  54      0       64
  AVERAGE         71                        66      5       70

PRECIPITATION (IN)
  YESTERDAY        0.00          3.01 1961   0.13  -0.13     0.02
  MONTH TO DATE    T                         1.76  -1.76     0.78
  SINCE SEP 1      T                         1.76  -1.76     0.78
  SINCE JAN 1     15.84                     28.46 -12.62    21.97

DEGREE DAYS
 HEATING
  YESTERDAY        0                         3     -3        0
  MONTH TO DATE   17                        21     -4        4
  SINCE SEP 1     17                        21     -4        4
  SINCE JUL 1     17                        32    -15       11

 COOLING
  YESTERDAY        6                         3      3        5
  MONTH TO DATE   37                        60    -23       78
  SINCE SEP 1     37                        60    -23       78
  SINCE JAN 1    962                       894     68      977
..................................................................


WIND (MPH)
  HIGHEST WIND SPEED    10   HIGHEST WIND DIRECTION     W (290)
  HIGHEST GUST SPEED    14   HIGHEST GUST DIRECTION    NW (300)
  AVERAGE WIND SPEED     4.5


SKY COVER
  POSSIBLE SUNSHINE  MM
  AVERAGE SKY COVER 0.0


WEATHER CONDITIONS
 THE FOLLOWING WEATHER WAS RECORDED YESTERDAY.
  FOG


RELATIVE HUMIDITY (PERCENT)
 HIGHEST   100           200 AM
 LOWEST     40           300 PM
 AVERAGE    70

..........................................................


THE OTTUMWA IA CLIMATE NORMALS FOR TODAY
                         NORMAL    RECORD    YEAR
 MAXIMUM TEMPERATURE (F)   77        99      1939
 MINIMUM TEMPERATURE (F)   54        35      1923


SUNRISE AND SUNSET
SEPTEMBER 14 2017.....SUNRISE   650 AM CDT   SUNSET   720 PM CDT
SEPTEMBER 15 2017.....SUNRISE   651 AM CDT   SUNSET   718 PM CDT


-  INDICATES NEGATIVE NUMBERS.
R  INDICATES RECORD WAS SET OR TIED.
MM INDICATES DATA IS MISSING.
T  INDICATES TRACE AMOUNT.




$$
