000
CDUS43 KDMX 130629 RRC
CLIOTM

CLIMATE REPORT
NATIONAL WEATHER SERVICE DES MOINES IA
1228 AM CST TUE JAN 13 2015


...................................

...THE OTTUMWA IA CLIMATE SUMMARY FOR JANUARY 12 2015...

CLIMATE NORMAL PERIOD 1981 TO 2010
CLIMATE RECORD PERIOD 1920 TO 2015


WEATHER ITEM   OBSERVED TIME   RECORD YEAR NORMAL DEPARTURE LAST
                VALUE   (LST)  VALUE       VALUE  FROM      YEAR
                                                  NORMAL
..................................................................
TEMPERATURE (F)
 YESTERDAY
  MAXIMUM         22   1234 AM  60    1960  31     -9       53
  MINIMUM         -4   1159 PM -22    1974  13    -17       25
  AVERAGE          9                        22    -13       39

PRECIPITATION (IN)
  YESTERDAY        0.00          1.17 1898   0.03  -0.03     0.00
  MONTH TO DATE    0.08                      0.39  -0.31     0.21
  SINCE DEC 1      1.06                      1.76  -0.70     0.87
  SINCE JAN 1      0.08                      0.39  -0.31     0.21

DEGREE DAYS
 HEATING
  YESTERDAY       56                        43     13       26
  MONTH TO DATE  617                       510    107      613
  SINCE DEC 1   1660                      1717    -57     1958
  SINCE JUL 1   3168                      3015    153     3288

 COOLING
  YESTERDAY        0                         0      0        0
  MONTH TO DATE    0                         0      0        0
  SINCE DEC 1      0                         0      0        0
  SINCE JAN 1      0                         0      0        0
..................................................................


WIND (MPH)
  HIGHEST WIND SPEED    21   HIGHEST WIND DIRECTION     N (340)
  HIGHEST GUST SPEED    24   HIGHEST GUST DIRECTION     N (340)
  AVERAGE WIND SPEED    13.1


SKY COVER
  POSSIBLE SUNSHINE  MM
  AVERAGE SKY COVER 0.1


WEATHER CONDITIONS
 THE FOLLOWING WEATHER WAS RECORDED YESTERDAY.
  NO SIGNIFICANT WEATHER WAS OBSERVED.


RELATIVE HUMIDITY (PERCENT)
 HIGHEST    84          1200 AM
 LOWEST     53          1200 PM
 AVERAGE    69

..........................................................


THE OTTUMWA IA CLIMATE NORMALS FOR TODAY
                         NORMAL    RECORD    YEAR
 MAXIMUM TEMPERATURE (F)   31        59      1987
 MINIMUM TEMPERATURE (F)   13       -16      1963


SUNRISE AND SUNSET
JANUARY 13 2015.......SUNRISE   734 AM CST   SUNSET   504 PM CST
JANUARY 14 2015.......SUNRISE   733 AM CST   SUNSET   505 PM CST


-  INDICATES NEGATIVE NUMBERS.
R  INDICATES RECORD WAS SET OR TIED.
MM INDICATES DATA IS MISSING.
T  INDICATES TRACE AMOUNT.




$$
