000
CDUS43 KDMX 160652
CLIOTM

CLIMATE REPORT
NATIONAL WEATHER SERVICE DES MOINES IA
150 AM CDT SUN AUG 16 2015

...................................

...THE OTTUMWA IA CLIMATE SUMMARY FOR AUGUST 15 2015...

CLIMATE NORMAL PERIOD 1981 TO 2010
CLIMATE RECORD PERIOD 1920 TO 2015


WEATHER ITEM   OBSERVED TIME   RECORD YEAR NORMAL DEPARTURE LAST
                VALUE   (LST)  VALUE       VALUE  FROM      YEAR
                                                  NORMAL
..................................................................
TEMPERATURE (F)
 YESTERDAY
  MAXIMUM         86    416 PM 105    1936  84      2       72
  MINIMUM         62    527 AM  45    2004  63     -1       62
  AVERAGE         74                        73      1       67

PRECIPITATION (IN)
  YESTERDAY        0.00          1.33 1902   0.15  -0.15     0.05
  MONTH TO DATE    0.25                      2.20  -1.95     0.80
  SINCE JUN 1     14.80                     11.76   3.04    14.07
  SINCE JAN 1     23.71                     24.29  -0.58    27.18

DEGREE DAYS
 HEATING
  YESTERDAY        0                         0      0        0
  MONTH TO DATE    0                         0      0        0
  SINCE JUN 1     16                        23     -7       22
  SINCE JUL 1      6                         2      4       13

 COOLING
  YESTERDAY        9                         9      0        2
  MONTH TO DATE  128                       137     -9       78
  SINCE JUN 1    608                       652    -44      456
  SINCE JAN 1    669                       716    -47      567
..................................................................


WIND (MPH)
  HIGHEST WIND SPEED    10   HIGHEST WIND DIRECTION     S (200)
  HIGHEST GUST SPEED    12   HIGHEST GUST DIRECTION    SW (230)
  AVERAGE WIND SPEED     3.7


SKY COVER
  POSSIBLE SUNSHINE  MM
  AVERAGE SKY COVER 0.0


WEATHER CONDITIONS
 THE FOLLOWING WEATHER WAS RECORDED YESTERDAY.
  FOG


RELATIVE HUMIDITY (PERCENT)
 HIGHEST   100          1200 AM
 LOWEST     57           100 PM
 AVERAGE    79

..........................................................


THE OTTUMWA IA CLIMATE NORMALS FOR TODAY
                         NORMAL    RECORD    YEAR
 MAXIMUM TEMPERATURE (F)   84       106      1936
 MINIMUM TEMPERATURE (F)   63        49      2013


SUNRISE AND SUNSET
AUGUST 16 2015........SUNRISE   620 AM CDT   SUNSET   807 PM CDT
AUGUST 17 2015........SUNRISE   621 AM CDT   SUNSET   806 PM CDT


-  INDICATES NEGATIVE NUMBERS.
R  INDICATES RECORD WAS SET OR TIED.
MM INDICATES DATA IS MISSING.
T  INDICATES TRACE AMOUNT.




$$
