000
CDUS43 KDMX 180629 RRB
CLIOTM

CLIMATE REPORT
NATIONAL WEATHER SERVICE DES MOINES IA
128 AM CDT TUE MAR 18 2014


...................................

...THE OTTUMWA IA CLIMATE SUMMARY FOR MARCH 17 2014...

CLIMATE NORMAL PERIOD 1981 TO 2010
CLIMATE RECORD PERIOD 1920 TO 2014


WEATHER ITEM   OBSERVED TIME   RECORD YEAR NORMAL DEPARTURE LAST
                VALUE   (LST)  VALUE       VALUE  FROM      YEAR
                                                  NORMAL
..................................................................
TEMPERATURE (F)
 YESTERDAY
  MAXIMUM         41    446 PM  82    2012  50     -9       38
  MINIMUM         17    430 AM   2    1906  29    -12       24
  AVERAGE         29                        39    -10       31

PRECIPITATION (IN)
  YESTERDAY        0.00          1.07 1998   0.08  -0.08      T
  MONTH TO DATE    0.06                      1.17  -1.11     1.87
  SINCE MAR 1      0.06                      1.17  -1.11     1.87
  SINCE JAN 1      1.39                      3.35  -1.96     5.33

DEGREE DAYS
 HEATING
  YESTERDAY       36                        26     10       34
  MONTH TO DATE  608                       495    113      580
  SINCE MAR 1    608                       495    113      580
  SINCE JUL 1   6120                      5380    740     5107

 COOLING
  YESTERDAY        0                         0      0        0
  MONTH TO DATE    0                         0      0        0
  SINCE MAR 1      0                         0      0        0
  SINCE JAN 1      0                         0      0        0
..................................................................


WIND (MPH)
  HIGHEST WIND SPEED    21   HIGHEST WIND DIRECTION     S (170)
  HIGHEST GUST SPEED    26   HIGHEST GUST DIRECTION     S (170)
  AVERAGE WIND SPEED    13.2


SKY COVER
  POSSIBLE SUNSHINE  MM
  AVERAGE SKY COVER 0.0


WEATHER CONDITIONS
 THE FOLLOWING WEATHER WAS RECORDED YESTERDAY.
  NO SIGNIFICANT WEATHER WAS OBSERVED.


RELATIVE HUMIDITY (PERCENT)
 HIGHEST    80           100 AM
 LOWEST     48           100 PM
 AVERAGE    64

..........................................................


THE OTTUMWA IA CLIMATE NORMALS FOR TODAY
                         NORMAL    RECORD    YEAR
 MAXIMUM TEMPERATURE (F)   50        81      2012
 MINIMUM TEMPERATURE (F)   29         2      1923


SUNRISE AND SUNSET
MARCH 18 2014.........SUNRISE   716 AM CDT   SUNSET   720 PM CDT
MARCH 19 2014.........SUNRISE   715 AM CDT   SUNSET   721 PM CDT


-  INDICATES NEGATIVE NUMBERS.
R  INDICATES RECORD WAS SET OR TIED.
MM INDICATES DATA IS MISSING.
T  INDICATES TRACE AMOUNT.




$$
