000
CDUS43 KDMX 250753
CLIOTM

CLIMATE REPORT
NATIONAL WEATHER SERVICE DES MOINES IA
251 AM CDT SAT JUN 25 2016

...................................

...THE OTTUMWA IA CLIMATE SUMMARY FOR JUNE 24 2016...

CLIMATE NORMAL PERIOD 1981 TO 2010
CLIMATE RECORD PERIOD 1920 TO 2016


WEATHER ITEM   OBSERVED TIME   RECORD YEAR NORMAL DEPARTURE LAST
                VALUE   (LST)  VALUE       VALUE  FROM      YEAR
                                                  NORMAL
..................................................................
TEMPERATURE (F)
 YESTERDAY
  MAXIMUM         85    439 PM 100    1988  84      1       75
  MINIMUM         57    409 AM  44    1936  63     -6       64
  AVERAGE         71                        73     -2       70

PRECIPITATION (IN)
  YESTERDAY        0.00          1.79 1981   0.18  -0.18     0.64
  MONTH TO DATE    1.59                      4.10  -2.51     6.05
  SINCE JUN 1      1.59                      4.10  -2.51     6.05
  SINCE JAN 1      9.63                     16.63  -7.00    15.92

DEGREE DAYS
 HEATING
  YESTERDAY        0                         0      0        0
  MONTH TO DATE    1                        19    -18       10
  SINCE JUN 1      1                        19    -18       10
  SINCE JUL 1   5265                      6315  -1050     6379

 COOLING
  YESTERDAY        6                         9     -3        5
  MONTH TO DATE  222                       145     77      166
  SINCE JUN 1    222                       145     77      166
  SINCE JAN 1    293                       209     84      227
..................................................................


WIND (MPH)
  HIGHEST WIND SPEED    10   HIGHEST WIND DIRECTION    SE (150)
  HIGHEST GUST SPEED    14   HIGHEST GUST DIRECTION    SE (150)
  AVERAGE WIND SPEED     5.8


SKY COVER
  POSSIBLE SUNSHINE  MM
  AVERAGE SKY COVER 0.0


WEATHER CONDITIONS
 THE FOLLOWING WEATHER WAS RECORDED YESTERDAY.
  FOG


RELATIVE HUMIDITY (PERCENT)
 HIGHEST   100           300 AM
 LOWEST     74          1100 AM
 AVERAGE    87

..........................................................


THE OTTUMWA IA CLIMATE NORMALS FOR TODAY
                         NORMAL    RECORD    YEAR
 MAXIMUM TEMPERATURE (F)   84       103      1988
 MINIMUM TEMPERATURE (F)   63        44      2004


SUNRISE AND SUNSET
JUNE 25 2016..........SUNRISE   539 AM CDT   SUNSET   846 PM CDT
JUNE 26 2016..........SUNRISE   539 AM CDT   SUNSET   846 PM CDT


-  INDICATES NEGATIVE NUMBERS.
R  INDICATES RECORD WAS SET OR TIED.
MM INDICATES DATA IS MISSING.
T  INDICATES TRACE AMOUNT.




$$
