690
CDUS43 KDMX 040642 RRA
CLIOTM

CLIMATE REPORT
NATIONAL WEATHER SERVICE DES MOINES IA
130 AM CDT WED OCT 4 2017

...................................

...THE OTTUMWA IA CLIMATE SUMMARY FOR OCTOBER 3 2017...

CLIMATE NORMAL PERIOD 1981 TO 2010
CLIMATE RECORD PERIOD 1920 TO 2017


WEATHER ITEM   OBSERVED TIME   RECORD YEAR NORMAL DEPARTURE LAST
                VALUE   (LST)  VALUE       VALUE  FROM      YEAR
                                                  NORMAL
..................................................................
TEMPERATURE (F)
 YESTERDAY
  MAXIMUM         82    421 PM  92    2006  69     13       73
  MINIMUM         63   1159 PM  32    1987  45     18       50
  AVERAGE         73                        57     16       62

PRECIPITATION (IN)
  YESTERDAY        0.05          2.06 1925   0.10  -0.05     0.00
  MONTH TO DATE    0.05                      0.30  -0.25      T
  SINCE SEP 1      3.72                      4.09  -0.37     1.01
  SINCE JAN 1     19.56                     30.79 -11.23    22.20

DEGREE DAYS
 HEATING
  YESTERDAY        0                         9     -9        3
  MONTH TO DATE    2                        25    -23        8
  SINCE SEP 1     39                       135    -96       41
  SINCE JUL 1     39                       146   -107       48

 COOLING
  YESTERDAY        8                         1      7        0
  MONTH TO DATE   19                         3     16        0
  SINCE SEP 1    188                        96     92      173
  SINCE JAN 1   1113                       930    183     1072
..................................................................


WIND (MPH)
  HIGHEST WIND SPEED    22   HIGHEST WIND DIRECTION     S (200)
  HIGHEST GUST SPEED    29   HIGHEST GUST DIRECTION     S (200)
  AVERAGE WIND SPEED    11.2


SKY COVER
  POSSIBLE SUNSHINE  MM
  AVERAGE SKY COVER 0.7


WEATHER CONDITIONS
 THE FOLLOWING WEATHER WAS RECORDED YESTERDAY.
  THUNDERSTORM
  LIGHT RAIN


RELATIVE HUMIDITY (PERCENT)
 HIGHEST    93          1000 PM
 LOWEST     58           300 PM
 AVERAGE    76

..........................................................


THE OTTUMWA IA CLIMATE NORMALS FOR TODAY
                         NORMAL    RECORD    YEAR
 MAXIMUM TEMPERATURE (F)   68        96      1938
 MINIMUM TEMPERATURE (F)   45        23      1935


SUNRISE AND SUNSET
OCTOBER  4 2017.......SUNRISE   710 AM CDT   SUNSET   646 PM CDT
OCTOBER  5 2017.......SUNRISE   711 AM CDT   SUNSET   645 PM CDT


-  INDICATES NEGATIVE NUMBERS.
R  INDICATES RECORD WAS SET OR TIED.
MM INDICATES DATA IS MISSING.
T  INDICATES TRACE AMOUNT.




$$
