000
CDUS43 KDMX 250742 RRA
CLIOTM

CLIMATE REPORT
NATIONAL WEATHER SERVICE DES MOINES IA
241 AM CDT FRI MAR 25 2016


...................................

...THE OTTUMWA IA CLIMATE SUMMARY FOR MARCH 24 2016...

CLIMATE NORMAL PERIOD 1981 TO 2010
CLIMATE RECORD PERIOD 1920 TO 2016


WEATHER ITEM   OBSERVED TIME   RECORD YEAR NORMAL DEPARTURE LAST
                VALUE   (LST)  VALUE       VALUE  FROM      YEAR
                                                  NORMAL
..................................................................
TEMPERATURE (F)
 YESTERDAY
  MAXIMUM         39   1258 AM  84    1910  53    -14       37
  MINIMUM         30   1159 PM   4    1974  31     -1       30
  AVERAGE         35                        42     -7       34

PRECIPITATION (IN)
  YESTERDAY        0.01          2.05 1920   0.07  -0.06     0.25
  MONTH TO DATE    1.12                      1.67  -0.55     0.42
  SINCE MAR 1      1.12                      1.67  -0.55     0.42
  SINCE JAN 1      1.55                      3.85  -2.30     2.54

DEGREE DAYS
 HEATING
  YESTERDAY       30                        23      7       31
  MONTH TO DATE  483                       663   -180      616
  SINCE MAR 1    483                       663   -180      616
  SINCE JUL 1   4537                      5548  -1011     5747

 COOLING
  YESTERDAY        0                         0      0        0
  MONTH TO DATE    0                         0      0        0
  SINCE MAR 1      0                         0      0        0
  SINCE JAN 1      0                         0      0        0
..................................................................


WIND (MPH)
  HIGHEST WIND SPEED    28   HIGHEST WIND DIRECTION     N (340)
  HIGHEST GUST SPEED    34   HIGHEST GUST DIRECTION     N (360)
  AVERAGE WIND SPEED    16.1


SKY COVER
  POSSIBLE SUNSHINE  MM
  AVERAGE SKY COVER 1.0


WEATHER CONDITIONS
 THE FOLLOWING WEATHER WAS RECORDED YESTERDAY.
  LIGHT RAIN
  LIGHT SNOW
  FOG


RELATIVE HUMIDITY (PERCENT)
 HIGHEST   100           100 AM
 LOWEST     75          1100 PM
 AVERAGE    88

..........................................................


THE OTTUMWA IA CLIMATE NORMALS FOR TODAY
                         NORMAL    RECORD    YEAR
 MAXIMUM TEMPERATURE (F)   54        85      1910
                                             1991
 MINIMUM TEMPERATURE (F)   32         3      1965


SUNRISE AND SUNSET
MARCH 25 2016.........SUNRISE   704 AM CDT   SUNSET   728 PM CDT
MARCH 26 2016.........SUNRISE   702 AM CDT   SUNSET   729 PM CDT


-  INDICATES NEGATIVE NUMBERS.
R  INDICATES RECORD WAS SET OR TIED.
MM INDICATES DATA IS MISSING.
T  INDICATES TRACE AMOUNT.




$$
