110
CDUS43 KDMX 270651 RRA
CLIOTM

CLIMATE REPORT
NATIONAL WEATHER SERVICE DES MOINES IA
1251 AM CST WED JAN 27 2016

...................................

...THE OTTUMWA IA CLIMATE SUMMARY FOR JANUARY 26 2016...

CLIMATE NORMAL PERIOD 1981 TO 2010
CLIMATE RECORD PERIOD 1920 TO 2016


WEATHER ITEM   OBSERVED TIME   RECORD YEAR NORMAL DEPARTURE LAST
                VALUE   (LST)  VALUE       VALUE  FROM      YEAR
                                                  NORMAL
..................................................................
TEMPERATURE (F)
 YESTERDAY
  MAXIMUM         30    141 PM  65    2002  32     -2       49
  MINIMUM         26    131 AM -14    1936  13     13       26
  AVERAGE         28                        23      5       38

PRECIPITATION (IN)
  YESTERDAY        T             0.87 1974   0.03  -0.03      T
  MONTH TO DATE    0.02                      0.77  -0.75     0.67
  SINCE DEC 1      4.05                      2.14   1.91     1.65
  SINCE JAN 1      0.02                      0.77  -0.75     0.67

DEGREE DAYS
 HEATING
  YESTERDAY       37                        42     -5       27
  MONTH TO DATE 1124                      1110     14     1068
  SINCE DEC 1   1970                      2317   -347     2111
  SINCE JUL 1   2981                      3615   -634     3619

 COOLING
  YESTERDAY        0                         0      0        0
  MONTH TO DATE    0                         0      0        0
  SINCE DEC 1      0                         0      0        0
  SINCE JAN 1      0                         0      0        0
..................................................................


WIND (MPH)
  HIGHEST WIND SPEED    25   HIGHEST WIND DIRECTION    NW (310)
  HIGHEST GUST SPEED    34   HIGHEST GUST DIRECTION    NW (320)
  AVERAGE WIND SPEED    12.3


SKY COVER
  POSSIBLE SUNSHINE  MM
  AVERAGE SKY COVER 1.0


WEATHER CONDITIONS
 THE FOLLOWING WEATHER WAS RECORDED YESTERDAY.
  FOG


RELATIVE HUMIDITY (PERCENT)
 HIGHEST    85           400 AM
 LOWEST     69           100 PM
 AVERAGE    77

..........................................................


THE OTTUMWA IA CLIMATE NORMALS FOR TODAY
                         NORMAL    RECORD    YEAR
 MAXIMUM TEMPERATURE (F)   32        63      2002
                                             1934
 MINIMUM TEMPERATURE (F)   14       -16      1940


SUNRISE AND SUNSET
JANUARY 27 2016.......SUNRISE   725 AM CST   SUNSET   520 PM CST
JANUARY 28 2016.......SUNRISE   725 AM CST   SUNSET   521 PM CST


-  INDICATES NEGATIVE NUMBERS.
R  INDICATES RECORD WAS SET OR TIED.
MM INDICATES DATA IS MISSING.
T  INDICATES TRACE AMOUNT.

$$

SMALL
