536
CDUS43 KDMX 210637 RRA
CLIOTM

CLIMATE REPORT
NATIONAL WEATHER SERVICE DES MOINES IA
1234 AM CST MON NOV 21 2016

...................................

...THE OTTUMWA IA CLIMATE SUMMARY FOR NOVEMBER 20 2016...

CLIMATE NORMAL PERIOD 1981 TO 2010
CLIMATE RECORD PERIOD 1920 TO 2016


WEATHER ITEM   OBSERVED TIME   RECORD YEAR NORMAL DEPARTURE LAST
                VALUE   (LST)  VALUE       VALUE  FROM      YEAR
                                                  NORMAL
..................................................................
TEMPERATURE (F)
 YESTERDAY
  MAXIMUM         41    327 PM  76    1942  46     -5       41
  MINIMUM         15    633 AM  10    1964  28    -13       26
  AVERAGE         28                        37     -9       34

PRECIPITATION (IN)
  YESTERDAY        0.00          1.78 1992   0.07  -0.07     0.28
  MONTH TO DATE    0.09                      1.67  -1.58     2.44
  SINCE SEP 1      2.11                      8.29  -6.18     8.10
  SINCE JAN 1     23.30                     34.99 -11.69    33.81

DEGREE DAYS
 HEATING
  YESTERDAY       37                        28      9       31
  MONTH TO DATE  284                       462   -178      307
  SINCE SEP 1    534                       975   -441      698
  SINCE JUL 1    541                       986   -445      720

 COOLING
  YESTERDAY        0                         0      0        0
  MONTH TO DATE    5                         0      5        0
  SINCE SEP 1    223                       104    119      205
  SINCE JAN 1   1122                       938    184      933
..................................................................


WIND (MPH)
  HIGHEST WIND SPEED    10   HIGHEST WIND DIRECTION     E (80)
  HIGHEST GUST SPEED    12   HIGHEST GUST DIRECTION     E (80)
  AVERAGE WIND SPEED     5.7


SKY COVER
  POSSIBLE SUNSHINE  MM
  AVERAGE SKY COVER 0.0


WEATHER CONDITIONS
 THE FOLLOWING WEATHER WAS RECORDED YESTERDAY.
  NO SIGNIFICANT WEATHER WAS OBSERVED.


RELATIVE HUMIDITY (PERCENT)
 HIGHEST    80           400 AM
 LOWEST     34           300 PM
 AVERAGE    57

..........................................................


THE OTTUMWA IA CLIMATE NORMALS FOR TODAY
                         NORMAL    RECORD    YEAR
 MAXIMUM TEMPERATURE (F)   46        70      1990
 MINIMUM TEMPERATURE (F)   27        -6      1937


SUNRISE AND SUNSET
NOVEMBER 21 2016......SUNRISE   705 AM CST   SUNSET   446 PM CST
NOVEMBER 22 2016......SUNRISE   706 AM CST   SUNSET   446 PM CST


-  INDICATES NEGATIVE NUMBERS.
R  INDICATES RECORD WAS SET OR TIED.
MM INDICATES DATA IS MISSING.
T  INDICATES TRACE AMOUNT.

$$

REV
