000
CDUS43 KDMX 220641 RRA
CLIOTM

CLIMATE REPORT
NATIONAL WEATHER SERVICE DES MOINES IA
134 AM CDT WED JUN 22 2016


...................................

...THE OTTUMWA IA CLIMATE SUMMARY FOR JUNE 21 2016...

CLIMATE NORMAL PERIOD 1981 TO 2010
CLIMATE RECORD PERIOD 1920 TO 2016


WEATHER ITEM   OBSERVED TIME   RECORD YEAR NORMAL DEPARTURE LAST
                VALUE   (LST)  VALUE       VALUE  FROM      YEAR
                                                  NORMAL
..................................................................
TEMPERATURE (F)
 YESTERDAY
  MAXIMUM         88    332 PM 101    1988  83      5       82
  MINIMUM         64    519 AM  44    1992  62      2       65
  AVERAGE         76                        73      3       74

PRECIPITATION (IN)
  YESTERDAY        1.19          2.01 1951   0.18   1.01      T
  MONTH TO DATE    1.59                      3.58  -1.99     4.99
  SINCE JUN 1      1.59                      3.58  -1.99     4.99
  SINCE JAN 1      9.63                     16.11  -6.48    14.86

DEGREE DAYS
 HEATING
  YESTERDAY        0                         0      0        0
  MONTH TO DATE    1                        19    -18       10
  SINCE JUN 1      1                        19    -18       10
  SINCE JUL 1   5265                      6315  -1050     6379

 COOLING
  YESTERDAY       11                         8      3        9
  MONTH TO DATE  193                       120     73      143
  SINCE JUN 1    193                       120     73      143
  SINCE JAN 1    264                       184     80      204
..................................................................


WIND (MPH)
  HIGHEST WIND SPEED    21   HIGHEST WIND DIRECTION    SE (140)
  HIGHEST GUST SPEED    29   HIGHEST GUST DIRECTION    SE (140)
  AVERAGE WIND SPEED     6.3


SKY COVER
  POSSIBLE SUNSHINE  MM
  AVERAGE SKY COVER 0.4


WEATHER CONDITIONS
 THE FOLLOWING WEATHER WAS RECORDED YESTERDAY.
  THUNDERSTORM
  HEAVY RAIN
  RAIN
  LIGHT RAIN
  FOG


RELATIVE HUMIDITY (PERCENT)
 HIGHEST    94          1000 PM
 LOWEST     37           400 PM
 AVERAGE    66

..........................................................


THE OTTUMWA IA CLIMATE NORMALS FOR TODAY
                         NORMAL    RECORD    YEAR
 MAXIMUM TEMPERATURE (F)   83        97      1988
 MINIMUM TEMPERATURE (F)   63        45      1902


SUNRISE AND SUNSET
JUNE 22 2016..........SUNRISE   538 AM CDT   SUNSET   846 PM CDT
JUNE 23 2016..........SUNRISE   538 AM CDT   SUNSET   846 PM CDT


-  INDICATES NEGATIVE NUMBERS.
R  INDICATES RECORD WAS SET OR TIED.
MM INDICATES DATA IS MISSING.
T  INDICATES TRACE AMOUNT.

$$
