000
CDUS43 KDMX 260642 RRB
CLIOTM

CLIMATE REPORT
NATIONAL WEATHER SERVICE DES MOINES IA
140 AM CDT SAT MAR 26 2016


...................................

...THE OTTUMWA IA CLIMATE SUMMARY FOR MARCH 25 2016...

CLIMATE NORMAL PERIOD 1981 TO 2010
CLIMATE RECORD PERIOD 1920 TO 2016


WEATHER ITEM   OBSERVED TIME   RECORD YEAR NORMAL DEPARTURE LAST
                VALUE   (LST)  VALUE       VALUE  FROM      YEAR
                                                  NORMAL
..................................................................
TEMPERATURE (F)
 YESTERDAY
  MAXIMUM         52    454 PM  85    1910  54     -2       49
                                      1991
  MINIMUM         25    611 AM   3    1965  32     -7       34
  AVERAGE         39                        43     -4       42

PRECIPITATION (IN)
  YESTERDAY        0.00          1.18 1920   0.08  -0.08     0.00
  MONTH TO DATE    1.12                      1.75  -0.63     0.42
  SINCE MAR 1      1.12                      1.75  -0.63     0.42
  SINCE JAN 1      1.55                      3.93  -2.38     2.54

DEGREE DAYS
 HEATING
  YESTERDAY       26                        22      4       23
  MONTH TO DATE  509                       685   -176      639
  SINCE MAR 1    509                       685   -176      639
  SINCE JUL 1   4563                      5570  -1007     5770

 COOLING
  YESTERDAY        0                         0      0        0
  MONTH TO DATE    0                         0      0        0
  SINCE MAR 1      0                         0      0        0
  SINCE JAN 1      0                         0      0        0
..................................................................


WIND (MPH)
  HIGHEST WIND SPEED    17   HIGHEST WIND DIRECTION     S (170)
  HIGHEST GUST SPEED    22   HIGHEST GUST DIRECTION     S (160)
  AVERAGE WIND SPEED     8.4


SKY COVER
  POSSIBLE SUNSHINE  MM
  AVERAGE SKY COVER 0.0


WEATHER CONDITIONS
 THE FOLLOWING WEATHER WAS RECORDED YESTERDAY.
  NO SIGNIFICANT WEATHER WAS OBSERVED.


RELATIVE HUMIDITY (PERCENT)
 HIGHEST   100           600 AM
 LOWEST     50           500 PM
 AVERAGE    75

..........................................................


THE OTTUMWA IA CLIMATE NORMALS FOR TODAY
                         NORMAL    RECORD    YEAR
 MAXIMUM TEMPERATURE (F)   54        86      1907
 MINIMUM TEMPERATURE (F)   32         3      1955


SUNRISE AND SUNSET
MARCH 26 2016.........SUNRISE   702 AM CDT   SUNSET   729 PM CDT
MARCH 27 2016.........SUNRISE   701 AM CDT   SUNSET   730 PM CDT


-  INDICATES NEGATIVE NUMBERS.
R  INDICATES RECORD WAS SET OR TIED.
MM INDICATES DATA IS MISSING.
T  INDICATES TRACE AMOUNT.




$$
