000
CDUS43 KDMX 220646 RRB
CLIOTM

CLIMATE REPORT
NATIONAL WEATHER SERVICE DES MOINES IA
142 AM CDT FRI JUL 22 2016


...................................

...THE OTTUMWA IA CLIMATE SUMMARY FOR JULY 21 2016...

CLIMATE NORMAL PERIOD 1981 TO 2010
CLIMATE RECORD PERIOD 1920 TO 2016


WEATHER ITEM   OBSERVED TIME   RECORD YEAR NORMAL DEPARTURE LAST
                VALUE   (LST)  VALUE       VALUE  FROM      YEAR
                                                  NORMAL
..................................................................
TEMPERATURE (F)
 YESTERDAY
  MAXIMUM         92    411 PM 110    1934  86      6       80
  MINIMUM         77    549 AM  47    1944  65     12       58
  AVERAGE         85                        75     10       69

PRECIPITATION (IN)
  YESTERDAY        0.00          2.52 1978   0.13  -0.13     0.00
  MONTH TO DATE    3.89                      3.13   0.76     4.28
  SINCE JUN 1      6.47                      8.22  -1.75    12.06
  SINCE JAN 1     14.51                     20.75  -6.24    21.93

DEGREE DAYS
 HEATING
  YESTERDAY        0                         0      0        0
  MONTH TO DATE    7                         0      7        6
  SINCE JUN 1      8                        21    -13       16
  SINCE JUL 1      7                         0      7        6

 COOLING
  YESTERDAY       20                        10     10        4
  MONTH TO DATE  176                       210    -34      171
  SINCE JUN 1    450                       411     39      375
  SINCE JAN 1    521                       475     46      436
..................................................................


WIND (MPH)
  HIGHEST WIND SPEED    18   HIGHEST WIND DIRECTION     S (190)
  HIGHEST GUST SPEED    24   HIGHEST GUST DIRECTION     S (200)
  AVERAGE WIND SPEED     8.8


SKY COVER
  POSSIBLE SUNSHINE  MM
  AVERAGE SKY COVER 0.0


WEATHER CONDITIONS
 THE FOLLOWING WEATHER WAS RECORDED YESTERDAY.
  FOG


RELATIVE HUMIDITY (PERCENT)
 HIGHEST    94           300 AM
 LOWEST     64           300 PM
 AVERAGE    79

..........................................................


THE OTTUMWA IA CLIMATE NORMALS FOR TODAY
                         NORMAL    RECORD    YEAR
 MAXIMUM TEMPERATURE (F)   86       108      1934
 MINIMUM TEMPERATURE (F)   65        46      1947


SUNRISE AND SUNSET
JULY 22 2016..........SUNRISE   557 AM CDT   SUNSET   835 PM CDT
JULY 23 2016..........SUNRISE   558 AM CDT   SUNSET   834 PM CDT


-  INDICATES NEGATIVE NUMBERS.
R  INDICATES RECORD WAS SET OR TIED.
MM INDICATES DATA IS MISSING.
T  INDICATES TRACE AMOUNT.




$$
