000
CDUS43 KDMX 030634
CLIOTM

CLIMATE REPORT
NATIONAL WEATHER SERVICE DES MOINES IA
131 AM CDT THU JUL 3 2014

...................................

...THE OTTUMWA IA CLIMATE SUMMARY FOR JULY 2 2014...

CLIMATE NORMAL PERIOD 1981 TO 2010
CLIMATE RECORD PERIOD 1920 TO 2014


WEATHER ITEM   OBSERVED TIME   RECORD YEAR NORMAL DEPARTURE LAST
                VALUE   (LST)  VALUE       VALUE  FROM      YEAR
                                                  NORMAL
..................................................................
TEMPERATURE (F)
 YESTERDAY
  MAXIMUM         65    144 PM 104    1911  85    -20       80
  MINIMUM         53   1159 PM  49    1932  64    -11       52
  AVERAGE         59                        75    -16       66

PRECIPITATION (IN)
  YESTERDAY        0.06          2.70 1992   0.16  -0.10      T
  MONTH TO DATE    0.06                      0.32  -0.26      T
  SINCE JUN 1      8.08                      5.41   2.67     2.39
  SINCE JAN 1     18.92                     17.94   0.98    26.71

DEGREE DAYS
 HEATING
  YESTERDAY        6                         0      6        0
  MONTH TO DATE    6                         0      6        0
  SINCE JUN 1     15                        21     -6       26
  SINCE JUL 1      6                         0      6        0

 COOLING
  YESTERDAY        0                        10    -10        1
  MONTH TO DATE    7                        20    -13        4
  SINCE JUN 1    221                       221      0      202
  SINCE JAN 1    332                       285     47      279
..................................................................


WIND (MPH)
  HIGHEST WIND SPEED    21   HIGHEST WIND DIRECTION     N (340)
  HIGHEST GUST SPEED    24   HIGHEST GUST DIRECTION     N (350)
  AVERAGE WIND SPEED     9.5


SKY COVER
  POSSIBLE SUNSHINE  MM
  AVERAGE SKY COVER 0.8


WEATHER CONDITIONS
 THE FOLLOWING WEATHER WAS RECORDED YESTERDAY.
  LIGHT RAIN
  FOG


RELATIVE HUMIDITY (PERCENT)
 HIGHEST   100           900 PM
 LOWEST     67          1100 AM
 AVERAGE    84

..........................................................


THE OTTUMWA IA CLIMATE NORMALS FOR TODAY
                         NORMAL    RECORD    YEAR
 MAXIMUM TEMPERATURE (F)   85       101      1911
 MINIMUM TEMPERATURE (F)   64        49      1924


SUNRISE AND SUNSET
JULY  3 2014..........SUNRISE   542 AM CDT   SUNSET   846 PM CDT
JULY  4 2014..........SUNRISE   543 AM CDT   SUNSET   845 PM CDT


-  INDICATES NEGATIVE NUMBERS.
R  INDICATES RECORD WAS SET OR TIED.
MM INDICATES DATA IS MISSING.
T  INDICATES TRACE AMOUNT.

$$

REV
