000
CDUS43 KDMX 110643 RRA
CLIOTM

CLIMATE REPORT
NATIONAL WEATHER SERVICE DES MOINES IA
138 AM CDT THU JUN 11 2015


...................................

...THE OTTUMWA IA CLIMATE SUMMARY FOR JUNE 10 2015...

CLIMATE NORMAL PERIOD 1981 TO 2010
CLIMATE RECORD PERIOD 1920 TO 2015


WEATHER ITEM   OBSERVED TIME   RECORD YEAR NORMAL DEPARTURE LAST
                VALUE   (LST)  VALUE       VALUE  FROM      YEAR
                                                  NORMAL
..................................................................
TEMPERATURE (F)
 YESTERDAY
  MAXIMUM         92    344 PM  99    1933  80     12       67
  MINIMUM         69   1150 PM  47    1972  59     10       61
  AVERAGE         81                        70     11       64

PRECIPITATION (IN)
  YESTERDAY        0.38          1.99 1957   0.17   0.21     0.15
  MONTH TO DATE    1.12                      1.70  -0.58     2.92
  SINCE JUN 1      1.12                      1.70  -0.58     2.92
  SINCE JAN 1     10.03                     14.23  -4.20    16.03

DEGREE DAYS
 HEATING
  YESTERDAY        0                         1     -1        1
  MONTH TO DATE   10                        14     -4        4
  SINCE JUN 1     10                        14     -4        4
  SINCE JUL 1   6379                      6310     69     7102

 COOLING
  YESTERDAY       16                         5     11        0
  MONTH TO DATE   65                        44     21       40
  SINCE JUN 1     65                        44     21       40
  SINCE JAN 1    126                       108     18      151
..................................................................


WIND (MPH)
  HIGHEST WIND SPEED    30   HIGHEST WIND DIRECTION    SW (210)
  HIGHEST GUST SPEED    39   HIGHEST GUST DIRECTION    SW (210)
  AVERAGE WIND SPEED     6.6


SKY COVER
  POSSIBLE SUNSHINE  MM
  AVERAGE SKY COVER 0.2


WEATHER CONDITIONS
 THE FOLLOWING WEATHER WAS RECORDED YESTERDAY.
  THUNDERSTORM
  RAIN
  LIGHT RAIN


RELATIVE HUMIDITY (PERCENT)
 HIGHEST    79          1000 PM
 LOWEST     52           400 PM
 AVERAGE    66

..........................................................


THE OTTUMWA IA CLIMATE NORMALS FOR TODAY
                         NORMAL    RECORD    YEAR
 MAXIMUM TEMPERATURE (F)   80       102      1933
 MINIMUM TEMPERATURE (F)   59        43      1972


SUNRISE AND SUNSET
JUNE 11 2015..........SUNRISE   537 AM CDT   SUNSET   842 PM CDT
JUNE 12 2015..........SUNRISE   537 AM CDT   SUNSET   843 PM CDT


-  INDICATES NEGATIVE NUMBERS.
R  INDICATES RECORD WAS SET OR TIED.
MM INDICATES DATA IS MISSING.
T  INDICATES TRACE AMOUNT.

$$
