943
CDUS43 KDMX 210642
CLIOTM

CLIMATE REPORT
NATIONAL WEATHER SERVICE DES MOINES IA
1240 AM CST THU JAN 21 2016


...................................

...THE OTTUMWA IA CLIMATE SUMMARY FOR JANUARY 20 2016...

CLIMATE NORMAL PERIOD 1981 TO 2010
CLIMATE RECORD PERIOD 1920 TO 2016


WEATHER ITEM   OBSERVED TIME   RECORD YEAR NORMAL DEPARTURE LAST
                VALUE   (LST)  VALUE       VALUE  FROM      YEAR
                                                  NORMAL
..................................................................
TEMPERATURE (F)
 YESTERDAY
  MAXIMUM         25    344 PM  57    1934  32     -7       48
  MINIMUM         11    521 AM -25    1936  13     -2       29
  AVERAGE         18                        22     -4       39

PRECIPITATION (IN)
  YESTERDAY        0.00          2.05 1904   0.03  -0.03     0.00
  MONTH TO DATE    0.02                      0.61  -0.59     0.39
  SINCE DEC 1      4.05                      1.98   2.07     1.37
  SINCE JAN 1      0.02                      0.61  -0.59     0.39

DEGREE DAYS
 HEATING
  YESTERDAY       47                        43      4       26
  MONTH TO DATE  891                       854     37      890
  SINCE DEC 1   1737                      2061   -324     1933
  SINCE JUL 1   2748                      3359   -611     3441

 COOLING
  YESTERDAY        0                         0      0        0
  MONTH TO DATE    0                         0      0        0
  SINCE DEC 1      0                         0      0        0
  SINCE JAN 1      0                         0      0        0
..................................................................


WIND (MPH)
  HIGHEST WIND SPEED     8   HIGHEST WIND DIRECTION    SE (120)
  HIGHEST GUST SPEED    10   HIGHEST GUST DIRECTION     S (180)
  AVERAGE WIND SPEED     3.8


SKY COVER
  POSSIBLE SUNSHINE  MM
  AVERAGE SKY COVER 0.6


WEATHER CONDITIONS
 THE FOLLOWING WEATHER WAS RECORDED YESTERDAY.
  FOG


RELATIVE HUMIDITY (PERCENT)
 HIGHEST   100           600 AM
 LOWEST     68           400 PM
 AVERAGE    84

..........................................................


THE OTTUMWA IA CLIMATE NORMALS FOR TODAY
                         NORMAL    RECORD    YEAR
 MAXIMUM TEMPERATURE (F)   32        63      1957
 MINIMUM TEMPERATURE (F)   13       -21      1970


SUNRISE AND SUNSET
JANUARY 21 2016.......SUNRISE   730 AM CST   SUNSET   513 PM CST
JANUARY 22 2016.......SUNRISE   729 AM CST   SUNSET   514 PM CST


-  INDICATES NEGATIVE NUMBERS.
R  INDICATES RECORD WAS SET OR TIED.
MM INDICATES DATA IS MISSING.
T  INDICATES TRACE AMOUNT.




$$
