000
CDUS43 KDMX 230638 RRB
CLIOTM

CLIMATE REPORT
NATIONAL WEATHER SERVICE DES MOINES IA
138 AM CDT TUE AUG 23 2016

...................................

...THE OTTUMWA IA CLIMATE SUMMARY FOR AUGUST 22 2016...

CLIMATE NORMAL PERIOD 1981 TO 2010
CLIMATE RECORD PERIOD 1920 TO 2016


WEATHER ITEM   OBSERVED TIME   RECORD YEAR NORMAL DEPARTURE LAST
                VALUE   (LST)  VALUE       VALUE  FROM      YEAR
                                                  NORMAL
..................................................................
TEMPERATURE (F)
 YESTERDAY
  MAXIMUM         80    353 PM 104    1936  83     -3       81
  MINIMUM         55    115 AM  44    1923  62     -7       60
  AVERAGE         68                        72     -4       71

PRECIPITATION (IN)
  YESTERDAY        0.00          2.61 2002   0.15  -0.15     0.11
  MONTH TO DATE    2.95                      3.29  -0.34     0.88
  SINCE JUN 1      9.42                     12.85  -3.43    15.42
  SINCE JAN 1     17.46                     25.38  -7.92    25.29

DEGREE DAYS
 HEATING
  YESTERDAY        0                         0      0        0
  MONTH TO DATE    0                         0      0        5
  SINCE JUN 1      8                        23    -15       21
  SINCE JUL 1      7                         2      5       11

 COOLING
  YESTERDAY        3                         8     -5        6
  MONTH TO DATE  203                       193     10      165
  SINCE JUN 1    751                       708     43      645
  SINCE JAN 1    822                       772     50      706
..................................................................


WIND (MPH)
  HIGHEST WIND SPEED    18   HIGHEST WIND DIRECTION     S (180)
  HIGHEST GUST SPEED    24   HIGHEST GUST DIRECTION     S (180)
  AVERAGE WIND SPEED     8.8


SKY COVER
  POSSIBLE SUNSHINE  MM
  AVERAGE SKY COVER 0.0


WEATHER CONDITIONS
 THE FOLLOWING WEATHER WAS RECORDED YESTERDAY.
  NO SIGNIFICANT WEATHER WAS OBSERVED.


RELATIVE HUMIDITY (PERCENT)
 HIGHEST    93          1200 AM
 LOWEST     49           300 PM
 AVERAGE    71

..........................................................


THE OTTUMWA IA CLIMATE NORMALS FOR TODAY
                         NORMAL    RECORD    YEAR
 MAXIMUM TEMPERATURE (F)   83       102      1948
 MINIMUM TEMPERATURE (F)   61        44      1923


SUNRISE AND SUNSET
AUGUST 23 2016........SUNRISE   628 AM CDT   SUNSET   756 PM CDT
AUGUST 24 2016........SUNRISE   629 AM CDT   SUNSET   754 PM CDT


-  INDICATES NEGATIVE NUMBERS.
R  INDICATES RECORD WAS SET OR TIED.
MM INDICATES DATA IS MISSING.
T  INDICATES TRACE AMOUNT.

$$

SMALL
