000
CDUS43 KDMX 290647 RRA
CLIOTM

CLIMATE REPORT
NATIONAL WEATHER SERVICE DES MOINES IA
146 AM CDT WED OCT 29 2014


...................................

...THE OTTUMWA IA CLIMATE SUMMARY FOR OCTOBER 28 2014...

CLIMATE NORMAL PERIOD 1981 TO 2010
CLIMATE RECORD PERIOD 1920 TO 2014


WEATHER ITEM   OBSERVED TIME   RECORD YEAR NORMAL DEPARTURE LAST
                VALUE   (LST)  VALUE       VALUE  FROM      YEAR
                                                  NORMAL
..................................................................
TEMPERATURE (F)
 YESTERDAY
  MAXIMUM         58    146 PM  84    1927  59     -1       60
  MINIMUM         38   1159 PM  12    1925  38      0       31
  AVERAGE         48                        48      0       46

PRECIPITATION (IN)
  YESTERDAY        0.00          2.05 1921   0.08  -0.08     0.00
  MONTH TO DATE    3.51                      2.56   0.95     1.81
  SINCE SEP 1      7.67                      6.35   1.32     2.88
  SINCE JAN 1     38.96                     33.05   5.91    31.99

DEGREE DAYS
 HEATING
  YESTERDAY       17                        17      0       19
  MONTH TO DATE  331                       349    -18      370
  SINCE SEP 1    452                       459     -7      437
  SINCE JUL 1    465                       470     -5      453

 COOLING
  YESTERDAY        0                         0      0        0
  MONTH TO DATE    1                         9     -8       33
  SINCE SEP 1     69                       102    -33      199
  SINCE JAN 1    801                       936   -135     1014
..................................................................


WIND (MPH)
  HIGHEST WIND SPEED    24   HIGHEST WIND DIRECTION     W (290)
  HIGHEST GUST SPEED    32   HIGHEST GUST DIRECTION     W (280)
  AVERAGE WIND SPEED    12.6


SKY COVER
  POSSIBLE SUNSHINE  MM
  AVERAGE SKY COVER 0.1


WEATHER CONDITIONS
 THE FOLLOWING WEATHER WAS RECORDED YESTERDAY.
  LIGHT RAIN


RELATIVE HUMIDITY (PERCENT)
 HIGHEST    76          1100 PM
 LOWEST     40           100 PM
 AVERAGE    58

..........................................................


THE OTTUMWA IA CLIMATE NORMALS FOR TODAY
                         NORMAL    RECORD    YEAR
 MAXIMUM TEMPERATURE (F)   58        91      1937
 MINIMUM TEMPERATURE (F)   37        15      1925


SUNRISE AND SUNSET
OCTOBER 29 2014.......SUNRISE   737 AM CDT   SUNSET   609 PM CDT
OCTOBER 30 2014.......SUNRISE   738 AM CDT   SUNSET   608 PM CDT


-  INDICATES NEGATIVE NUMBERS.
R  INDICATES RECORD WAS SET OR TIED.
MM INDICATES DATA IS MISSING.
T  INDICATES TRACE AMOUNT.




$$
