000
CDUS43 KDMX 160643 RRB
CLIOTM

CLIMATE REPORT
NATIONAL WEATHER SERVICE DES MOINES IA
143 AM CDT THU JUN 16 2016

...................................

...THE OTTUMWA IA CLIMATE SUMMARY FOR JUNE 15 2016...

CLIMATE NORMAL PERIOD 1981 TO 2010
CLIMATE RECORD PERIOD 1920 TO 2016


WEATHER ITEM   OBSERVED TIME   RECORD YEAR NORMAL DEPARTURE LAST
                VALUE   (LST)  VALUE       VALUE  FROM      YEAR
                                                  NORMAL
..................................................................
TEMPERATURE (F)
 YESTERDAY
  MAXIMUM         97R   249 PM  96    1952  82     15       82
  MINIMUM         65    406 AM  44    1917  61      4       63
  AVERAGE         81                        71     10       73

PRECIPITATION (IN)
  YESTERDAY        0.00          2.70 1946   0.17  -0.17     0.44
  MONTH TO DATE    0.40                      2.57  -2.17     3.85
  SINCE JUN 1      0.40                      2.57  -2.17     3.85
  SINCE JAN 1      8.44                     15.10  -6.66    13.72

DEGREE DAYS
 HEATING
  YESTERDAY        0                         1     -1        0
  MONTH TO DATE    1                        19    -18       10
  SINCE JUN 1      1                        19    -18       10
  SINCE JUL 1   5265                      6315  -1050     6379

 COOLING
  YESTERDAY       16                         7      9        8
  MONTH TO DATE  131                        75     56      100
  SINCE JUN 1    131                        75     56      100
  SINCE JAN 1    202                       139     63      161
..................................................................


WIND (MPH)
  HIGHEST WIND SPEED    17   HIGHEST WIND DIRECTION     W (290)
  HIGHEST GUST SPEED    23   HIGHEST GUST DIRECTION     W (290)
  AVERAGE WIND SPEED     7.4


SKY COVER
  POSSIBLE SUNSHINE  MM
  AVERAGE SKY COVER 0.0


WEATHER CONDITIONS
 THE FOLLOWING WEATHER WAS RECORDED YESTERDAY.
  NO SIGNIFICANT WEATHER WAS OBSERVED.


RELATIVE HUMIDITY (PERCENT)
 HIGHEST    93          1200 AM
 LOWEST     30           300 PM
 AVERAGE    62

..........................................................


THE OTTUMWA IA CLIMATE NORMALS FOR TODAY
                         NORMAL    RECORD    YEAR
 MAXIMUM TEMPERATURE (F)   82        97      1936
 MINIMUM TEMPERATURE (F)   61        48      1917


SUNRISE AND SUNSET
JUNE 16 2016..........SUNRISE   537 AM CDT   SUNSET   845 PM CDT
JUNE 17 2016..........SUNRISE   537 AM CDT   SUNSET   845 PM CDT


-  INDICATES NEGATIVE NUMBERS.
R  INDICATES RECORD WAS SET OR TIED.
MM INDICATES DATA IS MISSING.
T  INDICATES TRACE AMOUNT.

$$

SMALL
