995
CDUS43 KDMX 030627 RRA
CLIOTM

CLIMATE REPORT
NATIONAL WEATHER SERVICE DES MOINES IA
126 AM CDT MON JUL 3 2017


...................................

...THE OTTUMWA IA CLIMATE SUMMARY FOR JULY 2 2017...

CLIMATE NORMAL PERIOD 1981 TO 2010
CLIMATE RECORD PERIOD 1920 TO 2017


WEATHER ITEM   OBSERVED TIME   RECORD YEAR NORMAL DEPARTURE LAST
                VALUE   (LST)  VALUE       VALUE  FROM      YEAR
                                                  NORMAL
..................................................................
TEMPERATURE (F)
 YESTERDAY
  MAXIMUM         84    548 PM 104    1911  85     -1       64
  MINIMUM         57   1247 AM  49    1932  64     -7       58
  AVERAGE         71                        75     -4       61

PRECIPITATION (IN)
  YESTERDAY        0.00          2.70 1992   0.16  -0.16     0.13
  MONTH TO DATE    0.00                      0.32  -0.32     0.13
  SINCE JUN 1      0.97                      5.41  -4.44     2.71
  SINCE JAN 1     13.43                     17.94  -4.51    11.62

DEGREE DAYS
 HEATING
  YESTERDAY        0                         0      0        4
  MONTH TO DATE    0                         0      0        4
  SINCE JUN 1     10                        21    -11        5
  SINCE JUL 1      0                         0      0        4

 COOLING
  YESTERDAY        6                        10     -4        0
  MONTH TO DATE   13                        20     -7        3
  SINCE JUN 1    282                       221     61      277
  SINCE JAN 1    343                       285     58      348
..................................................................


WIND (MPH)
  HIGHEST WIND SPEED    16   HIGHEST WIND DIRECTION    SW (240)
  HIGHEST GUST SPEED    22   HIGHEST GUST DIRECTION    SW (240)
  AVERAGE WIND SPEED     7.6


SKY COVER
  POSSIBLE SUNSHINE  MM
  AVERAGE SKY COVER 0.1


WEATHER CONDITIONS
 THE FOLLOWING WEATHER WAS RECORDED YESTERDAY.
  NO SIGNIFICANT WEATHER WAS OBSERVED.


RELATIVE HUMIDITY (PERCENT)
 HIGHEST    90           300 AM
 LOWEST     47          1000 AM
 AVERAGE    69

..........................................................


THE OTTUMWA IA CLIMATE NORMALS FOR TODAY
                         NORMAL    RECORD    YEAR
 MAXIMUM TEMPERATURE (F)   85       101      1911
 MINIMUM TEMPERATURE (F)   64        49      1924


SUNRISE AND SUNSET
JULY  3 2017..........SUNRISE   542 AM CDT   SUNSET   846 PM CDT
JULY  4 2017..........SUNRISE   543 AM CDT   SUNSET   845 PM CDT


-  INDICATES NEGATIVE NUMBERS.
R  INDICATES RECORD WAS SET OR TIED.
MM INDICATES DATA IS MISSING.
T  INDICATES TRACE AMOUNT.




$$
