000
CDUS43 KDMX 120636 RRC
CLIOTM

CLIMATE REPORT
NATIONAL WEATHER SERVICE DES MOINES IA
135 AM CDT TUE APR 12 2016


...................................

...THE OTTUMWA IA CLIMATE SUMMARY FOR APRIL 11 2016...

CLIMATE NORMAL PERIOD 1981 TO 2010
CLIMATE RECORD PERIOD 1920 TO 2016


WEATHER ITEM   OBSERVED TIME   RECORD YEAR NORMAL DEPARTURE LAST
                VALUE   (LST)  VALUE       VALUE  FROM      YEAR
                                                  NORMAL
..................................................................
TEMPERATURE (F)
 YESTERDAY
  MAXIMUM         52    306 PM  89    1930  61     -9       71
  MINIMUM         28   1123 PM  20    1973  38    -10       32
  AVERAGE         40                        49     -9       52

PRECIPITATION (IN)
  YESTERDAY        0.00          1.43 1970   0.10  -0.10     0.00
  MONTH TO DATE    0.46                      1.06  -0.60     0.58
  SINCE MAR 1      1.68                      3.30  -1.62     1.04
  SINCE JAN 1      2.11                      5.48  -3.37     3.16

DEGREE DAYS
 HEATING
  YESTERDAY       25                        16      9       13
  MONTH TO DATE  244                       196     48      144
  SINCE MAR 1    859                      1007   -148      911
  SINCE JUL 1   4913                      5892   -979     6042

 COOLING
  YESTERDAY        0                         0      0        0
  MONTH TO DATE    0                         0      0        0
  SINCE MAR 1      0                         1     -1        0
  SINCE JAN 1      0                         1     -1        0
..................................................................


WIND (MPH)
  HIGHEST WIND SPEED    29   HIGHEST WIND DIRECTION    NW (320)
  HIGHEST GUST SPEED    34   HIGHEST GUST DIRECTION    NW (310)
  AVERAGE WIND SPEED    15.4


SKY COVER
  POSSIBLE SUNSHINE  MM
  AVERAGE SKY COVER 0.0


WEATHER CONDITIONS
 THE FOLLOWING WEATHER WAS RECORDED YESTERDAY.
  NO SIGNIFICANT WEATHER WAS OBSERVED.


RELATIVE HUMIDITY (PERCENT)
 HIGHEST    86          1200 AM
 LOWEST     28           200 PM
 AVERAGE    57

..........................................................


THE OTTUMWA IA CLIMATE NORMALS FOR TODAY
                         NORMAL    RECORD    YEAR
 MAXIMUM TEMPERATURE (F)   61        88      1930
 MINIMUM TEMPERATURE (F)   38        19      1940


SUNRISE AND SUNSET
APRIL 12 2016.........SUNRISE   634 AM CDT   SUNSET   747 PM CDT
APRIL 13 2016.........SUNRISE   633 AM CDT   SUNSET   748 PM CDT


-  INDICATES NEGATIVE NUMBERS.
R  INDICATES RECORD WAS SET OR TIED.
MM INDICATES DATA IS MISSING.
T  INDICATES TRACE AMOUNT.




$$
