000
CDUS43 KDMX 110630
CLIOTM

CLIMATE REPORT
NATIONAL WEATHER SERVICE DES MOINES IA
1226 AM CST THU JAN 11 2018

...................................

...THE OTTUMWA IA CLIMATE SUMMARY FOR JANUARY 10 2018...

CLIMATE NORMAL PERIOD 1981 TO 2010
CLIMATE RECORD PERIOD 1920 TO 2018


WEATHER ITEM   OBSERVED TIME   RECORD YEAR NORMAL DEPARTURE LAST
                VALUE   (LST)  VALUE       VALUE  FROM      YEAR
                                                  NORMAL
..................................................................
TEMPERATURE (F)
 YESTERDAY
  MAXIMUM         50   1120 PM  60    1928  31     19       49
  MINIMUM         34    133 AM -23    1982  13     21       24
  AVERAGE         42                        22     20       37

PRECIPITATION (IN)
  YESTERDAY        0.00          0.36 1924   0.03  -0.03     0.07
  MONTH TO DATE    0.03                      0.33  -0.30     0.18
  SINCE DEC 1      0.73                      1.70  -0.97     1.55
  SINCE JAN 1      0.03                      0.33  -0.30     0.18

DEGREE DAYS
 HEATING
  YESTERDAY       23                        43    -20       28
  MONTH TO DATE  509                       424     85      453
  SINCE DEC 1   1704                      1631     73     1609
  SINCE JUL 1   2831                      2929    -98     2402

 COOLING
  YESTERDAY        0                         0      0        0
  MONTH TO DATE    0                         0      0        0
  SINCE DEC 1      0                         0      0        0
  SINCE JAN 1      0                         0      0        0
..................................................................


WIND (MPH)
  HIGHEST WIND SPEED    26   HIGHEST WIND DIRECTION     S (190)
  HIGHEST GUST SPEED    32   HIGHEST GUST DIRECTION     S (180)
  AVERAGE WIND SPEED    13.3


SKY COVER
  POSSIBLE SUNSHINE  MM
  AVERAGE SKY COVER 0.6


WEATHER CONDITIONS
 THE FOLLOWING WEATHER WAS RECORDED YESTERDAY.
  FOG


RELATIVE HUMIDITY (PERCENT)
 HIGHEST   100           100 AM
 LOWEST     66           500 PM
 AVERAGE    83

..........................................................


THE OTTUMWA IA CLIMATE NORMALS FOR TODAY
                         NORMAL    RECORD    YEAR
 MAXIMUM TEMPERATURE (F)   31        55      2013
                                             1992
 MINIMUM TEMPERATURE (F)   13       -12      1974


SUNRISE AND SUNSET
JANUARY 11 2018.......SUNRISE   734 AM CST   SUNSET   502 PM CST
JANUARY 12 2018.......SUNRISE   734 AM CST   SUNSET   503 PM CST


-  INDICATES NEGATIVE NUMBERS.
R  INDICATES RECORD WAS SET OR TIED.
MM INDICATES DATA IS MISSING.
T  INDICATES TRACE AMOUNT.

$$

REV
