000
CDUS43 KDMX 150630 RRA
CLIOTM

CLIMATE REPORT
NATIONAL WEATHER SERVICE DES MOINES IA
128 AM CDT MON JUN 15 2015


...................................

...THE OTTUMWA IA CLIMATE SUMMARY FOR JUNE 14 2015...

CLIMATE NORMAL PERIOD 1981 TO 2010
CLIMATE RECORD PERIOD 1920 TO 2015


WEATHER ITEM   OBSERVED TIME   RECORD YEAR NORMAL DEPARTURE LAST
                VALUE   (LST)  VALUE       VALUE  FROM      YEAR
                                                  NORMAL
..................................................................
TEMPERATURE (F)
 YESTERDAY
  MAXIMUM         84    426 PM  99    1987  81      3       80
  MINIMUM         66    500 AM  41    1933  60      6       55
  AVERAGE         75                        71      4       68

PRECIPITATION (IN)
  YESTERDAY        1.64          3.49 1930   0.17   1.47     0.00
  MONTH TO DATE    3.41                      2.40   1.01     2.93
  SINCE JUN 1      3.41                      2.40   1.01     2.93
  SINCE JAN 1     12.32                     14.93  -2.61    16.04

DEGREE DAYS
 HEATING
  YESTERDAY        0                         1     -1        0
  MONTH TO DATE   10                        18     -8        9
  SINCE JUN 1     10                        18     -8        9
  SINCE JUL 1   6379                      6314     65     7107

 COOLING
  YESTERDAY       10                         6      4        3
  MONTH TO DATE   92                        68     24       50
  SINCE JUN 1     92                        68     24       50
  SINCE JAN 1    153                       132     21      161
..................................................................


WIND (MPH)
  HIGHEST WIND SPEED    35   HIGHEST WIND DIRECTION    NW (310)
  HIGHEST GUST SPEED    43   HIGHEST GUST DIRECTION    NW (330)
  AVERAGE WIND SPEED     5.0


SKY COVER
  POSSIBLE SUNSHINE  MM
  AVERAGE SKY COVER 0.7


WEATHER CONDITIONS
 THE FOLLOWING WEATHER WAS RECORDED YESTERDAY.
  THUNDERSTORM
  HEAVY RAIN
  RAIN
  LIGHT RAIN
  FOG
  FOG W/VISIBILITY <= 1/4 MILE


RELATIVE HUMIDITY (PERCENT)
 HIGHEST   100          1200 AM
 LOWEST     69           200 PM
 AVERAGE    85

..........................................................


THE OTTUMWA IA CLIMATE NORMALS FOR TODAY
                         NORMAL    RECORD    YEAR
 MAXIMUM TEMPERATURE (F)   82        96      1952
 MINIMUM TEMPERATURE (F)   61        44      1917


SUNRISE AND SUNSET
JUNE 15 2015..........SUNRISE   537 AM CDT   SUNSET   844 PM CDT
JUNE 16 2015..........SUNRISE   537 AM CDT   SUNSET   844 PM CDT


-  INDICATES NEGATIVE NUMBERS.
R  INDICATES RECORD WAS SET OR TIED.
MM INDICATES DATA IS MISSING.
T  INDICATES TRACE AMOUNT.




$$
