000
CDUS43 KDMX 130642
CLIOTM

CLIMATE REPORT
NATIONAL WEATHER SERVICE DES MOINES IA
137 AM CDT WED AUG 13 2014


...................................

...THE OTTUMWA IA CLIMATE SUMMARY FOR AUGUST 12 2014...

CLIMATE NORMAL PERIOD 1981 TO 2010
CLIMATE RECORD PERIOD 1920 TO 2014


WEATHER ITEM   OBSERVED TIME   RECORD YEAR NORMAL DEPARTURE LAST
                VALUE   (LST)  VALUE       VALUE  FROM      YEAR
                                                  NORMAL
..................................................................
TEMPERATURE (F)
 YESTERDAY
  MAXIMUM         78    337 PM 104    1936  84     -6       83
  MINIMUM         56   1159 PM  45    1931  63     -7       60
  AVERAGE         67                        74     -7       72

PRECIPITATION (IN)
  YESTERDAY        0.00          2.13 1943   0.15  -0.15      T
                                      2000
  MONTH TO DATE    0.75                      1.74  -0.99     0.96
  SINCE JUN 1     14.02                     11.30   2.72     4.79
  SINCE JAN 1     24.86                     23.83   1.03    29.11

DEGREE DAYS
 HEATING
  YESTERDAY        0                         0      0        0
  MONTH TO DATE    0                         0      0        0
  SINCE JUN 1     22                        23     -1       36
  SINCE JUL 1     13                         2     11       10

 COOLING
  YESTERDAY        2                         9     -7        7
  MONTH TO DATE   70                       110    -40       83
  SINCE JUN 1    448                       625   -177      547
  SINCE JAN 1    559                       689   -130      624
..................................................................


WIND (MPH)
  HIGHEST WIND SPEED    20   HIGHEST WIND DIRECTION     N (350)
  HIGHEST GUST SPEED    25   HIGHEST GUST DIRECTION    NW (310)
  AVERAGE WIND SPEED    11.0


SKY COVER
  POSSIBLE SUNSHINE  MM
  AVERAGE SKY COVER 0.1


WEATHER CONDITIONS
 THE FOLLOWING WEATHER WAS RECORDED YESTERDAY.
  NO SIGNIFICANT WEATHER WAS OBSERVED.


RELATIVE HUMIDITY (PERCENT)
 HIGHEST    90           100 AM
 LOWEST     47           100 PM
 AVERAGE    69

..........................................................


THE OTTUMWA IA CLIMATE NORMALS FOR TODAY
                         NORMAL    RECORD    YEAR
 MAXIMUM TEMPERATURE (F)   84       106      1936
 MINIMUM TEMPERATURE (F)   63        48      2004
                                             1964


SUNRISE AND SUNSET
AUGUST 13 2014........SUNRISE   617 AM CDT   SUNSET   811 PM CDT
AUGUST 14 2014........SUNRISE   618 AM CDT   SUNSET   810 PM CDT


-  INDICATES NEGATIVE NUMBERS.
R  INDICATES RECORD WAS SET OR TIED.
MM INDICATES DATA IS MISSING.
T  INDICATES TRACE AMOUNT.




$$
