000
CDUS43 KDMX 050640 RRA
CLIOTM

CLIMATE REPORT
NATIONAL WEATHER SERVICE DES MOINES IA
139 AM CDT WED APR 5 2017


...................................

...THE OTTUMWA IA CLIMATE SUMMARY FOR APRIL 4 2017...

CLIMATE NORMAL PERIOD 1981 TO 2010
CLIMATE RECORD PERIOD 1920 TO 2017


WEATHER ITEM   OBSERVED TIME   RECORD YEAR NORMAL DEPARTURE LAST
                VALUE   (LST)  VALUE       VALUE  FROM      YEAR
                                                  NORMAL
..................................................................
TEMPERATURE (F)
 YESTERDAY
  MAXIMUM         55   1154 AM  85    1929  58     -3       54
  MINIMUM         48   1159 PM  15    2002  35     13       32
  AVERAGE         52                        47      5       43

PRECIPITATION (IN)
  YESTERDAY        0.20          1.60 1911   0.09   0.11     0.00
  MONTH TO DATE    0.75                      0.36   0.39     0.05
  SINCE MAR 1      3.95                      2.60   1.35     1.27
  SINCE JAN 1      5.54                      4.78   0.76     2.57

DEGREE DAYS
 HEATING
  YESTERDAY       13                        19     -6       22
  MONTH TO DATE   60                        77    -17       83
  SINCE MAR 1    787                       888   -101      698
  SINCE JUL 1   4594                      5773  -1179     4752

 COOLING
  YESTERDAY        0                         0      0        0
  MONTH TO DATE    0                         0      0        0
  SINCE MAR 1      0                         1     -1        0
  SINCE JAN 1      0                         1     -1        0
..................................................................


WIND (MPH)
  HIGHEST WIND SPEED    20   HIGHEST WIND DIRECTION    NW (320)
  HIGHEST GUST SPEED    23   HIGHEST GUST DIRECTION    NW (330)
  AVERAGE WIND SPEED    10.3


SKY COVER
  POSSIBLE SUNSHINE  MM
  AVERAGE SKY COVER 1.0


WEATHER CONDITIONS
 THE FOLLOWING WEATHER WAS RECORDED YESTERDAY.
  LIGHT RAIN
  FOG


RELATIVE HUMIDITY (PERCENT)
 HIGHEST   100           300 AM
 LOWEST     66          1200 PM
 AVERAGE    83

..........................................................


THE OTTUMWA IA CLIMATE NORMALS FOR TODAY
                         NORMAL    RECORD    YEAR
 MAXIMUM TEMPERATURE (F)   58        86      2000
 MINIMUM TEMPERATURE (F)   36        18      1982


SUNRISE AND SUNSET
APRIL  5 2017.........SUNRISE   646 AM CDT   SUNSET   739 PM CDT
APRIL  6 2017.........SUNRISE   644 AM CDT   SUNSET   740 PM CDT


-  INDICATES NEGATIVE NUMBERS.
R  INDICATES RECORD WAS SET OR TIED.
MM INDICATES DATA IS MISSING.
T  INDICATES TRACE AMOUNT.




$$
