000
CDUS43 KDMX 211124 CCA
CLIOTM

CLIMATE REPORT
NATIONAL WEATHER SERVICE DES MOINES IA
617 AM CDT SUN SEP 21 2014


...................................

...THE OTTUMWA IA CLIMATE SUMMARY FOR SEPTEMBER 20 2014...

CLIMATE NORMAL PERIOD 1981 TO 2010
CLIMATE RECORD PERIOD 1920 TO 2014


WEATHER ITEM   OBSERVED TIME   RECORD YEAR NORMAL DEPARTURE LAST
                VALUE   (LST)  VALUE       VALUE  FROM      YEAR
                                                  NORMAL
..................................................................
TEMPERATURE (F)
 YESTERDAY
  MAXIMUM         81    316 PM  95    1940  74      7       71
  MINIMUM         62   1159 PM  32    2006  51     11       52
  AVERAGE         72                        63      9       62

PRECIPITATION (IN)
  YESTERDAY        T             3.31 1965   0.13  -0.13     0.00
  MONTH TO DATE    4.16                      2.64   1.52     0.68
  SINCE SEP 1      4.16                      2.64   1.52     0.68
  SINCE JAN 1     35.13                     29.34   5.79    29.79

DEGREE DAYS
 HEATING
  YESTERDAY        0                         5     -5        3
  MONTH TO DATE  101                        47     54       32
  SINCE SEP 1    101                        47     54       32
  SINCE JUL 1    114                        58     56       48

 COOLING
  YESTERDAY        7                         2      5        0
  MONTH TO DATE   48                        78    -30      151
  SINCE SEP 1     48                        78    -30      151
  SINCE JAN 1    780                       912   -132      966
..................................................................


WIND (MPH)
  HIGHEST WIND SPEED    28   HIGHEST WIND DIRECTION    NW (320)
  HIGHEST GUST SPEED    36   HIGHEST GUST DIRECTION     N (340)
  AVERAGE WIND SPEED    10.3


SKY COVER
  POSSIBLE SUNSHINE  MM
  AVERAGE SKY COVER 0.3


WEATHER CONDITIONS
 THE FOLLOWING WEATHER WAS RECORDED YESTERDAY.
  FOG


RELATIVE HUMIDITY (PERCENT)
 HIGHEST   100           500 AM
 LOWEST     62           200 PM
 AVERAGE    81

..........................................................


THE OTTUMWA IA CLIMATE NORMALS FOR TODAY
                         NORMAL    RECORD    YEAR
 MAXIMUM TEMPERATURE (F)   74        95      1940
 MINIMUM TEMPERATURE (F)   50        36      1999


SUNRISE AND SUNSET
SEPTEMBER 21 2014.....SUNRISE   656 AM CDT   SUNSET   709 PM CDT
SEPTEMBER 22 2014.....SUNRISE   657 AM CDT   SUNSET   707 PM CDT


-  INDICATES NEGATIVE NUMBERS.
R  INDICATES RECORD WAS SET OR TIED.
MM INDICATES DATA IS MISSING.
T  INDICATES TRACE AMOUNT.




$$
