183
CDUS43 KDMX 050647 RRB
CLIOTM

CLIMATE REPORT
NATIONAL WEATHER SERVICE DES MOINES IA
1245 AM CST FRI FEB 5 2016

...................................

...THE OTTUMWA IA CLIMATE SUMMARY FOR FEBRUARY 4 2016...

CLIMATE NORMAL PERIOD 1981 TO 2010
CLIMATE RECORD PERIOD 1920 TO 2016


WEATHER ITEM   OBSERVED TIME   RECORD YEAR NORMAL DEPARTURE LAST
                VALUE   (LST)  VALUE       VALUE  FROM      YEAR
                                                  NORMAL
..................................................................
TEMPERATURE (F)
 YESTERDAY
  MAXIMUM         38    350 PM  59    2005  33      5       19
  MINIMUM         16    730 AM -19    1996  15      1       -4
  AVERAGE         27                        24      3        8

PRECIPITATION (IN)
  YESTERDAY        0.00          0.80 1903   0.03  -0.03     0.15
  MONTH TO DATE    0.29                      0.12   0.17     0.64
  SINCE DEC 1      4.36                      2.39   1.97     2.85
  SINCE JAN 1      0.33                      1.02  -0.69     1.87

DEGREE DAYS
 HEATING
  YESTERDAY       38                        41     -3       57
  MONTH TO DATE  139                       165    -26      205
  SINCE DEC 1   2205                      2689   -484     2484
  SINCE JUL 1   3216                      3987   -771     3992

 COOLING
  YESTERDAY        0                         0      0        0
  MONTH TO DATE    0                         0      0        0
  SINCE DEC 1      0                         0      0        0
  SINCE JAN 1      0                         0      0        0
..................................................................


WIND (MPH)
  HIGHEST WIND SPEED    21   HIGHEST WIND DIRECTION    NW (310)
  HIGHEST GUST SPEED    26   HIGHEST GUST DIRECTION     W (290)
  AVERAGE WIND SPEED    10.0


SKY COVER
  POSSIBLE SUNSHINE  MM
  AVERAGE SKY COVER 0.5


WEATHER CONDITIONS
 THE FOLLOWING WEATHER WAS RECORDED YESTERDAY.
  NO SIGNIFICANT WEATHER WAS OBSERVED.


RELATIVE HUMIDITY (PERCENT)
 HIGHEST    92           500 AM
 LOWEST     59           200 PM
 AVERAGE    76

..........................................................


THE OTTUMWA IA CLIMATE NORMALS FOR TODAY
                         NORMAL    RECORD    YEAR
 MAXIMUM TEMPERATURE (F)   33        67      1946
 MINIMUM TEMPERATURE (F)   15       -28      1936


SUNRISE AND SUNSET
FEBRUARY  5 2016......SUNRISE   717 AM CST   SUNSET   531 PM CST
FEBRUARY  6 2016......SUNRISE   716 AM CST   SUNSET   532 PM CST


-  INDICATES NEGATIVE NUMBERS.
R  INDICATES RECORD WAS SET OR TIED.
MM INDICATES DATA IS MISSING.
T  INDICATES TRACE AMOUNT.




$$
