572
CDUS43 KDMX 240647
CLIOTM

CLIMATE REPORT
NATIONAL WEATHER SERVICE DES MOINES IA
144 AM CDT SAT SEP 24 2016

...................................

...THE OTTUMWA IA CLIMATE SUMMARY FOR SEPTEMBER 23 2016...

CLIMATE NORMAL PERIOD 1981 TO 2010
CLIMATE RECORD PERIOD 1920 TO 2016


WEATHER ITEM   OBSERVED TIME   RECORD YEAR NORMAL DEPARTURE LAST
                VALUE   (LST)  VALUE       VALUE  FROM      YEAR
                                                  NORMAL
..................................................................
TEMPERATURE (F)
 YESTERDAY
  MAXIMUM         88    331 PM  93    1938  73     15       81
  MINIMUM         69   1159 PM  30    2012  50     19       60
  AVERAGE         79                        61     18       71

PRECIPITATION (IN)
  YESTERDAY        0.00          4.03 1902   0.11  -0.11     0.00
  MONTH TO DATE    1.01                      3.00  -1.99     4.26
  SINCE SEP 1      1.01                      3.00  -1.99     4.26
  SINCE JAN 1     22.20                     29.70  -7.50    29.97

DEGREE DAYS
 HEATING
  YESTERDAY        0                         5     -5        0
  MONTH TO DATE    4                        62    -58       36
  SINCE SEP 1      4                        62    -58       36
  SINCE JUL 1     11                        73    -62       58

 COOLING
  YESTERDAY       14                         2     12        6
  MONTH TO DATE  159                        84     75      177
  SINCE SEP 1    159                        84     75      177
  SINCE JAN 1   1058                       918    140      905
..................................................................


WIND (MPH)
  HIGHEST WIND SPEED    15   HIGHEST WIND DIRECTION    NE (50)
  HIGHEST GUST SPEED    18   HIGHEST GUST DIRECTION    NE (60)
  AVERAGE WIND SPEED     7.6


SKY COVER
  POSSIBLE SUNSHINE  MM
  AVERAGE SKY COVER 0.2


WEATHER CONDITIONS
 THE FOLLOWING WEATHER WAS RECORDED YESTERDAY.
  FOG


RELATIVE HUMIDITY (PERCENT)
 HIGHEST    97          1100 PM
 LOWEST     46           300 PM
 AVERAGE    72

..........................................................


THE OTTUMWA IA CLIMATE NORMALS FOR TODAY
                         NORMAL    RECORD    YEAR
 MAXIMUM TEMPERATURE (F)   73        91      1984
 MINIMUM TEMPERATURE (F)   49        32      1942


SUNRISE AND SUNSET
SEPTEMBER 24 2016.....SUNRISE   700 AM CDT   SUNSET   703 PM CDT
SEPTEMBER 25 2016.....SUNRISE   701 AM CDT   SUNSET   701 PM CDT


-  INDICATES NEGATIVE NUMBERS.
R  INDICATES RECORD WAS SET OR TIED.
MM INDICATES DATA IS MISSING.
T  INDICATES TRACE AMOUNT.




$$
