183
CDUS43 KDMX 240643
CLIOTM

CLIMATE REPORT
NATIONAL WEATHER SERVICE DES MOINES IA
141 AM CDT WED MAY 24 2017


...................................

...THE OTTUMWA IA CLIMATE SUMMARY FOR MAY 23 2017...

CLIMATE NORMAL PERIOD 1981 TO 2010
CLIMATE RECORD PERIOD 1920 TO 2017


WEATHER ITEM   OBSERVED TIME   RECORD YEAR NORMAL DEPARTURE LAST
                VALUE   (LST)  VALUE       VALUE  FROM      YEAR
                                                  NORMAL
..................................................................
TEMPERATURE (F)
 YESTERDAY
  MAXIMUM         65   1143 AM  93    1939  74     -9       83
  MINIMUM         45   1159 PM  35    1931  53     -8       57
  AVERAGE         55                        64     -9       70

PRECIPITATION (IN)
  YESTERDAY        T             1.69 1995   0.15  -0.15     0.00
  MONTH TO DATE    2.25                      3.43  -1.18     2.08
  SINCE MAR 1     10.51                      9.07   1.44     5.95
  SINCE JAN 1     12.10                     11.25   0.85     7.25

DEGREE DAYS
 HEATING
  YESTERDAY       10                         4      6        0
  MONTH TO DATE  138                       143     -5      188
  SINCE MAR 1   1175                      1388   -213     1210
  SINCE JUL 1   4982                      6273  -1291     5264

 COOLING
  YESTERDAY        0                         2     -2        5
  MONTH TO DATE   43                        31     12        8
  SINCE MAR 1     58                        42     16       17
  SINCE JAN 1     58                        42     16       17
..................................................................


WIND (MPH)
  HIGHEST WIND SPEED    18   HIGHEST WIND DIRECTION    NW (320)
  HIGHEST GUST SPEED    23   HIGHEST GUST DIRECTION    NW (320)
  AVERAGE WIND SPEED     9.2


SKY COVER
  POSSIBLE SUNSHINE  MM
  AVERAGE SKY COVER 0.5


WEATHER CONDITIONS
 THE FOLLOWING WEATHER WAS RECORDED YESTERDAY.
  LIGHT RAIN
  FOG


RELATIVE HUMIDITY (PERCENT)
 HIGHEST   100           300 AM
 LOWEST     56           400 PM
 AVERAGE    78

..........................................................


THE OTTUMWA IA CLIMATE NORMALS FOR TODAY
                         NORMAL    RECORD    YEAR
 MAXIMUM TEMPERATURE (F)   75        98      1939
 MINIMUM TEMPERATURE (F)   53        37      1931


SUNRISE AND SUNSET
MAY 24 2017...........SUNRISE   544 AM CDT   SUNSET   830 PM CDT
MAY 25 2017...........SUNRISE   543 AM CDT   SUNSET   831 PM CDT


-  INDICATES NEGATIVE NUMBERS.
R  INDICATES RECORD WAS SET OR TIED.
MM INDICATES DATA IS MISSING.
T  INDICATES TRACE AMOUNT.




$$
