000
CDUS43 KDMX 150708 RRB
CLIOTM

CLIMATE REPORT
NATIONAL WEATHER SERVICE DES MOINES IA
107 AM CST WED NOV 15 2017


...................................

...THE OTTUMWA IA CLIMATE SUMMARY FOR NOVEMBER 14 2017...

CLIMATE NORMAL PERIOD 1981 TO 2010
CLIMATE RECORD PERIOD 1920 TO 2017


WEATHER ITEM   OBSERVED TIME   RECORD YEAR NORMAL DEPARTURE LAST
                VALUE   (LST)  VALUE       VALUE  FROM      YEAR
                                                  NORMAL
..................................................................
TEMPERATURE (F)
 YESTERDAY
  MAXIMUM         50   1159 PM  75    1964  50      0       64
  MINIMUM         41    133 AM   4    1959  31     10       36
  AVERAGE         46                        40      6       50

PRECIPITATION (IN)
  YESTERDAY        0.01          0.70 1968   0.09  -0.08     0.00
  MONTH TO DATE    0.39                      1.22  -0.83     0.09
  SINCE SEP 1      6.92                      7.84  -0.92     2.11
  SINCE JAN 1     22.76                     34.54 -11.78    23.30

DEGREE DAYS
 HEATING
  YESTERDAY       19                        25     -6       15
  MONTH TO DATE  380                       302     78      170
  SINCE SEP 1    730                       815    -85      429
  SINCE JUL 1    730                       826    -96      436

 COOLING
  YESTERDAY        0                         0      0        0
  MONTH TO DATE    0                         0      0        3
  SINCE SEP 1    195                       104     91      221
  SINCE JAN 1   1120                       938    182     1120
..................................................................


WIND (MPH)
  HIGHEST WIND SPEED    20   HIGHEST WIND DIRECTION     S (170)
  HIGHEST GUST SPEED    23   HIGHEST GUST DIRECTION     S (170)
  AVERAGE WIND SPEED    11.8


SKY COVER
  POSSIBLE SUNSHINE  MM
  AVERAGE SKY COVER 1.0


WEATHER CONDITIONS
 THE FOLLOWING WEATHER WAS RECORDED YESTERDAY.
  LIGHT RAIN
  FOG


RELATIVE HUMIDITY (PERCENT)
 HIGHEST   100           800 PM
 LOWEST     76           200 AM
 AVERAGE    88

..........................................................


THE OTTUMWA IA CLIMATE NORMALS FOR TODAY
                         NORMAL    RECORD    YEAR
 MAXIMUM TEMPERATURE (F)   49        76      1950
 MINIMUM TEMPERATURE (F)   30         4      1959


SUNRISE AND SUNSET
NOVEMBER 15 2017......SUNRISE   658 AM CST   SUNSET   451 PM CST
NOVEMBER 16 2017......SUNRISE   659 AM CST   SUNSET   450 PM CST


-  INDICATES NEGATIVE NUMBERS.
R  INDICATES RECORD WAS SET OR TIED.
MM INDICATES DATA IS MISSING.
T  INDICATES TRACE AMOUNT.




$$
