560
CDUS43 KDMX 310633 RRB
CLIOTM

CLIMATE REPORT
NATIONAL WEATHER SERVICE DES MOINES IA
1232 AM CST SAT DEC 31 2016


...................................

...THE OTTUMWA IA CLIMATE SUMMARY FOR DECEMBER 30 2016...

CLIMATE NORMAL PERIOD 1981 TO 2010
CLIMATE RECORD PERIOD 1920 TO 2016


WEATHER ITEM   OBSERVED TIME   RECORD YEAR NORMAL DEPARTURE LAST
                VALUE   (LST)  VALUE       VALUE  FROM      YEAR
                                                  NORMAL
..................................................................
TEMPERATURE (F)
 YESTERDAY
  MAXIMUM         48   1025 PM  64    1965  32     16       28
  MINIMUM         20    738 AM -10    1968  14      6       19
  AVERAGE         34                        23     11       24

PRECIPITATION (IN)
  YESTERDAY        0.00          0.61 1931   0.03  -0.03      T
  MONTH TO DATE    1.37                      1.34   0.03     4.03
  SINCE DEC 1      1.37                      1.34   0.03     4.03
  SINCE JAN 1     25.29                     37.04 -11.75    40.72

DEGREE DAYS
 HEATING
  YESTERDAY       31                        42    -11       41
  MONTH TO DATE 1123                      1166    -43      803
  SINCE DEC 1   1123                      1166    -43      803
  SINCE JUL 1   1907                      2464   -557     1814

 COOLING
  YESTERDAY        0                         0      0        0
  MONTH TO DATE    0                         0      0        0
  SINCE DEC 1      0                         0      0        0
  SINCE JAN 1   1122                       938    184      933
..................................................................


WIND (MPH)
  HIGHEST WIND SPEED    23   HIGHEST WIND DIRECTION     S (190)
  HIGHEST GUST SPEED    30   HIGHEST GUST DIRECTION     S (180)
  AVERAGE WIND SPEED    12.7


SKY COVER
  POSSIBLE SUNSHINE  MM
  AVERAGE SKY COVER 0.1


WEATHER CONDITIONS
 THE FOLLOWING WEATHER WAS RECORDED YESTERDAY.
  HAZE


RELATIVE HUMIDITY (PERCENT)
 HIGHEST    81           500 AM
 LOWEST     31           900 PM
 AVERAGE    56

..........................................................


THE OTTUMWA IA CLIMATE NORMALS FOR TODAY
                         NORMAL    RECORD    YEAR
 MAXIMUM TEMPERATURE (F)   32        63      1965
 MINIMUM TEMPERATURE (F)   14       -13      1968


SUNRISE AND SUNSET
DECEMBER 31 2016......SUNRISE   735 AM CST   SUNSET   451 PM CST
JANUARY  1 2017.......SUNRISE   735 AM CST   SUNSET   452 PM CST


-  INDICATES NEGATIVE NUMBERS.
R  INDICATES RECORD WAS SET OR TIED.
MM INDICATES DATA IS MISSING.
T  INDICATES TRACE AMOUNT.




$$
