000
CDUS43 KDMX 030701 RRA
CLIOTM

CLIMATE REPORT
NATIONAL WEATHER SERVICE DES MOINES IA
142 AM CDT SUN SEP 3 2017

...................................

...THE OTTUMWA IA CLIMATE SUMMARY FOR SEPTEMBER 2 2017...

CLIMATE NORMAL PERIOD 1981 TO 2010
CLIMATE RECORD PERIOD 1920 TO 2017

WEATHER ITEM   OBSERVED TIME   RECORD YEAR NORMAL DEPARTURE LAST
                VALUE   (LST)  VALUE       VALUE  FROM      YEAR
                                                  NORMAL
..................................................................
TEMPERATURE (F)
 YESTERDAY
  MAXIMUM         83    335 PM 102    1897  81      2       77
  MINIMUM         54    111 AM  40    1946  59     -5       54
  AVERAGE         69                        70     -1       66

PRECIPITATION (IN)
  YESTERDAY        T             2.45 1918   0.14  -0.14     0.00
  MONTH TO DATE    T                         0.28  -0.28     0.00
  SINCE SEP 1      T                         0.28  -0.28     0.00
  SINCE JAN 1     15.84                     26.98 -11.14    21.19

DEGREE DAYS
 HEATING
  YESTERDAY        0                         1     -1        0
  MONTH TO DATE    2                         2      0        0
  SINCE SEP 1      2                         2      0        0
  SINCE JUL 1      2                        13    -11        7

 COOLING
  YESTERDAY        4                         6     -2        1
  MONTH TO DATE    4                        12     -8        3
  SINCE SEP 1      4                        12     -8        3
  SINCE JAN 1    929                       846     83      902
..................................................................

WIND (MPH)
  HIGHEST WIND SPEED    17   HIGHEST WIND DIRECTION    SW (240)
  HIGHEST GUST SPEED    22   HIGHEST GUST DIRECTION    SW (240)
  AVERAGE WIND SPEED     6.5

SKY COVER
  POSSIBLE SUNSHINE  MM
  AVERAGE SKY COVER 0.4

WEATHER CONDITIONS
 THE FOLLOWING WEATHER WAS RECORDED YESTERDAY.
  LIGHT RAIN
  FOG
  FOG W/VISIBILITY <= 1/4 MILE

RELATIVE HUMIDITY (PERCENT)
 HIGHEST   100          1100 PM
 LOWEST     50          1200 PM
 AVERAGE    75
..........................................................

THE OTTUMWA IA CLIMATE NORMALS FOR TODAY
                         NORMAL    RECORD    YEAR
 MAXIMUM TEMPERATURE (F)   81       100      1925
 MINIMUM TEMPERATURE (F)   58        40      1974

SUNRISE AND SUNSET
SEPTEMBER  3 2017.....SUNRISE   639 AM CDT   SUNSET   739 PM CDT
SEPTEMBER  4 2017.....SUNRISE   640 AM CDT   SUNSET   737 PM CDT

-  INDICATES NEGATIVE NUMBERS.
R  INDICATES RECORD WAS SET OR TIED.
MM INDICATES DATA IS MISSING.
T  INDICATES TRACE AMOUNT.

$$

FAB
