000
CDUS43 KDMX 160632
CLIOTM

CLIMATE REPORT
NATIONAL WEATHER SERVICE DES MOINES IA
127 AM CDT THU MAR 16 2017

...................................

...THE OTTUMWA IA CLIMATE SUMMARY FOR MARCH 15 2017...

CLIMATE NORMAL PERIOD 1981 TO 2010
CLIMATE RECORD PERIOD 1920 TO 2017


WEATHER ITEM   OBSERVED TIME   RECORD YEAR NORMAL DEPARTURE LAST
                VALUE   (LST)  VALUE       VALUE  FROM      YEAR
                                                  NORMAL
..................................................................
TEMPERATURE (F)
 YESTERDAY
  MAXIMUM         37    353 PM  80    2012  49    -12       65
  MINIMUM          7R   550 AM  10    1979  28    -21       47
  AVERAGE         22                        38    -16       56

PRECIPITATION (IN)
  YESTERDAY        0.00          2.28 1919   0.07  -0.07     0.34
  MONTH TO DATE    0.38                      1.01  -0.63     0.66
  SINCE MAR 1      0.38                      1.01  -0.63     0.66
  SINCE JAN 1      1.97                      3.19  -1.22     1.96

DEGREE DAYS
 HEATING
  YESTERDAY       43                        26     17        9
  MONTH TO DATE  430                       443    -13      282
  SINCE MAR 1    430                       443    -13      282
  SINCE JUL 1   4237                      5328  -1091     4336

 COOLING
  YESTERDAY        0                         0      0        0
  MONTH TO DATE    0                         0      0        0
  SINCE MAR 1      0                         0      0        0
  SINCE JAN 1      0                         0      0        0
..................................................................


WIND (MPH)
  HIGHEST WIND SPEED     9   HIGHEST WIND DIRECTION     S (200)
  HIGHEST GUST SPEED    14   HIGHEST GUST DIRECTION    SW (220)
  AVERAGE WIND SPEED     5.1


SKY COVER
  POSSIBLE SUNSHINE  MM
  AVERAGE SKY COVER 0.0


WEATHER CONDITIONS
 THE FOLLOWING WEATHER WAS RECORDED YESTERDAY.
  NO SIGNIFICANT WEATHER WAS OBSERVED.


RELATIVE HUMIDITY (PERCENT)
 HIGHEST    83           700 AM
 LOWEST     29           300 PM
 AVERAGE    56

..........................................................


THE OTTUMWA IA CLIMATE NORMALS FOR TODAY
                         NORMAL    RECORD    YEAR
 MAXIMUM TEMPERATURE (F)   49        88      1927
 MINIMUM TEMPERATURE (F)   29         1      1951


SUNRISE AND SUNSET
MARCH 16 2017.........SUNRISE   719 AM CDT   SUNSET   718 PM CDT
MARCH 17 2017.........SUNRISE   718 AM CDT   SUNSET   719 PM CDT


-  INDICATES NEGATIVE NUMBERS.
R  INDICATES RECORD WAS SET OR TIED.
MM INDICATES DATA IS MISSING.
T  INDICATES TRACE AMOUNT.

$$

ANSORGE
