000
CDUS43 KDMX 230633 RRB
CLIOTM

CLIMATE REPORT
NATIONAL WEATHER SERVICE DES MOINES IA
1230 AM CST SAT JAN 23 2016


...................................

...THE OTTUMWA IA CLIMATE SUMMARY FOR JANUARY 22 2016...

CLIMATE NORMAL PERIOD 1981 TO 2010
CLIMATE RECORD PERIOD 1920 TO 2016


WEATHER ITEM   OBSERVED TIME   RECORD YEAR NORMAL DEPARTURE LAST
                VALUE   (LST)  VALUE       VALUE  FROM      YEAR
                                                  NORMAL
..................................................................
TEMPERATURE (F)
 YESTERDAY
  MAXIMUM         26    204 PM  63    2002  32     -6       33
                                      1967
  MINIMUM         15    258 AM -36    1930  13      2       28
  AVERAGE         21                        22     -1       31

PRECIPITATION (IN)
  YESTERDAY        T             0.49 1965   0.03  -0.03     0.00
  MONTH TO DATE    0.02                      0.66  -0.64     0.39
  SINCE DEC 1      4.05                      2.03   2.02     1.37
  SINCE JAN 1      0.02                      0.66  -0.64     0.39

DEGREE DAYS
 HEATING
  YESTERDAY       44                        43      1       34
  MONTH TO DATE  978                       940     38      953
  SINCE DEC 1   1824                      2147   -323     1996
  SINCE JUL 1   2835                      3445   -610     3504

 COOLING
  YESTERDAY        0                         0      0        0
  MONTH TO DATE    0                         0      0        0
  SINCE DEC 1      0                         0      0        0
  SINCE JAN 1      0                         0      0        0
..................................................................


WIND (MPH)
  HIGHEST WIND SPEED    17   HIGHEST WIND DIRECTION     N (10)
  HIGHEST GUST SPEED    20   HIGHEST GUST DIRECTION     N (10)
  AVERAGE WIND SPEED     9.5


SKY COVER
  POSSIBLE SUNSHINE  MM
  AVERAGE SKY COVER 0.9


WEATHER CONDITIONS
 THE FOLLOWING WEATHER WAS RECORDED YESTERDAY.
  LIGHT SNOW
  FOG
  HAZE


RELATIVE HUMIDITY (PERCENT)
 HIGHEST    92           100 AM
 LOWEST     74           400 PM
 AVERAGE    83

..........................................................


THE OTTUMWA IA CLIMATE NORMALS FOR TODAY
                         NORMAL    RECORD    YEAR
 MAXIMUM TEMPERATURE (F)   32        64      1942
 MINIMUM TEMPERATURE (F)   13       -21      1963


SUNRISE AND SUNSET
JANUARY 23 2016.......SUNRISE   728 AM CST   SUNSET   515 PM CST
JANUARY 24 2016.......SUNRISE   728 AM CST   SUNSET   516 PM CST


-  INDICATES NEGATIVE NUMBERS.
R  INDICATES RECORD WAS SET OR TIED.
MM INDICATES DATA IS MISSING.
T  INDICATES TRACE AMOUNT.




$$
