000
CDUS43 KDMX 200635
CLIOTM

CLIMATE REPORT
NATIONAL WEATHER SERVICE DES MOINES IA
128 AM CDT FRI JUN 20 2014

...................................

...THE OTTUMWA IA CLIMATE SUMMARY FOR JUNE 19 2014...

CLIMATE NORMAL PERIOD 1981 TO 2010
CLIMATE RECORD PERIOD 1920 TO 2014


WEATHER ITEM   OBSERVED TIME   RECORD YEAR NORMAL DEPARTURE LAST
                VALUE   (LST)  VALUE       VALUE  FROM      YEAR
                                                  NORMAL
..................................................................
TEMPERATURE (F)
 YESTERDAY
  MAXIMUM         83   1216 PM 104    1936  83      0       82
  MINIMUM         65   1159 PM  46    1916  62      3       60
  AVERAGE         74                        72      2       71

PRECIPITATION (IN)
  YESTERDAY        1.63          1.75 1906   0.16   1.47     0.00
  MONTH TO DATE    4.84                      3.23   1.61     1.64
  SINCE JUN 1      4.84                      3.23   1.61     1.64
  SINCE JAN 1     15.68                     15.76  -0.08    25.96

DEGREE DAYS
 HEATING
  YESTERDAY        0                         0      0        0
  MONTH TO DATE    9                        19    -10       26
  SINCE JUN 1      9                        19    -10       26
  SINCE JUL 1   7106                      6315    791     6271

 COOLING
  YESTERDAY        9                         8      1        6
  MONTH TO DATE  104                       104      0       70
  SINCE JUN 1    104                       104      0       70
  SINCE JAN 1    215                       168     47      147
..................................................................


WIND (MPH)
  HIGHEST WIND SPEED    32   HIGHEST WIND DIRECTION     W (250)
  HIGHEST GUST SPEED    43   HIGHEST GUST DIRECTION     W (250)
  AVERAGE WIND SPEED     8.5


SKY COVER
  POSSIBLE SUNSHINE  MM
  AVERAGE SKY COVER 0.4


WEATHER CONDITIONS
 THE FOLLOWING WEATHER WAS RECORDED YESTERDAY.
  HEAVY RAIN
  RAIN
  LIGHT RAIN
  FOG


RELATIVE HUMIDITY (PERCENT)
 HIGHEST    93           800 PM
 LOWEST     69          1000 AM
 AVERAGE    81

..........................................................


THE OTTUMWA IA CLIMATE NORMALS FOR TODAY
                         NORMAL    RECORD    YEAR
 MAXIMUM TEMPERATURE (F)   83       102      1936
 MINIMUM TEMPERATURE (F)   62        47      1920


SUNRISE AND SUNSET
JUNE 20 2014..........SUNRISE   537 AM CDT   SUNSET   846 PM CDT
JUNE 21 2014..........SUNRISE   537 AM CDT   SUNSET   846 PM CDT


-  INDICATES NEGATIVE NUMBERS.
R  INDICATES RECORD WAS SET OR TIED.
MM INDICATES DATA IS MISSING.
T  INDICATES TRACE AMOUNT.




$$
