000
CDUS43 KDMX 180640 RRC
CLIOTM

CLIMATE REPORT
NATIONAL WEATHER SERVICE DES MOINES IA
138 AM CDT TUE APR 18 2017


...................................

...THE OTTUMWA IA CLIMATE SUMMARY FOR APRIL 17 2017...

CLIMATE NORMAL PERIOD 1981 TO 2010
CLIMATE RECORD PERIOD 1920 TO 2017


WEATHER ITEM   OBSERVED TIME   RECORD YEAR NORMAL DEPARTURE LAST
                VALUE   (LST)  VALUE       VALUE  FROM      YEAR
                                                  NORMAL
..................................................................
TEMPERATURE (F)
 YESTERDAY
  MAXIMUM         74    305 PM  86    2004  63     11       81
  MINIMUM         43    534 AM  24    1907  40      3       53
  AVERAGE         59                        52      7       67

PRECIPITATION (IN)
  YESTERDAY        0.00          4.88 2013   0.11  -0.11     0.00
  MONTH TO DATE    2.86                      1.72   1.14     0.46
  SINCE MAR 1      6.06                      3.96   2.10     1.68
  SINCE JAN 1      7.65                      6.14   1.51     2.98

DEGREE DAYS
 HEATING
  YESTERDAY        6                        14     -8        0
  MONTH TO DATE  167                       285   -118      296
  SINCE MAR 1    894                      1096   -202      911
  SINCE JUL 1   4701                      5981  -1280     4965

 COOLING
  YESTERDAY        0                         0      0        2
  MONTH TO DATE   11                         0     11        2
  SINCE MAR 1     11                         1     10        2
  SINCE JAN 1     11                         1     10        2
..................................................................


WIND (MPH)
  HIGHEST WIND SPEED    13   HIGHEST WIND DIRECTION     S (180)
  HIGHEST GUST SPEED    16   HIGHEST GUST DIRECTION    SE (130)
  AVERAGE WIND SPEED     5.7


SKY COVER
  POSSIBLE SUNSHINE  MM
  AVERAGE SKY COVER 0.0


WEATHER CONDITIONS
 THE FOLLOWING WEATHER WAS RECORDED YESTERDAY.
  NO SIGNIFICANT WEATHER WAS OBSERVED.


RELATIVE HUMIDITY (PERCENT)
 HIGHEST   100           400 AM
 LOWEST     27           200 PM
 AVERAGE    64

..........................................................


THE OTTUMWA IA CLIMATE NORMALS FOR TODAY
                         NORMAL    RECORD    YEAR
 MAXIMUM TEMPERATURE (F)   63        87      1985
 MINIMUM TEMPERATURE (F)   40        19      1983


SUNRISE AND SUNSET
APRIL 18 2017.........SUNRISE   626 AM CDT   SUNSET   753 PM CDT
APRIL 19 2017.........SUNRISE   624 AM CDT   SUNSET   754 PM CDT


-  INDICATES NEGATIVE NUMBERS.
R  INDICATES RECORD WAS SET OR TIED.
MM INDICATES DATA IS MISSING.
T  INDICATES TRACE AMOUNT.




$$
