000
CDUS43 KDMX 010627 RRB
CLIOTM

CLIMATE REPORT
NATIONAL WEATHER SERVICE DES MOINES IA
126 AM CDT WED NOV 1 2017


...................................

...THE OTTUMWA IA CLIMATE SUMMARY FOR OCTOBER 31 2017...

CLIMATE NORMAL PERIOD 1981 TO 2010
CLIMATE RECORD PERIOD 1920 TO 2017


WEATHER ITEM   OBSERVED TIME   RECORD YEAR NORMAL DEPARTURE LAST
                VALUE   (LST)  VALUE       VALUE  FROM      YEAR
                                                  NORMAL
..................................................................
TEMPERATURE (F)
 YESTERDAY
  MAXIMUM         38    204 PM  85    1950  57    -19       73
  MINIMUM         24    659 AM  16    1925  37    -13       43
  AVERAGE         31                        47    -16       58

PRECIPITATION (IN)
  YESTERDAY        0.00          2.00 1900   0.09  -0.09     0.00
  MONTH TO DATE    2.86                      2.83   0.03     1.01
  SINCE SEP 1      6.53                      6.62  -0.09     2.02
  SINCE JAN 1     22.37                     33.32 -10.95    23.21

DEGREE DAYS
 HEATING
  YESTERDAY       34                        18     16        7
  MONTH TO DATE  313                       402    -89      226
  SINCE SEP 1    350                       513   -163      259
  SINCE JUL 1    350                       524   -174      266

 COOLING
  YESTERDAY        0                         0      0        0
  MONTH TO DATE   26                        11     15       45
  SINCE SEP 1    195                       104     91      218
  SINCE JAN 1   1120                       938    182     1117
..................................................................


WIND (MPH)
  HIGHEST WIND SPEED    23   HIGHEST WIND DIRECTION    NW (300)
  HIGHEST GUST SPEED    30   HIGHEST GUST DIRECTION    NW (320)
  AVERAGE WIND SPEED     7.6


SKY COVER
  POSSIBLE SUNSHINE  MM
  AVERAGE SKY COVER 0.6


WEATHER CONDITIONS
 THE FOLLOWING WEATHER WAS RECORDED YESTERDAY.
  NO SIGNIFICANT WEATHER WAS OBSERVED.


RELATIVE HUMIDITY (PERCENT)
 HIGHEST    69           800 AM
 LOWEST     40           300 PM
 AVERAGE    55

..........................................................


THE OTTUMWA IA CLIMATE NORMALS FOR TODAY
                         NORMAL    RECORD    YEAR
 MAXIMUM TEMPERATURE (F)   57        83      1938
 MINIMUM TEMPERATURE (F)   36        18      2014


SUNRISE AND SUNSET
NOVEMBER  1 2017......SUNRISE   741 AM CDT   SUNSET   605 PM CDT
NOVEMBER  2 2017......SUNRISE   742 AM CDT   SUNSET   604 PM CDT


-  INDICATES NEGATIVE NUMBERS.
R  INDICATES RECORD WAS SET OR TIED.
MM INDICATES DATA IS MISSING.
T  INDICATES TRACE AMOUNT.




$$
