000
CDUS43 KDMX 090646 RRA
CLIOTM

CLIMATE REPORT
NATIONAL WEATHER SERVICE DES MOINES IA
1239 AM CST MON FEB 9 2015


...................................

...THE OTTUMWA IA CLIMATE SUMMARY FOR FEBRUARY 8 2015...

CLIMATE NORMAL PERIOD 1981 TO 2010
CLIMATE RECORD PERIOD 1920 TO 2015


WEATHER ITEM   OBSERVED TIME   RECORD YEAR NORMAL DEPARTURE LAST
                VALUE   (LST)  VALUE       VALUE  FROM      YEAR
                                                  NORMAL
..................................................................
TEMPERATURE (F)
 YESTERDAY
  MAXIMUM         41    148 PM  62    1938  34      7       22
  MINIMUM         32    634 AM -18    1899  16     16       11
  AVERAGE         37                        25     12       17

PRECIPITATION (IN)
  YESTERDAY        T             0.74 2001   0.04  -0.04     0.06
  MONTH TO DATE    0.21                      0.26  -0.05     0.70
  SINCE DEC 1      2.13                      2.53  -0.40     1.80
  SINCE JAN 1      1.15                      1.16  -0.01     1.14

DEGREE DAYS
 HEATING
  YESTERDAY       28                        40    -12       48
  MONTH TO DATE  364                       327     37      447
  SINCE DEC 1   2643                      2851   -208     3282
  SINCE JUL 1   4151                      4149      2     4612

 COOLING
  YESTERDAY        0                         0      0        0
  MONTH TO DATE    0                         0      0        0
  SINCE DEC 1      0                         0      0        0
  SINCE JAN 1      0                         0      0        0
..................................................................


WIND (MPH)
  HIGHEST WIND SPEED    17   HIGHEST WIND DIRECTION    NW (320)
  HIGHEST GUST SPEED    20   HIGHEST GUST DIRECTION    NW (330)
  AVERAGE WIND SPEED     9.8


SKY COVER
  POSSIBLE SUNSHINE  MM
  AVERAGE SKY COVER 0.5


WEATHER CONDITIONS
 THE FOLLOWING WEATHER WAS RECORDED YESTERDAY.
  LIGHT RAIN
  FOG
  HAZE


RELATIVE HUMIDITY (PERCENT)
 HIGHEST    96           700 AM
 LOWEST     73           100 PM
 AVERAGE    85

..........................................................


THE OTTUMWA IA CLIMATE NORMALS FOR TODAY
                         NORMAL    RECORD    YEAR
 MAXIMUM TEMPERATURE (F)   34        68      1943
 MINIMUM TEMPERATURE (F)   16       -23      1899


SUNRISE AND SUNSET
FEBRUARY  9 2015......SUNRISE   712 AM CST   SUNSET   536 PM CST
FEBRUARY 10 2015......SUNRISE   711 AM CST   SUNSET   538 PM CST


-  INDICATES NEGATIVE NUMBERS.
R  INDICATES RECORD WAS SET OR TIED.
MM INDICATES DATA IS MISSING.
T  INDICATES TRACE AMOUNT.




$$
