000
CDUS43 KDMX 190633 RRB
CLIOTM

CLIMATE REPORT
NATIONAL WEATHER SERVICE DES MOINES IA
131 AM CDT SUN JUN 19 2016


...................................

...THE OTTUMWA IA CLIMATE SUMMARY FOR JUNE 18 2016...

CLIMATE NORMAL PERIOD 1981 TO 2010
CLIMATE RECORD PERIOD 1920 TO 2016


WEATHER ITEM   OBSERVED TIME   RECORD YEAR NORMAL DEPARTURE LAST
                VALUE   (LST)  VALUE       VALUE  FROM      YEAR
                                                  NORMAL
..................................................................
TEMPERATURE (F)
 YESTERDAY
  MAXIMUM         88    340 PM 101    1953  82      6       79
  MINIMUM         60    412 AM  47    1920  62     -2       63
  AVERAGE         74                        72      2       71

PRECIPITATION (IN)
  YESTERDAY        0.00          4.29 1946   0.17  -0.17     0.00
  MONTH TO DATE    0.40                      3.07  -2.67     3.85
  SINCE JUN 1      0.40                      3.07  -2.67     3.85
  SINCE JAN 1      8.44                     15.60  -7.16    13.72

DEGREE DAYS
 HEATING
  YESTERDAY        0                         0      0        0
  MONTH TO DATE    1                        19    -18       10
  SINCE JUN 1      1                        19    -18       10
  SINCE JUL 1   5265                      6315  -1050     6379

 COOLING
  YESTERDAY        9                         7      2        6
  MONTH TO DATE  161                        96     65      119
  SINCE JUN 1    161                        96     65      119
  SINCE JAN 1    232                       160     72      180
..................................................................


WIND (MPH)
  HIGHEST WIND SPEED    14   HIGHEST WIND DIRECTION    SE (130)
  HIGHEST GUST SPEED    18   HIGHEST GUST DIRECTION    SE (140)
  AVERAGE WIND SPEED     6.1


SKY COVER
  POSSIBLE SUNSHINE  MM
  AVERAGE SKY COVER 0.0


WEATHER CONDITIONS
 THE FOLLOWING WEATHER WAS RECORDED YESTERDAY.
  NO SIGNIFICANT WEATHER WAS OBSERVED.


RELATIVE HUMIDITY (PERCENT)
 HIGHEST    97           400 AM
 LOWEST     34           200 PM
 AVERAGE    66

..........................................................


THE OTTUMWA IA CLIMATE NORMALS FOR TODAY
                         NORMAL    RECORD    YEAR
 MAXIMUM TEMPERATURE (F)   83       104      1936
 MINIMUM TEMPERATURE (F)   62        46      1916


SUNRISE AND SUNSET
JUNE 19 2016..........SUNRISE   537 AM CDT   SUNSET   845 PM CDT
JUNE 20 2016..........SUNRISE   537 AM CDT   SUNSET   846 PM CDT


-  INDICATES NEGATIVE NUMBERS.
R  INDICATES RECORD WAS SET OR TIED.
MM INDICATES DATA IS MISSING.
T  INDICATES TRACE AMOUNT.




$$
