000
CDUS43 KDMX 080640
CLIOTM

CLIMATE REPORT
NATIONAL WEATHER SERVICE DES MOINES IA
1237 AM CST WED NOV 8 2017

...................................

...THE OTTUMWA IA CLIMATE SUMMARY FOR NOVEMBER 7 2017...

CLIMATE NORMAL PERIOD 1981 TO 2010
CLIMATE RECORD PERIOD 1920 TO 2017


WEATHER ITEM   OBSERVED TIME   RECORD YEAR NORMAL DEPARTURE LAST
                VALUE   (LST)  VALUE       VALUE  FROM      YEAR
                                                  NORMAL
..................................................................
TEMPERATURE (F)
 YESTERDAY
  MAXIMUM         45    116 PM  77    1937  54     -9       67
  MINIMUM         23   1102 PM  -5    1991  34    -11       40
  AVERAGE         34                        44    -10       54

PRECIPITATION (IN)
  YESTERDAY        0.00          0.62 1938   0.08  -0.08      T
  MONTH TO DATE    T                         0.63  -0.63     0.09
  SINCE SEP 1      6.53                      7.25  -0.72     2.11
  SINCE JAN 1     22.37                     33.95 -11.58    23.30

DEGREE DAYS
 HEATING
  YESTERDAY       31                        21     10       11
  MONTH TO DATE  175                       139     36       47
  SINCE SEP 1    525                       652   -127      306
  SINCE JUL 1    525                       663   -138      313

 COOLING
  YESTERDAY        0                         0      0        0
  MONTH TO DATE    0                         0      0        3
  SINCE SEP 1    195                       104     91      221
  SINCE JAN 1   1120                       938    182     1120
..................................................................


WIND (MPH)
  HIGHEST WIND SPEED    16   HIGHEST WIND DIRECTION     N (360)
  HIGHEST GUST SPEED    20   HIGHEST GUST DIRECTION     N (20)
  AVERAGE WIND SPEED     8.1


SKY COVER
  POSSIBLE SUNSHINE  MM
  AVERAGE SKY COVER 0.4


WEATHER CONDITIONS
 THE FOLLOWING WEATHER WAS RECORDED YESTERDAY.
  NO SIGNIFICANT WEATHER WAS OBSERVED.


RELATIVE HUMIDITY (PERCENT)
 HIGHEST    85           400 AM
 LOWEST     45           200 PM
 AVERAGE    65

..........................................................


THE OTTUMWA IA CLIMATE NORMALS FOR TODAY
                         NORMAL    RECORD    YEAR
 MAXIMUM TEMPERATURE (F)   53        79      1999
 MINIMUM TEMPERATURE (F)   33        -3      1991


SUNRISE AND SUNSET
NOVEMBER  8 2017......SUNRISE   649 AM CST   SUNSET   457 PM CST
NOVEMBER  9 2017......SUNRISE   651 AM CST   SUNSET   456 PM CST


-  INDICATES NEGATIVE NUMBERS.
R  INDICATES RECORD WAS SET OR TIED.
MM INDICATES DATA IS MISSING.
T  INDICATES TRACE AMOUNT.

$$

ANSORGE
