050
CDUS43 KDMX 060704 RRA
CLIOTM

CLIMATE REPORT
NATIONAL WEATHER SERVICE DES MOINES IA
202 AM CDT TUE SEP 6 2016


...................................

...THE OTTUMWA IA CLIMATE SUMMARY FOR SEPTEMBER 5 2016...

CLIMATE NORMAL PERIOD 1981 TO 2010
CLIMATE RECORD PERIOD 1920 TO 2016


WEATHER ITEM   OBSERVED TIME   RECORD YEAR NORMAL DEPARTURE LAST
                VALUE   (LST)  VALUE       VALUE  FROM      YEAR
                                                  NORMAL
..................................................................
TEMPERATURE (F)
 YESTERDAY
  MAXIMUM         87    357 PM 107    1913  80      7       92
  MINIMUM         65    619 AM  42    1962  58      7       70
  AVERAGE         76                        69      7       81

PRECIPITATION (IN)
  YESTERDAY        0.00          0.95 1902   0.14  -0.14     0.00
  MONTH TO DATE    0.00                      0.70  -0.70     0.04
  SINCE SEP 1      0.00                      0.70  -0.70     0.04
  SINCE JAN 1     20.32                     27.40  -7.08    25.75

DEGREE DAYS
 HEATING
  YESTERDAY        0                         1     -1        0
  MONTH TO DATE    0                         5     -5        0
  SINCE SEP 1      0                         5     -5        0
  SINCE JUL 1      7                        16     -9       22

 COOLING
  YESTERDAY       11                         5      6       16
  MONTH TO DATE   17                        27    -10       73
  SINCE SEP 1     17                        27    -10       73
  SINCE JAN 1    916                       861     55      801
..................................................................


WIND (MPH)
  HIGHEST WIND SPEED    21   HIGHEST WIND DIRECTION     S (190)
  HIGHEST GUST SPEED    28   HIGHEST GUST DIRECTION     S (190)
  AVERAGE WIND SPEED    10.7


SKY COVER
  POSSIBLE SUNSHINE  MM
  AVERAGE SKY COVER 0.1


WEATHER CONDITIONS
 THE FOLLOWING WEATHER WAS RECORDED YESTERDAY.
  NO SIGNIFICANT WEATHER WAS OBSERVED.


RELATIVE HUMIDITY (PERCENT)
 HIGHEST    87           400 AM
 LOWEST     59           200 PM
 AVERAGE    73

..........................................................


THE OTTUMWA IA CLIMATE NORMALS FOR TODAY
                         NORMAL    RECORD    YEAR
 MAXIMUM TEMPERATURE (F)   80       102      1913
 MINIMUM TEMPERATURE (F)   57        43      2011


SUNRISE AND SUNSET
SEPTEMBER  6 2016.....SUNRISE   642 AM CDT   SUNSET   733 PM CDT
SEPTEMBER  7 2016.....SUNRISE   643 AM CDT   SUNSET   732 PM CDT


-  INDICATES NEGATIVE NUMBERS.
R  INDICATES RECORD WAS SET OR TIED.
MM INDICATES DATA IS MISSING.
T  INDICATES TRACE AMOUNT.




$$
