000
CDUS43 KDMX 080652
CLIOTM

CLIMATE REPORT
NATIONAL WEATHER SERVICE DES MOINES IA
148 AM CDT FRI SEP 8 2017

...................................

...THE OTTUMWA IA CLIMATE SUMMARY FOR SEPTEMBER 7 2017...

CLIMATE NORMAL PERIOD 1981 TO 2010
CLIMATE RECORD PERIOD 1920 TO 2017


WEATHER ITEM   OBSERVED TIME   RECORD YEAR NORMAL DEPARTURE LAST
                VALUE   (LST)  VALUE       VALUE  FROM      YEAR
                                                  NORMAL
..................................................................
TEMPERATURE (F)
 YESTERDAY
  MAXIMUM         78    323 PM 101    1938  79     -1       85
  MINIMUM         45    322 AM  41    1956  57    -12       73
  AVERAGE         62                        68     -6       79

PRECIPITATION (IN)
  YESTERDAY        0.00          1.99 1941   0.14  -0.14     0.14
  MONTH TO DATE    T                         0.97  -0.97     0.14
  SINCE SEP 1      T                         0.97  -0.97     0.14
  SINCE JAN 1     15.84                     27.67 -11.83    21.33

DEGREE DAYS
 HEATING
  YESTERDAY        3                         2      1        0
  MONTH TO DATE   17                         8      9        0
  SINCE SEP 1     17                         8      9        0
  SINCE JUL 1     17                        19     -2        7

 COOLING
  YESTERDAY        0                         5     -5       14
  MONTH TO DATE   14                        37    -23       47
  SINCE SEP 1     14                        37    -23       47
  SINCE JAN 1    939                       871     68      946
..................................................................


WIND (MPH)
  HIGHEST WIND SPEED    17   HIGHEST WIND DIRECTION     W (290)
  HIGHEST GUST SPEED    23   HIGHEST GUST DIRECTION    NW (320)
  AVERAGE WIND SPEED     6.6


SKY COVER
  POSSIBLE SUNSHINE  MM
  AVERAGE SKY COVER 0.0


WEATHER CONDITIONS
 THE FOLLOWING WEATHER WAS RECORDED YESTERDAY.
  HAZE


RELATIVE HUMIDITY (PERCENT)
 HIGHEST   100           200 AM
 LOWEST     29           200 PM
 AVERAGE    65

..........................................................


THE OTTUMWA IA CLIMATE NORMALS FOR TODAY
                         NORMAL    RECORD    YEAR
 MAXIMUM TEMPERATURE (F)   79       104      1912
 MINIMUM TEMPERATURE (F)   56        43      2008


SUNRISE AND SUNSET
SEPTEMBER  8 2017.....SUNRISE   644 AM CDT   SUNSET   730 PM CDT
SEPTEMBER  9 2017.....SUNRISE   645 AM CDT   SUNSET   729 PM CDT


-  INDICATES NEGATIVE NUMBERS.
R  INDICATES RECORD WAS SET OR TIED.
MM INDICATES DATA IS MISSING.
T  INDICATES TRACE AMOUNT.




$$
