000
CDUS43 KDMX 110658 RRB
CLIOTM

CLIMATE REPORT
NATIONAL WEATHER SERVICE DES MOINES IA
157 AM CDT WED MAR 11 2015


...................................

...THE OTTUMWA IA CLIMATE SUMMARY FOR MARCH 10 2015...

CLIMATE NORMAL PERIOD 1981 TO 2010
CLIMATE RECORD PERIOD 1920 TO 2015


WEATHER ITEM   OBSERVED TIME   RECORD YEAR NORMAL DEPARTURE LAST
                VALUE   (LST)  VALUE       VALUE  FROM      YEAR
                                                  NORMAL
..................................................................
TEMPERATURE (F)
 YESTERDAY
  MAXIMUM         68    318 PM  73    1917  46     22       63
  MINIMUM         32    333 AM -12    1934  26      6       36
  AVERAGE         50                        36     14       50

PRECIPITATION (IN)
  YESTERDAY        0.00          1.30 1990   0.07  -0.07     0.00
  MONTH TO DATE    0.08                      0.67  -0.59     0.43
  SINCE MAR 1      0.08                      0.67  -0.59     0.43
  SINCE JAN 1      1.24                      2.85  -1.61     3.24

DEGREE DAYS
 HEATING
  YESTERDAY       15                        29    -14       15
  MONTH TO DATE  351                       307     44      409
  SINCE MAR 1    351                       307     44      409
  SINCE JUL 1   5482                      5192    290     5922

 COOLING
  YESTERDAY        0                         0      0        0
  MONTH TO DATE    0                         0      0        0
  SINCE MAR 1      0                         0      0        0
  SINCE JAN 1      0                         0      0        0
..................................................................


WIND (MPH)
  HIGHEST WIND SPEED     9   HIGHEST WIND DIRECTION     W (290)
  HIGHEST GUST SPEED    12   HIGHEST GUST DIRECTION     W (250)
  AVERAGE WIND SPEED     4.8


SKY COVER
  POSSIBLE SUNSHINE  MM
  AVERAGE SKY COVER 0.0


WEATHER CONDITIONS
 THE FOLLOWING WEATHER WAS RECORDED YESTERDAY.
  FOG
  FOG W/VISIBILITY <= 1/4 MILE
  HAZE


RELATIVE HUMIDITY (PERCENT)
 HIGHEST   100           600 AM
 LOWEST     29           400 PM
 AVERAGE    65

..........................................................


THE OTTUMWA IA CLIMATE NORMALS FOR TODAY
                         NORMAL    RECORD    YEAR
 MAXIMUM TEMPERATURE (F)   47        78      1972
 MINIMUM TEMPERATURE (F)   27        -7      1948


SUNRISE AND SUNSET
MARCH 11 2015.........SUNRISE   728 AM CDT   SUNSET   712 PM CDT
MARCH 12 2015.........SUNRISE   727 AM CDT   SUNSET   713 PM CDT


-  INDICATES NEGATIVE NUMBERS.
R  INDICATES RECORD WAS SET OR TIED.
MM INDICATES DATA IS MISSING.
T  INDICATES TRACE AMOUNT.




$$
