000
CDUS43 KDMX 020647
CLIOTM

CLIMATE REPORT
NATIONAL WEATHER SERVICE DES MOINES IA
145 AM CDT WED AUG 2 2017


...................................

...THE OTTUMWA IA CLIMATE SUMMARY FOR AUGUST 1 2017...

CLIMATE NORMAL PERIOD 1981 TO 2010
CLIMATE RECORD PERIOD 1920 TO 2017


WEATHER ITEM   OBSERVED TIME   RECORD YEAR NORMAL DEPARTURE LAST
                VALUE   (LST)  VALUE       VALUE  FROM      YEAR
                                                  NORMAL
..................................................................
TEMPERATURE (F)
 YESTERDAY
  MAXIMUM         91    325 PM 102    1988  85      6       78
  MINIMUM         60    530 AM  49    1936  64     -4       68
  AVERAGE         76                        74      2       73

PRECIPITATION (IN)
  YESTERDAY        0.00          1.50 1921   0.15  -0.15     0.00
                                      2000
  MONTH TO DATE    0.00                      0.15  -0.15     0.00
  SINCE JUN 1      1.61                      9.71  -8.10     6.47
  SINCE JAN 1     14.07                     22.24  -8.17    15.38

DEGREE DAYS
 HEATING
  YESTERDAY        0                         0      0        0
  MONTH TO DATE    0                         0      0        0
  SINCE JUN 1     10                        23    -13        8
  SINCE JUL 1      0                         2     -2        7

 COOLING
  YESTERDAY       11                        10      1        8
  MONTH TO DATE   11                        10      1        8
  SINCE JUN 1    695                       525    170      556
  SINCE JAN 1    756                       589    167      627
..................................................................


WIND (MPH)
  HIGHEST WIND SPEED    15   HIGHEST WIND DIRECTION     N (350)
  HIGHEST GUST SPEED    19   HIGHEST GUST DIRECTION     N (350)
  AVERAGE WIND SPEED     4.6


SKY COVER
  POSSIBLE SUNSHINE  MM
  AVERAGE SKY COVER 0.2


WEATHER CONDITIONS
 THE FOLLOWING WEATHER WAS RECORDED YESTERDAY.
  NO SIGNIFICANT WEATHER WAS OBSERVED.


RELATIVE HUMIDITY (PERCENT)
 HIGHEST    97           500 AM
 LOWEST     32           300 PM
 AVERAGE    65

..........................................................


THE OTTUMWA IA CLIMATE NORMALS FOR TODAY
                         NORMAL    RECORD    YEAR
 MAXIMUM TEMPERATURE (F)   85       105      1947
 MINIMUM TEMPERATURE (F)   64        50      1936


SUNRISE AND SUNSET
AUGUST  2 2017........SUNRISE   607 AM CDT   SUNSET   825 PM CDT
AUGUST  3 2017........SUNRISE   608 AM CDT   SUNSET   823 PM CDT


-  INDICATES NEGATIVE NUMBERS.
R  INDICATES RECORD WAS SET OR TIED.
MM INDICATES DATA IS MISSING.
T  INDICATES TRACE AMOUNT.




$$
