269
CDUS43 KDMX 090632 RRB
CLIOTM

CLIMATE REPORT
NATIONAL WEATHER SERVICE DES MOINES IA
1230 AM CST THU MAR 9 2017


...................................

...THE OTTUMWA IA CLIMATE SUMMARY FOR MARCH 8 2017...

CLIMATE NORMAL PERIOD 1981 TO 2010
CLIMATE RECORD PERIOD 1920 TO 2017


WEATHER ITEM   OBSERVED TIME   RECORD YEAR NORMAL DEPARTURE LAST
                VALUE   (LST)  VALUE       VALUE  FROM      YEAR
                                                  NORMAL
..................................................................
TEMPERATURE (F)
 YESTERDAY
  MAXIMUM         57    355 PM  75    1977  45     12       74
  MINIMUM         31    520 AM  -7    1943  26      5       56
  AVERAGE         44                        36      8       65

PRECIPITATION (IN)
  YESTERDAY        0.00          1.57 1998   0.07  -0.07     0.07
  MONTH TO DATE    0.24                      0.54  -0.30     0.07
  SINCE MAR 1      0.24                      0.54  -0.30     0.07
  SINCE JAN 1      1.83                      2.72  -0.89     1.37

DEGREE DAYS
 HEATING
  YESTERDAY       21                        30     -9        0
  MONTH TO DATE  167                       249    -82      186
  SINCE MAR 1    167                       249    -82      186
  SINCE JUL 1   3974                      5134  -1160     4240

 COOLING
  YESTERDAY        0                         0      0        0
  MONTH TO DATE    0                         0      0        0
  SINCE MAR 1      0                         0      0        0
  SINCE JAN 1      0                         0      0        0
..................................................................


WIND (MPH)
  HIGHEST WIND SPEED    24   HIGHEST WIND DIRECTION     W (280)
  HIGHEST GUST SPEED    33   HIGHEST GUST DIRECTION     W (260)
  AVERAGE WIND SPEED    11.5


SKY COVER
  POSSIBLE SUNSHINE  MM
  AVERAGE SKY COVER 0.0


WEATHER CONDITIONS
 THE FOLLOWING WEATHER WAS RECORDED YESTERDAY.
  NO SIGNIFICANT WEATHER WAS OBSERVED.


RELATIVE HUMIDITY (PERCENT)
 HIGHEST    61           300 AM
 LOWEST     18           200 PM
 AVERAGE    40

..........................................................


THE OTTUMWA IA CLIMATE NORMALS FOR TODAY
                         NORMAL    RECORD    YEAR
 MAXIMUM TEMPERATURE (F)   46        71      1990
 MINIMUM TEMPERATURE (F)   26        -1      1912


SUNRISE AND SUNSET
MARCH  9 2017.........SUNRISE   631 AM CST   SUNSET   610 PM CST
MARCH 10 2017.........SUNRISE   629 AM CST   SUNSET   611 PM CST


-  INDICATES NEGATIVE NUMBERS.
R  INDICATES RECORD WAS SET OR TIED.
MM INDICATES DATA IS MISSING.
T  INDICATES TRACE AMOUNT.




$$
