000
CDUS43 KDMX 210637 RRE
CLIOTM

CLIMATE REPORT
NATIONAL WEATHER SERVICE DES MOINES IA
135 AM CDT THU JUL 21 2016


...................................

...THE OTTUMWA IA CLIMATE SUMMARY FOR JULY 20 2016...

CLIMATE NORMAL PERIOD 1981 TO 2010
CLIMATE RECORD PERIOD 1920 TO 2016


WEATHER ITEM   OBSERVED TIME   RECORD YEAR NORMAL DEPARTURE LAST
                VALUE   (LST)  VALUE       VALUE  FROM      YEAR
                                                  NORMAL
..................................................................
TEMPERATURE (F)
 YESTERDAY
  MAXIMUM         89    506 PM 111    1934  86      3       85
  MINIMUM         69    516 AM  53    2009  65      4       64
                                      1941
  AVERAGE         79                        75      4       75

PRECIPITATION (IN)
  YESTERDAY        0.00          1.45 1997   0.14  -0.14     0.01
  MONTH TO DATE    3.89                      3.00   0.89     4.28
  SINCE JUN 1      6.47                      8.09  -1.62    12.06
  SINCE JAN 1     14.51                     20.62  -6.11    21.93

DEGREE DAYS
 HEATING
  YESTERDAY        0                         0      0        0
  MONTH TO DATE    7                         0      7        6
  SINCE JUN 1      8                        21    -13       16
  SINCE JUL 1      7                         0      7        6

 COOLING
  YESTERDAY       14                        10      4       10
  MONTH TO DATE  156                       200    -44      167
  SINCE JUN 1    430                       401     29      371
  SINCE JAN 1    501                       465     36      432
..................................................................


WIND (MPH)
  HIGHEST WIND SPEED    15   HIGHEST WIND DIRECTION     S (160)
  HIGHEST GUST SPEED    21   HIGHEST GUST DIRECTION     S (170)
  AVERAGE WIND SPEED     8.8


SKY COVER
  POSSIBLE SUNSHINE  MM
  AVERAGE SKY COVER 0.2


WEATHER CONDITIONS
 THE FOLLOWING WEATHER WAS RECORDED YESTERDAY.
  NO SIGNIFICANT WEATHER WAS OBSERVED.


RELATIVE HUMIDITY (PERCENT)
 HIGHEST    94          1000 PM
 LOWEST     70           300 PM
 AVERAGE    82

..........................................................


THE OTTUMWA IA CLIMATE NORMALS FOR TODAY
                         NORMAL    RECORD    YEAR
 MAXIMUM TEMPERATURE (F)   86       110      1934
 MINIMUM TEMPERATURE (F)   65        47      1944


SUNRISE AND SUNSET
JULY 21 2016..........SUNRISE   556 AM CDT   SUNSET   836 PM CDT
JULY 22 2016..........SUNRISE   557 AM CDT   SUNSET   835 PM CDT


-  INDICATES NEGATIVE NUMBERS.
R  INDICATES RECORD WAS SET OR TIED.
MM INDICATES DATA IS MISSING.
T  INDICATES TRACE AMOUNT.




$$
