000
CDUS43 KDMX 120637
CLIOTM

CLIMATE REPORT
NATIONAL WEATHER SERVICE DES MOINES IA
134 AM CDT WED AUG 12 2015


...................................

...THE OTTUMWA IA CLIMATE SUMMARY FOR AUGUST 11 2015...

CLIMATE NORMAL PERIOD 1981 TO 2010
CLIMATE RECORD PERIOD 1920 TO 2015


WEATHER ITEM   OBSERVED TIME   RECORD YEAR NORMAL DEPARTURE LAST
                VALUE   (LST)  VALUE       VALUE  FROM      YEAR
                                                  NORMAL
..................................................................
TEMPERATURE (F)
 YESTERDAY
  MAXIMUM         84    250 PM 103    1941  84      0       79
  MINIMUM         60    522 AM  49    2012  63     -3       62
  AVERAGE         72                        74     -2       71

PRECIPITATION (IN)
  YESTERDAY        0.00          3.26 1939   0.15  -0.15     0.00
                                      2000
  MONTH TO DATE    0.25                      1.59  -1.34     0.75
  SINCE JUN 1     14.80                     11.15   3.65    14.02
  SINCE JAN 1     23.71                     23.68   0.03    27.13

DEGREE DAYS
 HEATING
  YESTERDAY        0                         0      0        0
  MONTH TO DATE    0                         0      0        0
  SINCE JUN 1     16                        23     -7       22
  SINCE JUL 1      6                         2      4       13

 COOLING
  YESTERDAY        7                         9     -2        6
  MONTH TO DATE   95                       101     -6       68
  SINCE JUN 1    575                       616    -41      446
  SINCE JAN 1    636                       680    -44      557
..................................................................


WIND (MPH)
  HIGHEST WIND SPEED    16   HIGHEST WIND DIRECTION    NW (330)
  HIGHEST GUST SPEED    21   HIGHEST GUST DIRECTION     N (10)
  AVERAGE WIND SPEED     7.5


SKY COVER
  POSSIBLE SUNSHINE  MM
  AVERAGE SKY COVER 0.1


WEATHER CONDITIONS
 THE FOLLOWING WEATHER WAS RECORDED YESTERDAY.
  NO SIGNIFICANT WEATHER WAS OBSERVED.


RELATIVE HUMIDITY (PERCENT)
 HIGHEST   100           600 AM
 LOWEST     47           300 PM
 AVERAGE    74

..........................................................


THE OTTUMWA IA CLIMATE NORMALS FOR TODAY
                         NORMAL    RECORD    YEAR
 MAXIMUM TEMPERATURE (F)   84       104      1936
 MINIMUM TEMPERATURE (F)   63        45      1931


SUNRISE AND SUNSET
AUGUST 12 2015........SUNRISE   616 AM CDT   SUNSET   813 PM CDT
AUGUST 13 2015........SUNRISE   617 AM CDT   SUNSET   811 PM CDT


-  INDICATES NEGATIVE NUMBERS.
R  INDICATES RECORD WAS SET OR TIED.
MM INDICATES DATA IS MISSING.
T  INDICATES TRACE AMOUNT.




$$
