949
CDUS43 KDMX 200643 RRD
CLIOTM

CLIMATE REPORT
NATIONAL WEATHER SERVICE DES MOINES IA
1241 AM CST WED JAN 20 2016


...................................

...THE OTTUMWA IA CLIMATE SUMMARY FOR JANUARY 19 2016...

CLIMATE NORMAL PERIOD 1981 TO 2010
CLIMATE RECORD PERIOD 1920 TO 2016


WEATHER ITEM   OBSERVED TIME   RECORD YEAR NORMAL DEPARTURE LAST
                VALUE   (LST)  VALUE       VALUE  FROM      YEAR
                                                  NORMAL
..................................................................
TEMPERATURE (F)
 YESTERDAY
  MAXIMUM         18    315 PM  60    1952  31    -13       49
  MINIMUM          5    101 AM -21    1936  13     -8       22
  AVERAGE         12                        22    -10       36

PRECIPITATION (IN)
  YESTERDAY        T             1.31 1907   0.02  -0.02     0.01
  MONTH TO DATE    0.02                      0.58  -0.56     0.39
  SINCE DEC 1      4.05                      1.95   2.10     1.37
  SINCE JAN 1      0.02                      0.58  -0.56     0.39

DEGREE DAYS
 HEATING
  YESTERDAY       53                        43     10       29
  MONTH TO DATE  844                       811     33      864
  SINCE DEC 1   1690                      2018   -328     1907
  SINCE JUL 1   2701                      3316   -615     3415

 COOLING
  YESTERDAY        0                         0      0        0
  MONTH TO DATE    0                         0      0        0
  SINCE DEC 1      0                         0      0        0
  SINCE JAN 1      0                         0      0        0
..................................................................


WIND (MPH)
  HIGHEST WIND SPEED    15   HIGHEST WIND DIRECTION     E (100)
  HIGHEST GUST SPEED    17   HIGHEST GUST DIRECTION     E (90)
  AVERAGE WIND SPEED     8.7


SKY COVER
  POSSIBLE SUNSHINE  MM
  AVERAGE SKY COVER 0.6


WEATHER CONDITIONS
 THE FOLLOWING WEATHER WAS RECORDED YESTERDAY.
  LIGHT SNOW
  FOG


RELATIVE HUMIDITY (PERCENT)
 HIGHEST    88           300 AM
 LOWEST     67           200 PM
 AVERAGE    78

..........................................................


THE OTTUMWA IA CLIMATE NORMALS FOR TODAY
                         NORMAL    RECORD    YEAR
 MAXIMUM TEMPERATURE (F)   32        57      1934
 MINIMUM TEMPERATURE (F)   13       -25      1936


SUNRISE AND SUNSET
JANUARY 20 2016.......SUNRISE   730 AM CST   SUNSET   511 PM CST
JANUARY 21 2016.......SUNRISE   730 AM CST   SUNSET   513 PM CST


-  INDICATES NEGATIVE NUMBERS.
R  INDICATES RECORD WAS SET OR TIED.
MM INDICATES DATA IS MISSING.
T  INDICATES TRACE AMOUNT.




$$
