000
CDUS43 KDMX 250640 RRD
CLIOTM

CLIMATE REPORT
NATIONAL WEATHER SERVICE DES MOINES IA
139 AM CDT TUE OCT 25 2016


...................................

...THE OTTUMWA IA CLIMATE SUMMARY FOR OCTOBER 24 2016...

CLIMATE NORMAL PERIOD 1981 TO 2010
CLIMATE RECORD PERIOD 1920 TO 2016


WEATHER ITEM   OBSERVED TIME   RECORD YEAR NORMAL DEPARTURE LAST
                VALUE   (LST)  VALUE       VALUE  FROM      YEAR
                                                  NORMAL
..................................................................
TEMPERATURE (F)
 YESTERDAY
  MAXIMUM         63    315 PM  85    1940  60      3       66
  MINIMUM         38    444 AM  20    2006  39     -1       35
  AVERAGE         51                        50      1       51

PRECIPITATION (IN)
  YESTERDAY        0.00          1.05 1967   0.09  -0.09      T
  MONTH TO DATE    0.79                      2.21  -1.42     0.41
  SINCE SEP 1      1.80                      6.00  -4.20     4.67
  SINCE JAN 1     22.99                     32.70  -9.71    30.38

DEGREE DAYS
 HEATING
  YESTERDAY       14                        16     -2       14
  MONTH TO DATE  168                       283   -115      204
  SINCE SEP 1    192                       393   -201      255
  SINCE JUL 1    199                       404   -205      277

 COOLING
  YESTERDAY        0                         0      0        0
  MONTH TO DATE   42                         9     33        8
  SINCE SEP 1    215                       102    113      205
  SINCE JAN 1   1114                       936    178      933
..................................................................


WIND (MPH)
  HIGHEST WIND SPEED    15   HIGHEST WIND DIRECTION     E (80)
  HIGHEST GUST SPEED    17   HIGHEST GUST DIRECTION     E (80)
  AVERAGE WIND SPEED     7.5


SKY COVER
  POSSIBLE SUNSHINE  MM
  AVERAGE SKY COVER 0.0


WEATHER CONDITIONS
 THE FOLLOWING WEATHER WAS RECORDED YESTERDAY.
  NO SIGNIFICANT WEATHER WAS OBSERVED.


RELATIVE HUMIDITY (PERCENT)
 HIGHEST    92           700 AM
 LOWEST     43           200 PM
 AVERAGE    68

..........................................................


THE OTTUMWA IA CLIMATE NORMALS FOR TODAY
                         NORMAL    RECORD    YEAR
 MAXIMUM TEMPERATURE (F)   60        88      1927
 MINIMUM TEMPERATURE (F)   39        23      1962


SUNRISE AND SUNSET
OCTOBER 25 2016.......SUNRISE   733 AM CDT   SUNSET   614 PM CDT
OCTOBER 26 2016.......SUNRISE   734 AM CDT   SUNSET   612 PM CDT


-  INDICATES NEGATIVE NUMBERS.
R  INDICATES RECORD WAS SET OR TIED.
MM INDICATES DATA IS MISSING.
T  INDICATES TRACE AMOUNT.




$$
