000
CDUS43 KDMX 060811 RRB
CLIOTM

CLIMATE REPORT
NATIONAL WEATHER SERVICE DES MOINES IA
211 AM CST TUE JAN 6 2015

...................................

...THE OTTUMWA IA CLIMATE SUMMARY FOR JANUARY 5 2015...

CLIMATE NORMAL PERIOD 1981 TO 2010
CLIMATE RECORD PERIOD 1920 TO 2015


WEATHER ITEM   OBSERVED TIME   RECORD YEAR NORMAL DEPARTURE LAST
                VALUE   (LST)  VALUE       VALUE  FROM      YEAR
                                                  NORMAL
..................................................................
TEMPERATURE (F)
 YESTERDAY
  MAXIMUM         10   1159 PM  65    2012  32    -22       14
  MINIMUM         -3    711 AM -20    1924  14    -17       -9
  AVERAGE          4                        23    -19        3

PRECIPITATION (IN)
  YESTERDAY        0.05          1.33 1955   0.04   0.01     0.00
  MONTH TO DATE    0.08                      0.17  -0.09     0.19
  SINCE DEC 1      1.06                      1.54  -0.48     0.85
  SINCE JAN 1      0.08                      0.17  -0.09     0.19

DEGREE DAYS
 HEATING
  YESTERDAY       61                        42     19       62
  MONTH TO DATE  224                       210     14      276
  SINCE DEC 1   1267                      1417   -150     1621
  SINCE JUL 1   2775                      2715     60     2951

 COOLING
  YESTERDAY        0                         0      0        0
  MONTH TO DATE    0                         0      0        0
  SINCE DEC 1      0                         0      0        0
  SINCE JAN 1      0                         0      0        0
..................................................................


WIND (MPH)
  HIGHEST WIND SPEED    16   HIGHEST WIND DIRECTION    SE (150)
  HIGHEST GUST SPEED    20   HIGHEST GUST DIRECTION     S (160)
  AVERAGE WIND SPEED     8.9


SKY COVER
  POSSIBLE SUNSHINE  MM
  AVERAGE SKY COVER 0.6


WEATHER CONDITIONS
 THE FOLLOWING WEATHER WAS RECORDED YESTERDAY.
  HEAVY SNOW
  SNOW
  LIGHT SNOW
  FOG


RELATIVE HUMIDITY (PERCENT)
 HIGHEST    91          1100 PM
 LOWEST     68           300 AM
 AVERAGE    80

..........................................................


THE OTTUMWA IA CLIMATE NORMALS FOR TODAY
                         NORMAL    RECORD    YEAR
 MAXIMUM TEMPERATURE (F)   32        58      2012
 MINIMUM TEMPERATURE (F)   14       -14      1924


SUNRISE AND SUNSET
JANUARY  6 2015.......SUNRISE   735 AM CST   SUNSET   456 PM CST
JANUARY  7 2015.......SUNRISE   735 AM CST   SUNSET   457 PM CST


-  INDICATES NEGATIVE NUMBERS.
R  INDICATES RECORD WAS SET OR TIED.
MM INDICATES DATA IS MISSING.
T  INDICATES TRACE AMOUNT.

$$

SMALL
