000
CDUS43 KDMX 270635 RRA
CLIOTM

CLIMATE REPORT
NATIONAL WEATHER SERVICE DES MOINES IA
1228 AM CST THU NOV 27 2014


...................................

...THE OTTUMWA IA CLIMATE SUMMARY FOR NOVEMBER 26 2014...

CLIMATE NORMAL PERIOD 1981 TO 2010
CLIMATE RECORD PERIOD 1920 TO 2014


WEATHER ITEM   OBSERVED TIME   RECORD YEAR NORMAL DEPARTURE LAST
                VALUE   (LST)  VALUE       VALUE  FROM      YEAR
                                                  NORMAL
..................................................................
TEMPERATURE (F)
 YESTERDAY
  MAXIMUM         31    356 PM  71    1990  43    -12       32
  MINIMUM         24   1210 AM   1    1977  25     -1       16
  AVERAGE         28                        34     -6       24

PRECIPITATION (IN)
  YESTERDAY        0.06          1.11 1926   0.07  -0.01     0.00
  MONTH TO DATE    1.17                      2.10  -0.93     1.76
  SINCE SEP 1      8.84                      8.72   0.12     7.21
  SINCE JAN 1     40.13                     35.42   4.71    36.32

DEGREE DAYS
 HEATING
  YESTERDAY       37                        31      6       41
  MONTH TO DATE  833                       642    191      693
  SINCE SEP 1   1355                      1155    200     1165
  SINCE JUL 1   1368                      1166    202     1181

 COOLING
  YESTERDAY        0                         0      0        0
  MONTH TO DATE    0                         0      0        0
  SINCE SEP 1     69                       104    -35      199
  SINCE JAN 1    801                       938   -137     1014
..................................................................


WIND (MPH)
  HIGHEST WIND SPEED    18   HIGHEST WIND DIRECTION    NW (330)
  HIGHEST GUST SPEED    22   HIGHEST GUST DIRECTION    NW (330)
  AVERAGE WIND SPEED    11.3


SKY COVER
  POSSIBLE SUNSHINE  MM
  AVERAGE SKY COVER 0.9


WEATHER CONDITIONS
 THE FOLLOWING WEATHER WAS RECORDED YESTERDAY.
  SNOW
  LIGHT SNOW
  FOG


RELATIVE HUMIDITY (PERCENT)
 HIGHEST    92          1200 PM
 LOWEST     68           200 AM
 AVERAGE    80

..........................................................


THE OTTUMWA IA CLIMATE NORMALS FOR TODAY
                         NORMAL    RECORD    YEAR
 MAXIMUM TEMPERATURE (F)   42        69      1998
 MINIMUM TEMPERATURE (F)   24         3      1936


SUNRISE AND SUNSET
NOVEMBER 27 2014......SUNRISE   711 AM CST   SUNSET   443 PM CST
NOVEMBER 28 2014......SUNRISE   712 AM CST   SUNSET   443 PM CST


-  INDICATES NEGATIVE NUMBERS.
R  INDICATES RECORD WAS SET OR TIED.
MM INDICATES DATA IS MISSING.
T  INDICATES TRACE AMOUNT.




$$
