000
CDUS43 KDMX 070650 RRA
CLIOTM

CLIMATE REPORT
NATIONAL WEATHER SERVICE DES MOINES IA
150 AM CDT MON JUL 7 2014

...................................

...THE OTTUMWA IA CLIMATE SUMMARY FOR JULY 6 2014...

CLIMATE NORMAL PERIOD 1981 TO 2010
CLIMATE RECORD PERIOD 1920 TO 2014


WEATHER ITEM   OBSERVED TIME   RECORD YEAR NORMAL DEPARTURE LAST
                VALUE   (LST)  VALUE       VALUE  FROM      YEAR
                                                  NORMAL
..................................................................
TEMPERATURE (F)
 YESTERDAY
  MAXIMUM         86    254 PM 104    1936  86      0       90
  MINIMUM         68    212 AM  52    2006  65      3       65
  AVERAGE         77                        75      2       78

PRECIPITATION (IN)
  YESTERDAY        0.31          2.93 1998   0.16   0.15     0.00
  MONTH TO DATE    1.78                      0.96   0.82      T
  SINCE JUN 1      9.80                      6.05   3.75     2.39
  SINCE JAN 1     20.64                     18.58   2.06    26.71

DEGREE DAYS
 HEATING
  YESTERDAY        0                         0      0        0
  MONTH TO DATE    7                         0      7        0
  SINCE JUN 1     16                        21     -5       26
  SINCE JUL 1      7                         0      7        0

 COOLING
  YESTERDAY       12                        10      2       13
  MONTH TO DATE   21                        60    -39       34
  SINCE JUN 1    235                       261    -26      232
  SINCE JAN 1    346                       325     21      309
..................................................................


WIND (MPH)
  HIGHEST WIND SPEED    29   HIGHEST WIND DIRECTION     N (340)
  HIGHEST GUST SPEED    54   HIGHEST GUST DIRECTION    NW (330)
  AVERAGE WIND SPEED    11.3


SKY COVER
  POSSIBLE SUNSHINE  MM
  AVERAGE SKY COVER 0.2


WEATHER CONDITIONS
 THE FOLLOWING WEATHER WAS RECORDED YESTERDAY.
  HEAVY RAIN
  RAIN
  LIGHT RAIN
  FOG


RELATIVE HUMIDITY (PERCENT)
 HIGHEST    97           500 AM
 LOWEST     61          1200 PM
 AVERAGE    79

..........................................................


THE OTTUMWA IA CLIMATE NORMALS FOR TODAY
                         NORMAL    RECORD    YEAR
 MAXIMUM TEMPERATURE (F)   86       104      1936
 MINIMUM TEMPERATURE (F)   65        48      1934


SUNRISE AND SUNSET
JULY  7 2014..........SUNRISE   545 AM CDT   SUNSET   845 PM CDT
JULY  8 2014..........SUNRISE   545 AM CDT   SUNSET   844 PM CDT


-  INDICATES NEGATIVE NUMBERS.
R  INDICATES RECORD WAS SET OR TIED.
MM INDICATES DATA IS MISSING.
T  INDICATES TRACE AMOUNT.

$$

SMALL
