000
CDUS43 KDMX 130919
CLIOTM

CLIMATE REPORT
NATIONAL WEATHER SERVICE DES MOINES IA
147 AM CDT THU APR 13 2017

...................................

...THE OTTUMWA IA CLIMATE SUMMARY FOR APRIL 12 2017...

CLIMATE NORMAL PERIOD 1981 TO 2010
CLIMATE RECORD PERIOD 1920 TO 2017

WEATHER ITEM   OBSERVED TIME   RECORD YEAR NORMAL DEPARTURE LAST
                VALUE   (LST)  VALUE       VALUE  FROM      YEAR
                                                  NORMAL
..................................................................
TEMPERATURE (F)
 YESTERDAY
  MAXIMUM         72    133 PM  88    1930  61     11       57
  MINIMUM         39    522 AM  19    1940  38      1       21
  AVERAGE         56                        50      6       39

PRECIPITATION (IN)
  YESTERDAY        0.00          0.82 1912   0.11  -0.11     0.00
  MONTH TO DATE    2.08                      1.17   0.91     0.46
  SINCE MAR 1      5.28                      3.41   1.87     1.68
  SINCE JAN 1      6.87                      5.59   1.28     2.98

DEGREE DAYS
 HEATING
  YESTERDAY        9                        16     -7       26
  MONTH TO DATE  154                       212    -58      270
  SINCE MAR 1    881                      1023   -142      885
  SINCE JUL 1   4688                      5908  -1220     4939

 COOLING
  YESTERDAY        0                         0      0        0
  MONTH TO DATE    5                         0      5        0
  SINCE MAR 1      5                         1      4        0
  SINCE JAN 1      5                         1      4        0
..................................................................

WIND (MPH)
  HIGHEST WIND SPEED    17   HIGHEST WIND DIRECTION     S (170)
  HIGHEST GUST SPEED    22   HIGHEST GUST DIRECTION     S (180)
  AVERAGE WIND SPEED     9.6

SKY COVER
  POSSIBLE SUNSHINE  MM
  AVERAGE SKY COVER 0.2

WEATHER CONDITIONS
 THE FOLLOWING WEATHER WAS RECORDED YESTERDAY.
  NO SIGNIFICANT WEATHER WAS OBSERVED.

RELATIVE HUMIDITY (PERCENT)
 HIGHEST    79           500 AM
 LOWEST     37           200 PM
 AVERAGE    58
..........................................................

THE OTTUMWA IA CLIMATE NORMALS FOR TODAY
                         NORMAL    RECORD    YEAR
 MAXIMUM TEMPERATURE (F)   61        88      2006
 MINIMUM TEMPERATURE (F)   39        20      1950

SUNRISE AND SUNSET
APRIL 13 2017.........SUNRISE   633 AM CDT   SUNSET   748 PM CDT
APRIL 14 2017.........SUNRISE   632 AM CDT   SUNSET   749 PM CDT

-  INDICATES NEGATIVE NUMBERS.
R  INDICATES RECORD WAS SET OR TIED.
MM INDICATES DATA IS MISSING.
T  INDICATES TRACE AMOUNT.

$$

FAB
