869
CDUS43 KDMX 291218
CLIOTM

CLIMATE REPORT
NATIONAL WEATHER SERVICE DES MOINES IA
616 AM CST THU DEC 29 2016


...................................

...THE OTTUMWA IA CLIMATE SUMMARY FOR DECEMBER 28 2016...

CLIMATE NORMAL PERIOD 1981 TO 2010
CLIMATE RECORD PERIOD 1920 TO 2016


WEATHER ITEM   OBSERVED TIME   RECORD YEAR NORMAL DEPARTURE LAST
                VALUE   (LST)  VALUE       VALUE  FROM      YEAR
                                                  NORMAL
..................................................................
TEMPERATURE (F)
 YESTERDAY
  MAXIMUM         45    258 PM  69    1984  32     13       31
  MINIMUM         29    438 AM -32    1924  15     14       25
  AVERAGE         37                        23     14       28

PRECIPITATION (IN)
  YESTERDAY        0.00          1.28 2015   0.03  -0.03     1.16
  MONTH TO DATE    1.37                      1.27   0.10     4.02
  SINCE DEC 1      1.37                      1.27   0.10     4.02
  SINCE JAN 1     25.29                     36.97 -11.68    40.71

DEGREE DAYS
 HEATING
  YESTERDAY       28                        42    -14       37
  MONTH TO DATE 1064                      1082    -18      722
  SINCE DEC 1   1064                      1082    -18      722
  SINCE JUL 1   1848                      2380   -532     1733

 COOLING
  YESTERDAY        0                         0      0        0
  MONTH TO DATE    0                         0      0        0
  SINCE DEC 1      0                         0      0        0
  SINCE JAN 1   1122                       938    184      933
..................................................................


WIND (MPH)
  HIGHEST WIND SPEED    17   HIGHEST WIND DIRECTION     W (290)
  HIGHEST GUST SPEED    23   HIGHEST GUST DIRECTION     W (290)
  AVERAGE WIND SPEED    10.9


SKY COVER
  POSSIBLE SUNSHINE  MM
  AVERAGE SKY COVER 0.0


WEATHER CONDITIONS
 THE FOLLOWING WEATHER WAS RECORDED YESTERDAY.
  HAZE


RELATIVE HUMIDITY (PERCENT)
 HIGHEST    75           400 AM
 LOWEST     49           300 PM
 AVERAGE    62

..........................................................


THE OTTUMWA IA CLIMATE NORMALS FOR TODAY
                         NORMAL    RECORD    YEAR
 MAXIMUM TEMPERATURE (F)   32        67      1984
 MINIMUM TEMPERATURE (F)   14       -11      1935


SUNRISE AND SUNSET
DECEMBER 29 2016......SUNRISE   735 AM CST   SUNSET   450 PM CST
DECEMBER 30 2016......SUNRISE   735 AM CST   SUNSET   451 PM CST


-  INDICATES NEGATIVE NUMBERS.
R  INDICATES RECORD WAS SET OR TIED.
MM INDICATES DATA IS MISSING.
T  INDICATES TRACE AMOUNT.




$$
