000
CDUS43 KDMX 130628
CLIOTM

CLIMATE REPORT
NATIONAL WEATHER SERVICE DES MOINES IA
126 AM CDT MON JUL 13 2015


...................................

...THE OTTUMWA IA CLIMATE SUMMARY FOR JULY 12 2015...

CLIMATE NORMAL PERIOD 1981 TO 2010
CLIMATE RECORD PERIOD 1920 TO 2015


WEATHER ITEM   OBSERVED TIME   RECORD YEAR NORMAL DEPARTURE LAST
                VALUE   (LST)  VALUE       VALUE  FROM      YEAR
                                                  NORMAL
..................................................................
TEMPERATURE (F)
 YESTERDAY
  MAXIMUM         90    429 PM 109    1936  86      4       89
  MINIMUM         72    527 AM  54    2007  65      7       68
                                      1898
  AVERAGE         81                        75      6       79

PRECIPITATION (IN)
  YESTERDAY        0.00          3.78 1989   0.14  -0.14     1.19
  MONTH TO DATE    2.42                      1.84   0.58     2.98
  SINCE JUN 1     10.21                      6.93   3.28    11.00
  SINCE JAN 1     19.12                     19.46  -0.34    24.11

DEGREE DAYS
 HEATING
  YESTERDAY        0                         0      0        0
  MONTH TO DATE    6                         0      6        7
  SINCE JUN 1     16                        21     -5       16
  SINCE JUL 1      6                         0      6        7

 COOLING
  YESTERDAY       16                        10      6       14
  MONTH TO DATE   60                       120    -60       70
  SINCE JUN 1    264                       321    -57      284
  SINCE JAN 1    325                       385    -60      395
..................................................................


WIND (MPH)
  HIGHEST WIND SPEED    14   HIGHEST WIND DIRECTION     S (170)
  HIGHEST GUST SPEED    18   HIGHEST GUST DIRECTION     S (160)
  AVERAGE WIND SPEED     8.4


SKY COVER
  POSSIBLE SUNSHINE  MM
  AVERAGE SKY COVER 0.1


WEATHER CONDITIONS
 THE FOLLOWING WEATHER WAS RECORDED YESTERDAY.
  NO SIGNIFICANT WEATHER WAS OBSERVED.


RELATIVE HUMIDITY (PERCENT)
 HIGHEST   100          1200 AM
 LOWEST     74          1000 AM
 AVERAGE    87

..........................................................


THE OTTUMWA IA CLIMATE NORMALS FOR TODAY
                         NORMAL    RECORD    YEAR
 MAXIMUM TEMPERATURE (F)   86       112      1936
 MINIMUM TEMPERATURE (F)   65        47      1940


SUNRISE AND SUNSET
JULY 13 2015..........SUNRISE   549 AM CDT   SUNSET   842 PM CDT
JULY 14 2015..........SUNRISE   549 AM CDT   SUNSET   842 PM CDT


-  INDICATES NEGATIVE NUMBERS.
R  INDICATES RECORD WAS SET OR TIED.
MM INDICATES DATA IS MISSING.
T  INDICATES TRACE AMOUNT.




$$
