000
CDUS43 KDMX 040632
CLIOTM

CLIMATE REPORT
NATIONAL WEATHER SERVICE DES MOINES IA
129 AM CDT MON AUG 4 2014


...................................

...THE OTTUMWA IA CLIMATE SUMMARY FOR AUGUST 3 2014...

CLIMATE NORMAL PERIOD 1981 TO 2010
CLIMATE RECORD PERIOD 1920 TO 2014


WEATHER ITEM   OBSERVED TIME   RECORD YEAR NORMAL DEPARTURE LAST
                VALUE   (LST)  VALUE       VALUE  FROM      YEAR
                                                  NORMAL
..................................................................
TEMPERATURE (F)
 YESTERDAY
  MAXIMUM         84    118 PM 108    1930  85     -1       81
  MINIMUM         61    429 AM  49    1927  64     -3       61
  AVERAGE         73                        74     -1       71

PRECIPITATION (IN)
  YESTERDAY        0.07          2.64 1928   0.14  -0.07     0.00
  MONTH TO DATE    0.07                      0.43  -0.36      T
  SINCE JUN 1     13.34                      9.99   3.35     3.83
  SINCE JAN 1     24.18                     22.52   1.66    28.15

DEGREE DAYS
 HEATING
  YESTERDAY        0                         0      0        0
  MONTH TO DATE    0                         0      0        0
  SINCE JUN 1     22                        23     -1       36
  SINCE JUL 1     13                         2     11       10

 COOLING
  YESTERDAY        8                         9     -1        6
  MONTH TO DATE   20                        29     -9       24
  SINCE JUN 1    398                       544   -146      488
  SINCE JAN 1    509                       608    -99      565
..................................................................


WIND (MPH)
  HIGHEST WIND SPEED     9   HIGHEST WIND DIRECTION     S (160)
  HIGHEST GUST SPEED    12   HIGHEST GUST DIRECTION    SW (240)
  AVERAGE WIND SPEED     5.3


SKY COVER
  POSSIBLE SUNSHINE  MM
  AVERAGE SKY COVER 0.3


WEATHER CONDITIONS
 THE FOLLOWING WEATHER WAS RECORDED YESTERDAY.
  LIGHT RAIN
  FOG


RELATIVE HUMIDITY (PERCENT)
 HIGHEST    93           300 AM
 LOWEST     55           300 PM
 AVERAGE    74

..........................................................


THE OTTUMWA IA CLIMATE NORMALS FOR TODAY
                         NORMAL    RECORD    YEAR
 MAXIMUM TEMPERATURE (F)   85       109      1918
 MINIMUM TEMPERATURE (F)   64        50      1912


SUNRISE AND SUNSET
AUGUST  4 2014........SUNRISE   608 AM CDT   SUNSET   823 PM CDT
AUGUST  5 2014........SUNRISE   609 AM CDT   SUNSET   821 PM CDT


-  INDICATES NEGATIVE NUMBERS.
R  INDICATES RECORD WAS SET OR TIED.
MM INDICATES DATA IS MISSING.
T  INDICATES TRACE AMOUNT.




$$
