000
CDUS43 KDMX 270705 RRC
CLIOTM

CLIMATE REPORT
NATIONAL WEATHER SERVICE DES MOINES IA
203 AM CDT THU OCT 27 2016


...................................

...THE OTTUMWA IA CLIMATE SUMMARY FOR OCTOBER 26 2016...

CLIMATE NORMAL PERIOD 1981 TO 2010
CLIMATE RECORD PERIOD 1920 TO 2016


WEATHER ITEM   OBSERVED TIME   RECORD YEAR NORMAL DEPARTURE LAST
                VALUE   (LST)  VALUE       VALUE  FROM      YEAR
                                                  NORMAL
..................................................................
TEMPERATURE (F)
 YESTERDAY
  MAXIMUM         66   1141 AM  88    1940  59      7       61
  MINIMUM         48   1144 PM  18    1942  38     10       35
  AVERAGE         57                        49      8       48

PRECIPITATION (IN)
  YESTERDAY        0.12          1.58 1997   0.09   0.03     0.00
  MONTH TO DATE    0.91                      2.38  -1.47     0.41
  SINCE SEP 1      1.92                      6.17  -4.25     4.67
  SINCE JAN 1     23.11                     32.87  -9.76    30.38

DEGREE DAYS
 HEATING
  YESTERDAY        8                        16     -8       17
  MONTH TO DATE  190                       315   -125      238
  SINCE SEP 1    214                       425   -211      289
  SINCE JUL 1    221                       436   -215      311

 COOLING
  YESTERDAY        0                         0      0        0
  MONTH TO DATE   42                         9     33        8
  SINCE SEP 1    215                       102    113      205
  SINCE JAN 1   1114                       936    178      933
..................................................................


WIND (MPH)
  HIGHEST WIND SPEED    24   HIGHEST WIND DIRECTION     S (160)
  HIGHEST GUST SPEED    32   HIGHEST GUST DIRECTION     S (160)
  AVERAGE WIND SPEED    12.5


SKY COVER
  POSSIBLE SUNSHINE  MM
  AVERAGE SKY COVER 0.9


WEATHER CONDITIONS
 THE FOLLOWING WEATHER WAS RECORDED YESTERDAY.
  THUNDERSTORM
  LIGHT RAIN
  FOG
  HAZE


RELATIVE HUMIDITY (PERCENT)
 HIGHEST    90           900 AM
 LOWEST     77           500 PM
 AVERAGE    84

..........................................................


THE OTTUMWA IA CLIMATE NORMALS FOR TODAY
                         NORMAL    RECORD    YEAR
 MAXIMUM TEMPERATURE (F)   59        87      1927
 MINIMUM TEMPERATURE (F)   38        19      1936


SUNRISE AND SUNSET
OCTOBER 27 2016.......SUNRISE   736 AM CDT   SUNSET   611 PM CDT
OCTOBER 28 2016.......SUNRISE   737 AM CDT   SUNSET   610 PM CDT


-  INDICATES NEGATIVE NUMBERS.
R  INDICATES RECORD WAS SET OR TIED.
MM INDICATES DATA IS MISSING.
T  INDICATES TRACE AMOUNT.




$$
