000
CDUS43 KDMX 210635
CLIOTM

CLIMATE REPORT
NATIONAL WEATHER SERVICE DES MOINES IA
132 AM CDT SAT JUN 21 2014

...................................

...THE OTTUMWA IA CLIMATE SUMMARY FOR JUNE 20 2014...

CLIMATE NORMAL PERIOD 1981 TO 2010
CLIMATE RECORD PERIOD 1920 TO 2014


WEATHER ITEM   OBSERVED TIME   RECORD YEAR NORMAL DEPARTURE LAST
                VALUE   (LST)  VALUE       VALUE  FROM      YEAR
                                                  NORMAL
..................................................................
TEMPERATURE (F)
 YESTERDAY
  MAXIMUM         87    342 PM 102    1936  83      4       89
  MINIMUM         62    358 AM  47    1920  62      0       66
  AVERAGE         75                        72      3       78

PRECIPITATION (IN)
  YESTERDAY        0.00          3.20 1931   0.17  -0.17     0.00
  MONTH TO DATE    4.84                      3.40   1.44     1.64
  SINCE JUN 1      4.84                      3.40   1.44     1.64
  SINCE JAN 1     15.68                     15.93  -0.25    25.96

DEGREE DAYS
 HEATING
  YESTERDAY        0                         0      0        0
  MONTH TO DATE    9                        19    -10       26
  SINCE JUN 1      9                        19    -10       26
  SINCE JUL 1   7106                      6315    791     6271

 COOLING
  YESTERDAY       10                         8      2       13
  MONTH TO DATE  114                       112      2       83
  SINCE JUN 1    114                       112      2       83
  SINCE JAN 1    225                       176     49      160
..................................................................


WIND (MPH)
  HIGHEST WIND SPEED    12   HIGHEST WIND DIRECTION     W (290)
  HIGHEST GUST SPEED    14   HIGHEST GUST DIRECTION     W (290)
  AVERAGE WIND SPEED     4.1


SKY COVER
  POSSIBLE SUNSHINE  MM
  AVERAGE SKY COVER 0.1


WEATHER CONDITIONS
 THE FOLLOWING WEATHER WAS RECORDED YESTERDAY.
  FOG


RELATIVE HUMIDITY (PERCENT)
 HIGHEST   100           100 AM
 LOWEST     42           200 PM
 AVERAGE    71

..........................................................


THE OTTUMWA IA CLIMATE NORMALS FOR TODAY
                         NORMAL    RECORD    YEAR
 MAXIMUM TEMPERATURE (F)   83       101      1988
 MINIMUM TEMPERATURE (F)   62        44      1992


SUNRISE AND SUNSET
JUNE 21 2014..........SUNRISE   537 AM CDT   SUNSET   846 PM CDT
JUNE 22 2014..........SUNRISE   538 AM CDT   SUNSET   846 PM CDT


-  INDICATES NEGATIVE NUMBERS.
R  INDICATES RECORD WAS SET OR TIED.
MM INDICATES DATA IS MISSING.
T  INDICATES TRACE AMOUNT.




$$
