000
CDUS43 KDMX 120637 RRB
CLIOTM

CLIMATE REPORT
NATIONAL WEATHER SERVICE DES MOINES IA
132 AM CDT FRI JUN 12 2015


...................................

...THE OTTUMWA IA CLIMATE SUMMARY FOR JUNE 11 2015...

CLIMATE NORMAL PERIOD 1981 TO 2010
CLIMATE RECORD PERIOD 1920 TO 2015


WEATHER ITEM   OBSERVED TIME   RECORD YEAR NORMAL DEPARTURE LAST
                VALUE   (LST)  VALUE       VALUE  FROM      YEAR
                                                  NORMAL
..................................................................
TEMPERATURE (F)
 YESTERDAY
  MAXIMUM         77    622 PM 102    1933  80     -3       81
  MINIMUM         68   1159 PM  43    1972  59      9       62
  AVERAGE         73                        70      3       72

PRECIPITATION (IN)
  YESTERDAY        0.48          1.30 2002   0.17   0.31     0.00
  MONTH TO DATE    1.60                      1.87  -0.27     2.92
  SINCE JUN 1      1.60                      1.87  -0.27     2.92
  SINCE JAN 1     10.51                     14.40  -3.89    16.03

DEGREE DAYS
 HEATING
  YESTERDAY        0                         1     -1        0
  MONTH TO DATE   10                        15     -5        4
  SINCE JUN 1     10                        15     -5        4
  SINCE JUL 1   6379                      6311     68     7102

 COOLING
  YESTERDAY        8                         6      2        7
  MONTH TO DATE   73                        50     23       47
  SINCE JUN 1     73                        50     23       47
  SINCE JAN 1    134                       114     20      158
..................................................................


WIND (MPH)
  HIGHEST WIND SPEED    28   HIGHEST WIND DIRECTION     S (190)
  HIGHEST GUST SPEED    34   HIGHEST GUST DIRECTION     S (190)
  AVERAGE WIND SPEED     9.4


SKY COVER
  POSSIBLE SUNSHINE  MM
  AVERAGE SKY COVER 0.6


WEATHER CONDITIONS
 THE FOLLOWING WEATHER WAS RECORDED YESTERDAY.
  THUNDERSTORM
  HEAVY RAIN
  RAIN
  LIGHT RAIN
  FOG


RELATIVE HUMIDITY (PERCENT)
 HIGHEST    94           400 PM
 LOWEST     78           100 AM
 AVERAGE    86

..........................................................


THE OTTUMWA IA CLIMATE NORMALS FOR TODAY
                         NORMAL    RECORD    YEAR
 MAXIMUM TEMPERATURE (F)   81        96      1952
 MINIMUM TEMPERATURE (F)   60        45      1903


SUNRISE AND SUNSET
JUNE 12 2015..........SUNRISE   537 AM CDT   SUNSET   843 PM CDT
JUNE 13 2015..........SUNRISE   537 AM CDT   SUNSET   843 PM CDT


-  INDICATES NEGATIVE NUMBERS.
R  INDICATES RECORD WAS SET OR TIED.
MM INDICATES DATA IS MISSING.
T  INDICATES TRACE AMOUNT.




$$
