000
CDUS43 KDMX 060639
CLIOTM

CLIMATE REPORT
NATIONAL WEATHER SERVICE DES MOINES IA
139 AM CDT SUN JUL 6 2014

...................................

...THE OTTUMWA IA CLIMATE SUMMARY FOR JULY 5 2014...

CLIMATE NORMAL PERIOD 1981 TO 2010
CLIMATE RECORD PERIOD 1920 TO 2014


WEATHER ITEM   OBSERVED TIME   RECORD YEAR NORMAL DEPARTURE LAST
                VALUE   (LST)  VALUE       VALUE  FROM      YEAR
                                                  NORMAL
..................................................................
TEMPERATURE (F)
 YESTERDAY
  MAXIMUM         72    548 PM 110    1911  86    -14       87
  MINIMUM         61    645 AM  48    1972  65     -4       60
  AVERAGE         67                        75     -8       74

PRECIPITATION (IN)
  YESTERDAY        1.41          1.76 1993   0.16   1.25     0.00
  MONTH TO DATE    1.47                      0.80   0.67      T
  SINCE JUN 1      9.49                      5.89   3.60     2.39
  SINCE JAN 1     20.33                     18.42   1.91    26.71

DEGREE DAYS
 HEATING
  YESTERDAY        0                         0      0        0
  MONTH TO DATE    7                         0      7        0
  SINCE JUN 1     16                        21     -5       26
  SINCE JUL 1      7                         0      7        0

 COOLING
  YESTERDAY        2                        10     -8        9
  MONTH TO DATE    9                        50    -41       21
  SINCE JUN 1    223                       251    -28      219
  SINCE JAN 1    334                       315     19      296
..................................................................


WIND (MPH)
  HIGHEST WIND SPEED    17   HIGHEST WIND DIRECTION     S (170)
  HIGHEST GUST SPEED    22   HIGHEST GUST DIRECTION     S (160)
  AVERAGE WIND SPEED     8.7


SKY COVER
  POSSIBLE SUNSHINE  MM
  AVERAGE SKY COVER 0.9


WEATHER CONDITIONS
 THE FOLLOWING WEATHER WAS RECORDED YESTERDAY.
  HEAVY RAIN
  RAIN
  LIGHT RAIN
  FOG


RELATIVE HUMIDITY (PERCENT)
 HIGHEST   100          1100 AM
 LOWEST     73           200 AM
 AVERAGE    87

..........................................................


THE OTTUMWA IA CLIMATE NORMALS FOR TODAY
                         NORMAL    RECORD    YEAR
 MAXIMUM TEMPERATURE (F)   86       104      1936
 MINIMUM TEMPERATURE (F)   65        52      2006


SUNRISE AND SUNSET
JULY  6 2014..........SUNRISE   544 AM CDT   SUNSET   845 PM CDT
JULY  7 2014..........SUNRISE   545 AM CDT   SUNSET   845 PM CDT


-  INDICATES NEGATIVE NUMBERS.
R  INDICATES RECORD WAS SET OR TIED.
MM INDICATES DATA IS MISSING.
T  INDICATES TRACE AMOUNT.

$$

SMALL
