000
CDUS43 KDMX 120707
CLIOTM

CLIMATE REPORT
NATIONAL WEATHER SERVICE DES MOINES IA
204 AM CDT THU OCT 12 2017

...................................

...THE OTTUMWA IA CLIMATE SUMMARY FOR OCTOBER 11 2017...

CLIMATE NORMAL PERIOD 1981 TO 2010
CLIMATE RECORD PERIOD 1920 TO 2017


WEATHER ITEM   OBSERVED TIME   RECORD YEAR NORMAL DEPARTURE LAST
                VALUE   (LST)  VALUE       VALUE  FROM      YEAR
                                                  NORMAL
..................................................................
TEMPERATURE (F)
 YESTERDAY
  MAXIMUM         58    438 PM  86    1962  65     -7       78
  MINIMUM         46    652 AM  25    2009  43      3       57
                                      1987
  AVERAGE         52                        54     -2       68

PRECIPITATION (IN)
  YESTERDAY        0.00          1.06 1984   0.09  -0.09     0.13
  MONTH TO DATE    2.08                      1.05   1.03     0.74
  SINCE SEP 1      5.75                      4.84   0.91     1.75
  SINCE JAN 1     21.59                     31.54  -9.95    22.94

DEGREE DAYS
 HEATING
  YESTERDAY       13                        11      2        0
  MONTH TO DATE   44                       106    -62       43
  SINCE SEP 1     81                       216   -135       76
  SINCE JUL 1     81                       227   -146       83

 COOLING
  YESTERDAY        0                         0      0        3
  MONTH TO DATE   23                         9     14       15
  SINCE SEP 1    192                       102     90      188
  SINCE JAN 1   1117                       936    181     1087
..................................................................


WIND (MPH)
  HIGHEST WIND SPEED    16   HIGHEST WIND DIRECTION    NW (330)
  HIGHEST GUST SPEED    19   HIGHEST GUST DIRECTION    NW (330)
  AVERAGE WIND SPEED     7.2


SKY COVER
  POSSIBLE SUNSHINE  MM
  AVERAGE SKY COVER 1.0


WEATHER CONDITIONS
 THE FOLLOWING WEATHER WAS RECORDED YESTERDAY.
  FOG


RELATIVE HUMIDITY (PERCENT)
 HIGHEST   100          1100 PM
 LOWEST     72           200 PM
 AVERAGE    86

..........................................................


THE OTTUMWA IA CLIMATE NORMALS FOR TODAY
                         NORMAL    RECORD    YEAR
 MAXIMUM TEMPERATURE (F)   65        88      1975
 MINIMUM TEMPERATURE (F)   42        24      1946


SUNRISE AND SUNSET
OCTOBER 12 2017.......SUNRISE   718 AM CDT   SUNSET   633 PM CDT
OCTOBER 13 2017.......SUNRISE   719 AM CDT   SUNSET   632 PM CDT


-  INDICATES NEGATIVE NUMBERS.
R  INDICATES RECORD WAS SET OR TIED.
MM INDICATES DATA IS MISSING.
T  INDICATES TRACE AMOUNT.

$$

ANSORGE
