748
CDUS43 KDMX 150628
CLIOTM

CLIMATE REPORT
NATIONAL WEATHER SERVICE DES MOINES IA
1227 AM CST FRI JAN 15 2016


...................................

...THE OTTUMWA IA CLIMATE SUMMARY FOR JANUARY 14 2016...

CLIMATE NORMAL PERIOD 1981 TO 2010
CLIMATE RECORD PERIOD 1920 TO 2016


WEATHER ITEM   OBSERVED TIME   RECORD YEAR NORMAL DEPARTURE LAST
                VALUE   (LST)  VALUE       VALUE  FROM      YEAR
                                                  NORMAL
..................................................................
TEMPERATURE (F)
 YESTERDAY
  MAXIMUM         49    427 PM  65    1952  31     18       32
  MINIMUM         33    228 AM -21    1957  13     20       12
  AVERAGE         41                        22     19       22

PRECIPITATION (IN)
  YESTERDAY        0.00          0.56 1960   0.02  -0.02     0.00
  MONTH TO DATE    0.02                      0.44  -0.42     0.37
  SINCE DEC 1      4.05                      1.81   2.24     1.35
  SINCE JAN 1      0.02                      0.44  -0.42     0.37

DEGREE DAYS
 HEATING
  YESTERDAY       24                        43    -19       43
  MONTH TO DATE  579                       596    -17      720
  SINCE DEC 1   1425                      1803   -378     1763
  SINCE JUL 1   2436                      3101   -665     3271

 COOLING
  YESTERDAY        0                         0      0        0
  MONTH TO DATE    0                         0      0        0
  SINCE DEC 1      0                         0      0        0
  SINCE JAN 1      0                         0      0        0
..................................................................


WIND (MPH)
  HIGHEST WIND SPEED    22   HIGHEST WIND DIRECTION    SW (210)
  HIGHEST GUST SPEED    27   HIGHEST GUST DIRECTION    SW (210)
  AVERAGE WIND SPEED    13.5


SKY COVER
  POSSIBLE SUNSHINE  MM
  AVERAGE SKY COVER 0.0


WEATHER CONDITIONS
 THE FOLLOWING WEATHER WAS RECORDED YESTERDAY.
  NO SIGNIFICANT WEATHER WAS OBSERVED.


RELATIVE HUMIDITY (PERCENT)
 HIGHEST    76           700 PM
 LOWEST     50          1200 PM
 AVERAGE    63

..........................................................


THE OTTUMWA IA CLIMATE NORMALS FOR TODAY
                         NORMAL    RECORD    YEAR
 MAXIMUM TEMPERATURE (F)   31        59      1990
 MINIMUM TEMPERATURE (F)   13       -20      1979


SUNRISE AND SUNSET
JANUARY 15 2016.......SUNRISE   733 AM CST   SUNSET   506 PM CST
JANUARY 16 2016.......SUNRISE   732 AM CST   SUNSET   507 PM CST


-  INDICATES NEGATIVE NUMBERS.
R  INDICATES RECORD WAS SET OR TIED.
MM INDICATES DATA IS MISSING.
T  INDICATES TRACE AMOUNT.




$$
