000
CDUS43 KDMX 170710
CLIOTM

CLIMATE REPORT
NATIONAL WEATHER SERVICE DES MOINES IA
107 AM CST SUN JAN 17 2016


...................................

...THE OTTUMWA IA CLIMATE SUMMARY FOR JANUARY 16 2016...

CLIMATE NORMAL PERIOD 1981 TO 2010
CLIMATE RECORD PERIOD 1920 TO 2016


WEATHER ITEM   OBSERVED TIME   RECORD YEAR NORMAL DEPARTURE LAST
                VALUE   (LST)  VALUE       VALUE  FROM      YEAR
                                                  NORMAL
..................................................................
TEMPERATURE (F)
 YESTERDAY
  MAXIMUM         22    210 PM  61    1990  31     -9       51
  MINIMUM          6   1110 PM -20    2009  13     -7       20
  AVERAGE         14                        22     -8       36

PRECIPITATION (IN)
  YESTERDAY        T             0.91 1980   0.03  -0.03     0.00
  MONTH TO DATE    0.02                      0.50  -0.48     0.37
  SINCE DEC 1      4.05                      1.87   2.18     1.35
  SINCE JAN 1      0.02                      0.50  -0.48     0.37

DEGREE DAYS
 HEATING
  YESTERDAY       51                        43      8       29
  MONTH TO DATE  666                       682    -16      785
  SINCE DEC 1   1512                      1889   -377     1828
  SINCE JUL 1   2523                      3187   -664     3336

 COOLING
  YESTERDAY        0                         0      0        0
  MONTH TO DATE    0                         0      0        0
  SINCE DEC 1      0                         0      0        0
  SINCE JAN 1      0                         0      0        0
..................................................................


WIND (MPH)
  HIGHEST WIND SPEED    21   HIGHEST WIND DIRECTION     N (340)
  HIGHEST GUST SPEED    24   HIGHEST GUST DIRECTION     N (340)
  AVERAGE WIND SPEED    13.8


SKY COVER
  POSSIBLE SUNSHINE  MM
  AVERAGE SKY COVER 0.5


WEATHER CONDITIONS
 THE FOLLOWING WEATHER WAS RECORDED YESTERDAY.
  LIGHT SNOW


RELATIVE HUMIDITY (PERCENT)
 HIGHEST    92          1200 AM
 LOWEST     62          1200 PM
 AVERAGE    77

..........................................................


THE OTTUMWA IA CLIMATE NORMALS FOR TODAY
                         NORMAL    RECORD    YEAR
 MAXIMUM TEMPERATURE (F)   31        59      1996
 MINIMUM TEMPERATURE (F)   13       -16      1982


SUNRISE AND SUNSET
JANUARY 17 2016.......SUNRISE   732 AM CST   SUNSET   508 PM CST
JANUARY 18 2016.......SUNRISE   732 AM CST   SUNSET   509 PM CST


-  INDICATES NEGATIVE NUMBERS.
R  INDICATES RECORD WAS SET OR TIED.
MM INDICATES DATA IS MISSING.
T  INDICATES TRACE AMOUNT.




$$
