000
CDUS43 KDMX 050629 RRB
CLIOTM

CLIMATE REPORT
NATIONAL WEATHER SERVICE DES MOINES IA
1227 AM CST SUN MAR 5 2017


...................................

...THE OTTUMWA IA CLIMATE SUMMARY FOR MARCH 4 2017...

CLIMATE NORMAL PERIOD 1981 TO 2010
CLIMATE RECORD PERIOD 1920 TO 2017


WEATHER ITEM   OBSERVED TIME   RECORD YEAR NORMAL DEPARTURE LAST
                VALUE   (LST)  VALUE       VALUE  FROM      YEAR
                                                  NORMAL
..................................................................
TEMPERATURE (F)
 YESTERDAY
  MAXIMUM         69    359 PM  78    1921  43     26       45
  MINIMUM         26    528 AM  -8    1960  24      2       30
  AVERAGE         48                        34     14       38

PRECIPITATION (IN)
  YESTERDAY        0.00          2.79 1976   0.07  -0.07     0.00
  MONTH TO DATE    0.01                      0.27  -0.26      T
  SINCE MAR 1      0.01                      0.27  -0.26      T
  SINCE JAN 1      1.60                      2.45  -0.85     1.30

DEGREE DAYS
 HEATING
  YESTERDAY       17                        31    -14       27
  MONTH TO DATE  115                       128    -13      137
  SINCE MAR 1    115                       128    -13      137
  SINCE JUL 1   3922                      5013  -1091     4191

 COOLING
  YESTERDAY        0                         0      0        0
  MONTH TO DATE    0                         0      0        0
  SINCE MAR 1      0                         0      0        0
  SINCE JAN 1      0                         0      0        0
..................................................................


WIND (MPH)
  HIGHEST WIND SPEED    16   HIGHEST WIND DIRECTION    SE (130)
  HIGHEST GUST SPEED    22   HIGHEST GUST DIRECTION     S (160)
  AVERAGE WIND SPEED    10.4


SKY COVER
  POSSIBLE SUNSHINE  MM
  AVERAGE SKY COVER 0.0


WEATHER CONDITIONS
 THE FOLLOWING WEATHER WAS RECORDED YESTERDAY.
  NO SIGNIFICANT WEATHER WAS OBSERVED.


RELATIVE HUMIDITY (PERCENT)
 HIGHEST    81           700 AM
 LOWEST     21           400 PM
 AVERAGE    51

..........................................................


THE OTTUMWA IA CLIMATE NORMALS FOR TODAY
                         NORMAL    RECORD    YEAR
 MAXIMUM TEMPERATURE (F)   44        75      1921
 MINIMUM TEMPERATURE (F)   24       -15      1960


SUNRISE AND SUNSET
MARCH  5 2017.........SUNRISE   637 AM CST   SUNSET   606 PM CST
MARCH  6 2017.........SUNRISE   636 AM CST   SUNSET   607 PM CST


-  INDICATES NEGATIVE NUMBERS.
R  INDICATES RECORD WAS SET OR TIED.
MM INDICATES DATA IS MISSING.
T  INDICATES TRACE AMOUNT.




$$
