000
CDUS43 KDMX 100638 RRA
CLIOTM

CLIMATE REPORT
NATIONAL WEATHER SERVICE DES MOINES IA
135 AM CDT THU AUG 10 2017


...................................

...THE OTTUMWA IA CLIMATE SUMMARY FOR AUGUST 9 2017...

CLIMATE NORMAL PERIOD 1981 TO 2010
CLIMATE RECORD PERIOD 1920 TO 2017


WEATHER ITEM   OBSERVED TIME   RECORD YEAR NORMAL DEPARTURE LAST
                VALUE   (LST)  VALUE       VALUE  FROM      YEAR
                                                  NORMAL
..................................................................
TEMPERATURE (F)
 YESTERDAY
  MAXIMUM         86    245 PM 113    1934  84      2       85
  MINIMUM         53    533 AM  47    1927  63    -10       68
  AVERAGE         70                        74     -4       77

PRECIPITATION (IN)
  YESTERDAY        0.00          2.73 2010   0.14  -0.14      T
  MONTH TO DATE    0.37                      1.29  -0.92     1.08
  SINCE JUN 1      1.98                     10.85  -8.87     7.55
  SINCE JAN 1     14.44                     23.38  -8.94    16.46

DEGREE DAYS
 HEATING
  YESTERDAY        0                         0      0        0
  MONTH TO DATE    0                         0      0        0
  SINCE JUN 1     10                        23    -13        8
  SINCE JUL 1      0                         2     -2        7

 COOLING
  YESTERDAY        5                         9     -4       12
  MONTH TO DATE   44                        83    -39       83
  SINCE JUN 1    728                       598    130      631
  SINCE JAN 1    789                       662    127      702
..................................................................


WIND (MPH)
  HIGHEST WIND SPEED    15   HIGHEST WIND DIRECTION     S (200)
  HIGHEST GUST SPEED    21   HIGHEST GUST DIRECTION    SW (220)
  AVERAGE WIND SPEED     6.6


SKY COVER
  POSSIBLE SUNSHINE  MM
  AVERAGE SKY COVER 0.0


WEATHER CONDITIONS
 THE FOLLOWING WEATHER WAS RECORDED YESTERDAY.
  NO SIGNIFICANT WEATHER WAS OBSERVED.


RELATIVE HUMIDITY (PERCENT)
 HIGHEST    93           400 AM
 LOWEST     32           200 PM
 AVERAGE    63

..........................................................


THE OTTUMWA IA CLIMATE NORMALS FOR TODAY
                         NORMAL    RECORD    YEAR
 MAXIMUM TEMPERATURE (F)   84       108      1934
 MINIMUM TEMPERATURE (F)   63        48      1903


SUNRISE AND SUNSET
AUGUST 10 2017........SUNRISE   615 AM CDT   SUNSET   815 PM CDT
AUGUST 11 2017........SUNRISE   616 AM CDT   SUNSET   813 PM CDT


-  INDICATES NEGATIVE NUMBERS.
R  INDICATES RECORD WAS SET OR TIED.
MM INDICATES DATA IS MISSING.
T  INDICATES TRACE AMOUNT.




$$
