000
CDUS43 KDMX 010634 RRB
CLIOTM

CLIMATE REPORT
NATIONAL WEATHER SERVICE DES MOINES IA
132 AM CDT SAT JUL 1 2017

...................................

...THE OTTUMWA IA CLIMATE SUMMARY FOR JUNE 30 2017...

CLIMATE NORMAL PERIOD 1981 TO 2010
CLIMATE RECORD PERIOD 1920 TO 2017


WEATHER ITEM   OBSERVED TIME   RECORD YEAR NORMAL DEPARTURE LAST
                VALUE   (LST)  VALUE       VALUE  FROM      YEAR
                                                  NORMAL
..................................................................
TEMPERATURE (F)
 YESTERDAY
  MAXIMUM         84    329 PM 100    1931  85     -1       83
  MINIMUM         65    418 AM  47    1943  64      1       61
  AVERAGE         75                        74      1       72

PRECIPITATION (IN)
  YESTERDAY        0.00          1.55 1907   0.16  -0.16     0.97
  MONTH TO DATE    0.97                      5.09  -4.12     2.58
  SINCE JUN 1      0.97                      5.09  -4.12     2.58
  SINCE JAN 1     13.43                     17.62  -4.19    11.49

DEGREE DAYS
 HEATING
  YESTERDAY        0                         0      0        0
  MONTH TO DATE   10                        19     -9        1
  SINCE JUN 1     10                        21    -11        1
  SINCE JUL 1   5018                      6317  -1299     5265

 COOLING
  YESTERDAY       10                        10      0        7
  MONTH TO DATE  269                       201     68      274
  SINCE JUN 1    269                       201     68      274
  SINCE JAN 1    330                       265     65      345
..................................................................


WIND (MPH)
  HIGHEST WIND SPEED    15   HIGHEST WIND DIRECTION    NW (300)
  HIGHEST GUST SPEED    22   HIGHEST GUST DIRECTION    NW (310)
  AVERAGE WIND SPEED     7.9


SKY COVER
  POSSIBLE SUNSHINE  MM
  AVERAGE SKY COVER 0.4


WEATHER CONDITIONS
 THE FOLLOWING WEATHER WAS RECORDED YESTERDAY.
  NO SIGNIFICANT WEATHER WAS OBSERVED.


RELATIVE HUMIDITY (PERCENT)
 HIGHEST   100           500 AM
 LOWEST     46           400 PM
 AVERAGE    73

..........................................................


THE OTTUMWA IA CLIMATE NORMALS FOR TODAY
                         NORMAL    RECORD    YEAR
 MAXIMUM TEMPERATURE (F)   85       103      1911
 MINIMUM TEMPERATURE (F)   64        49      1924


SUNRISE AND SUNSET
JULY  1 2017..........SUNRISE   541 AM CDT   SUNSET   846 PM CDT
JULY  2 2017..........SUNRISE   542 AM CDT   SUNSET   846 PM CDT


-  INDICATES NEGATIVE NUMBERS.
R  INDICATES RECORD WAS SET OR TIED.
MM INDICATES DATA IS MISSING.
T  INDICATES TRACE AMOUNT.




$$
