000
CDUS43 KDMX 080712 RRA
CLIOTM

CLIMATE REPORT
NATIONAL WEATHER SERVICE DES MOINES IA
109 AM CST THU JAN 8 2015


...................................

...THE OTTUMWA IA CLIMATE SUMMARY FOR JANUARY 7 2015...

CLIMATE NORMAL PERIOD 1981 TO 2010
CLIMATE RECORD PERIOD 1920 TO 2015


WEATHER ITEM   OBSERVED TIME   RECORD YEAR NORMAL DEPARTURE LAST
                VALUE   (LST)  VALUE       VALUE  FROM      YEAR
                                                  NORMAL
..................................................................
TEMPERATURE (F)
 YESTERDAY
  MAXIMUM          8   1219 AM  62    2008  31    -23       15
  MINIMUM        -13   1155 PM -16    1968  14    -27       -8
  AVERAGE         -2                        22    -24        4

PRECIPITATION (IN)
  YESTERDAY        0.00          0.42 1918   0.03  -0.03     0.00
  MONTH TO DATE    0.08                      0.23  -0.15     0.19
  SINCE DEC 1      1.06                      1.60  -0.54     0.85
  SINCE JAN 1      0.08                      0.23  -0.15     0.19

DEGREE DAYS
 HEATING
  YESTERDAY       67                        43     24       61
  MONTH TO DATE  352                       295     57      410
  SINCE DEC 1   1395                      1502   -107     1755
  SINCE JUL 1   2903                      2800    103     3085

 COOLING
  YESTERDAY        0                         0      0        0
  MONTH TO DATE    0                         0      0        0
  SINCE DEC 1      0                         0      0        0
  SINCE JAN 1      0                         0      0        0
..................................................................


WIND (MPH)
  HIGHEST WIND SPEED    33   HIGHEST WIND DIRECTION    NW (330)
  HIGHEST GUST SPEED    40   HIGHEST GUST DIRECTION    NW (330)
  AVERAGE WIND SPEED    18.7


SKY COVER
  POSSIBLE SUNSHINE  MM
  AVERAGE SKY COVER 0.4


WEATHER CONDITIONS
 THE FOLLOWING WEATHER WAS RECORDED YESTERDAY.
  HAZE
  BLOWING SNOW


RELATIVE HUMIDITY (PERCENT)
 HIGHEST    79           900 PM
 LOWEST     58           500 PM
 AVERAGE    69

..........................................................


THE OTTUMWA IA CLIMATE NORMALS FOR TODAY
                         NORMAL    RECORD    YEAR
 MAXIMUM TEMPERATURE (F)   31        69      2003
 MINIMUM TEMPERATURE (F)   13       -17      1942


SUNRISE AND SUNSET
JANUARY  8 2015.......SUNRISE   735 AM CST   SUNSET   458 PM CST
JANUARY  9 2015.......SUNRISE   735 AM CST   SUNSET   459 PM CST


-  INDICATES NEGATIVE NUMBERS.
R  INDICATES RECORD WAS SET OR TIED.
MM INDICATES DATA IS MISSING.
T  INDICATES TRACE AMOUNT.




$$
