000
CDUS43 KDMX 050628 RRA
CLIOTM

CLIMATE REPORT
NATIONAL WEATHER SERVICE DES MOINES IA
126 AM CDT WED AUG 5 2015


...................................

...THE OTTUMWA IA CLIMATE SUMMARY FOR AUGUST 4 2015...

CLIMATE NORMAL PERIOD 1981 TO 2010
CLIMATE RECORD PERIOD 1920 TO 2015


WEATHER ITEM   OBSERVED TIME   RECORD YEAR NORMAL DEPARTURE LAST
                VALUE   (LST)  VALUE       VALUE  FROM      YEAR
                                                  NORMAL
..................................................................
TEMPERATURE (F)
 YESTERDAY
  MAXIMUM         77    251 PM 109    1918  85     -8       84
  MINIMUM         59    134 AM  50    1912  64     -5       66
  AVERAGE         68                        74     -6       75

PRECIPITATION (IN)
  YESTERDAY        0.00          2.16 1970   0.14  -0.14     0.00
  MONTH TO DATE    0.01                      0.57  -0.56     0.07
  SINCE JUN 1     14.56                     10.13   4.43    13.34
  SINCE JAN 1     23.47                     22.66   0.81    26.45

DEGREE DAYS
 HEATING
  YESTERDAY        0                         0      0        0
  MONTH TO DATE    0                         0      0        0
  SINCE JUN 1     16                        23     -7       22
  SINCE JUL 1      6                         2      4       13

 COOLING
  YESTERDAY        3                         9     -6       10
  MONTH TO DATE   31                        38     -7       30
  SINCE JUN 1    511                       553    -42      408
  SINCE JAN 1    572                       617    -45      519
..................................................................


WIND (MPH)
  HIGHEST WIND SPEED    15   HIGHEST WIND DIRECTION     E (70)
  HIGHEST GUST SPEED    16   HIGHEST GUST DIRECTION     E (70)
  AVERAGE WIND SPEED     3.9


SKY COVER
  POSSIBLE SUNSHINE  MM
  AVERAGE SKY COVER 0.4


WEATHER CONDITIONS
 THE FOLLOWING WEATHER WAS RECORDED YESTERDAY.
  NO SIGNIFICANT WEATHER WAS OBSERVED.


RELATIVE HUMIDITY (PERCENT)
 HIGHEST   100           300 AM
 LOWEST     60           200 PM
 AVERAGE    80

..........................................................


THE OTTUMWA IA CLIMATE NORMALS FOR TODAY
                         NORMAL    RECORD    YEAR
 MAXIMUM TEMPERATURE (F)   85       101      1934
 MINIMUM TEMPERATURE (F)   64        50      1994


SUNRISE AND SUNSET
AUGUST  5 2015........SUNRISE   609 AM CDT   SUNSET   822 PM CDT
AUGUST  6 2015........SUNRISE   610 AM CDT   SUNSET   821 PM CDT


-  INDICATES NEGATIVE NUMBERS.
R  INDICATES RECORD WAS SET OR TIED.
MM INDICATES DATA IS MISSING.
T  INDICATES TRACE AMOUNT.




$$
