000
CDUS43 KDMX 080720
CLIOTM

CLIMATE REPORT
NATIONAL WEATHER SERVICE DES MOINES IA
100 AM CST SUN JAN 8 2017

...................................

...THE OTTUMWA IA CLIMATE SUMMARY FOR JANUARY 7 2017...

CLIMATE NORMAL PERIOD 1981 TO 2010
CLIMATE RECORD PERIOD 1920 TO 2017

WEATHER ITEM   OBSERVED TIME   RECORD YEAR NORMAL DEPARTURE LAST
                VALUE   (LST)  VALUE       VALUE  FROM      YEAR
                                                  NORMAL
..................................................................
TEMPERATURE (F)
 YESTERDAY
  MAXIMUM         24    210 PM  62    2008  31     -7       38
  MINIMUM          2   1003 PM -16    1968  14    -12       33
  AVERAGE         13                        22     -9       36

PRECIPITATION (IN)
  YESTERDAY        0.00          0.42 1918   0.03  -0.03     0.05
  MONTH TO DATE    0.08                      0.23  -0.15     0.06
  SINCE DEC 1      1.45                      1.60  -0.15     4.09
  SINCE JAN 1      0.08                      0.23  -0.15     0.06

DEGREE DAYS
 HEATING
  YESTERDAY       52                        43      9       29
  MONTH TO DATE  332                       295     37      277
  SINCE DEC 1   1488                      1502    -14     1123
  SINCE JUL 1   2272                      2800   -528     2134

 COOLING
  YESTERDAY        0                         0      0        0
  MONTH TO DATE    0                         0      0        0
  SINCE DEC 1      0                         0      0        0
  SINCE JAN 1      0                         0      0        0
..................................................................

WIND (MPH)
  HIGHEST WIND SPEED    16   HIGHEST WIND DIRECTION    NW (330)
  HIGHEST GUST SPEED    20   HIGHEST GUST DIRECTION    NW (320)
  AVERAGE WIND SPEED     8.1

SKY COVER
  POSSIBLE SUNSHINE  MM
  AVERAGE SKY COVER 0.3

WEATHER CONDITIONS
 THE FOLLOWING WEATHER WAS RECORDED YESTERDAY.
  NO SIGNIFICANT WEATHER WAS OBSERVED.

RELATIVE HUMIDITY (PERCENT)
 HIGHEST    79           100 AM
 LOWEST     50           300 PM
 AVERAGE    65
..........................................................

THE OTTUMWA IA CLIMATE NORMALS FOR TODAY
                         NORMAL    RECORD    YEAR
 MAXIMUM TEMPERATURE (F)   31        69      2003
 MINIMUM TEMPERATURE (F)   13       -17      1942

SUNRISE AND SUNSET
JANUARY  8 2017.......SUNRISE   735 AM CST   SUNSET   459 PM CST
JANUARY  9 2017.......SUNRISE   735 AM CST   SUNSET   500 PM CST

-  INDICATES NEGATIVE NUMBERS.
R  INDICATES RECORD WAS SET OR TIED.
MM INDICATES DATA IS MISSING.
T  INDICATES TRACE AMOUNT.

$$

FAB
