000
CDUS43 KDMX 140640
CLIOTM

CLIMATE REPORT
NATIONAL WEATHER SERVICE DES MOINES IA
136 AM CDT THU APR 14 2016


...................................

...THE OTTUMWA IA CLIMATE SUMMARY FOR APRIL 13 2016...

CLIMATE NORMAL PERIOD 1981 TO 2010
CLIMATE RECORD PERIOD 1920 TO 2016


WEATHER ITEM   OBSERVED TIME   RECORD YEAR NORMAL DEPARTURE LAST
                VALUE   (LST)  VALUE       VALUE  FROM      YEAR
                                                  NORMAL
..................................................................
TEMPERATURE (F)
 YESTERDAY
  MAXIMUM         68    334 PM  88    2006  61      7       67
  MINIMUM         38    340 AM  20    1950  39     -1       42
  AVERAGE         53                        50      3       55

PRECIPITATION (IN)
  YESTERDAY        0.00          1.92 1981   0.11  -0.11     0.31
  MONTH TO DATE    0.46                      1.28  -0.82     0.90
  SINCE MAR 1      1.68                      3.52  -1.84     1.36
  SINCE JAN 1      2.11                      5.70  -3.59     3.48

DEGREE DAYS
 HEATING
  YESTERDAY       12                        15     -3       10
  MONTH TO DATE  282                       227     55      159
  SINCE MAR 1    897                      1038   -141      926
  SINCE JUL 1   4951                      5923   -972     6057

 COOLING
  YESTERDAY        0                         0      0        0
  MONTH TO DATE    0                         0      0        0
  SINCE MAR 1      0                         1     -1        0
  SINCE JAN 1      0                         1     -1        0
..................................................................


WIND (MPH)
  HIGHEST WIND SPEED    20   HIGHEST WIND DIRECTION     S (170)
  HIGHEST GUST SPEED    24   HIGHEST GUST DIRECTION     S (170)
  AVERAGE WIND SPEED    12.4


SKY COVER
  POSSIBLE SUNSHINE  MM
  AVERAGE SKY COVER 0.0


WEATHER CONDITIONS
 THE FOLLOWING WEATHER WAS RECORDED YESTERDAY.
  NO SIGNIFICANT WEATHER WAS OBSERVED.


RELATIVE HUMIDITY (PERCENT)
 HIGHEST    70           600 AM
 LOWEST     26           300 PM
 AVERAGE    48

..........................................................


THE OTTUMWA IA CLIMATE NORMALS FOR TODAY
                         NORMAL    RECORD    YEAR
 MAXIMUM TEMPERATURE (F)   62        88      2003
 MINIMUM TEMPERATURE (F)   39        22      1950


SUNRISE AND SUNSET
APRIL 14 2016.........SUNRISE   631 AM CDT   SUNSET   749 PM CDT
APRIL 15 2016.........SUNRISE   630 AM CDT   SUNSET   750 PM CDT


-  INDICATES NEGATIVE NUMBERS.
R  INDICATES RECORD WAS SET OR TIED.
MM INDICATES DATA IS MISSING.
T  INDICATES TRACE AMOUNT.




$$
