165
CDUS43 KDMX 030637 RRA
CLIOTM

CLIMATE REPORT
NATIONAL WEATHER SERVICE DES MOINES IA
128 AM CDT SUN JUL 3 2016

...................................

...THE OTTUMWA IA CLIMATE SUMMARY FOR JULY 2 2016...

CLIMATE NORMAL PERIOD 1981 TO 2010
CLIMATE RECORD PERIOD 1920 TO 2016


WEATHER ITEM   OBSERVED TIME   RECORD YEAR NORMAL DEPARTURE LAST
                VALUE   (LST)  VALUE       VALUE  FROM      YEAR
                                                  NORMAL
..................................................................
TEMPERATURE (F)
 YESTERDAY
  MAXIMUM         64    302 PM 104    1911  85    -21       71
  MINIMUM         58   1159 PM  49    1932  64     -6       58
  AVERAGE         61                        75    -14       65

PRECIPITATION (IN)
  YESTERDAY        0.13          2.70 1992   0.16  -0.03     0.00
  MONTH TO DATE    0.13                      0.32  -0.19      T
  SINCE JUN 1      2.71                      5.41  -2.70     7.78
  SINCE JAN 1     10.75                     17.94  -7.19    17.65

DEGREE DAYS
 HEATING
  YESTERDAY        4                         0      4        0
  MONTH TO DATE    4                         0      4        0
  SINCE JUN 1      5                        21    -16       10
  SINCE JUL 1      4                         0      4        0

 COOLING
  YESTERDAY        0                        10    -10        0
  MONTH TO DATE    3                        20    -17        5
  SINCE JUN 1    277                       221     56      209
  SINCE JAN 1    348                       285     63      270
..................................................................


WIND (MPH)
  HIGHEST WIND SPEED    18   HIGHEST WIND DIRECTION    SE (150)
  HIGHEST GUST SPEED    23   HIGHEST GUST DIRECTION    SE (140)
  AVERAGE WIND SPEED     7.4


SKY COVER
  POSSIBLE SUNSHINE  MM
  AVERAGE SKY COVER 0.7


WEATHER CONDITIONS
 THE FOLLOWING WEATHER WAS RECORDED YESTERDAY.
  LIGHT RAIN
  FOG


RELATIVE HUMIDITY (PERCENT)
 HIGHEST    90           100 AM
 LOWEST     72           800 AM
 AVERAGE    81

..........................................................


THE OTTUMWA IA CLIMATE NORMALS FOR TODAY
                         NORMAL    RECORD    YEAR
 MAXIMUM TEMPERATURE (F)   85       101      1911
 MINIMUM TEMPERATURE (F)   64        49      1924


SUNRISE AND SUNSET
JULY  3 2016..........SUNRISE   542 AM CDT   SUNSET   846 PM CDT
JULY  4 2016..........SUNRISE   543 AM CDT   SUNSET   845 PM CDT


-  INDICATES NEGATIVE NUMBERS.
R  INDICATES RECORD WAS SET OR TIED.
MM INDICATES DATA IS MISSING.
T  INDICATES TRACE AMOUNT.

$$

REV
