323
CDUS43 KDMX 040719 RRB
CLIOTM

CLIMATE REPORT
NATIONAL WEATHER SERVICE DES MOINES IA
216 AM CDT TUE APR 4 2017


...................................

...THE OTTUMWA IA CLIMATE SUMMARY FOR APRIL 3 2017...

CLIMATE NORMAL PERIOD 1981 TO 2010
CLIMATE RECORD PERIOD 1920 TO 2017


WEATHER ITEM   OBSERVED TIME   RECORD YEAR NORMAL DEPARTURE LAST
                VALUE   (LST)  VALUE       VALUE  FROM      YEAR
                                                  NORMAL
..................................................................
TEMPERATURE (F)
 YESTERDAY
  MAXIMUM         54    320 PM  86    2011  58     -4       82
  MINIMUM         49   1159 PM  11    1936  35     14       30
  AVERAGE         52                        46      6       56

PRECIPITATION (IN)
  YESTERDAY        0.49          1.24 1957   0.09   0.40      T
  MONTH TO DATE    0.55                      0.27   0.28     0.05
  SINCE MAR 1      3.75                      2.51   1.24     1.27
  SINCE JAN 1      5.34                      4.69   0.65     2.57

DEGREE DAYS
 HEATING
  YESTERDAY       13                        19     -6        9
  MONTH TO DATE   47                        58    -11       61
  SINCE MAR 1    774                       869    -95      676
  SINCE JUL 1   4581                      5754  -1173     4730

 COOLING
  YESTERDAY        0                         0      0        0
  MONTH TO DATE    0                         0      0        0
  SINCE MAR 1      0                         1     -1        0
  SINCE JAN 1      0                         1     -1        0
..................................................................


WIND (MPH)
  HIGHEST WIND SPEED    15   HIGHEST WIND DIRECTION    NW (330)
  HIGHEST GUST SPEED    18   HIGHEST GUST DIRECTION    NW (330)
  AVERAGE WIND SPEED     8.5


SKY COVER
  POSSIBLE SUNSHINE  MM
  AVERAGE SKY COVER 1.0


WEATHER CONDITIONS
 THE FOLLOWING WEATHER WAS RECORDED YESTERDAY.
  RAIN
  LIGHT RAIN
  FOG


RELATIVE HUMIDITY (PERCENT)
 HIGHEST   100          1200 AM
 LOWEST     93           200 PM
 AVERAGE    97

..........................................................


THE OTTUMWA IA CLIMATE NORMALS FOR TODAY
                         NORMAL    RECORD    YEAR
 MAXIMUM TEMPERATURE (F)   58        85      1929
 MINIMUM TEMPERATURE (F)   35        15      2002


SUNRISE AND SUNSET
APRIL  4 2017.........SUNRISE   648 AM CDT   SUNSET   738 PM CDT
APRIL  5 2017.........SUNRISE   646 AM CDT   SUNSET   739 PM CDT


-  INDICATES NEGATIVE NUMBERS.
R  INDICATES RECORD WAS SET OR TIED.
MM INDICATES DATA IS MISSING.
T  INDICATES TRACE AMOUNT.




$$
