000
CDUS43 KDMX 180635 CCA
CLIOTM

CLIMATE REPORT
NATIONAL WEATHER SERVICE DES MOINES IA

128 AM CDT WED JUN 18 2014


...................................

...THE OTTUMWA IA CLIMATE SUMMARY FOR JUNE 17 2014...

CLIMATE NORMAL PERIOD 1981 TO 2010
CLIMATE RECORD PERIOD 1920 TO 2014


WEATHER ITEM   OBSERVED TIME   RECORD YEAR NORMAL DEPARTURE LAST
                VALUE   (LST)  VALUE       VALUE  FROM      YEAR
                                                  NORMAL
..................................................................
TEMPERATURE (F)
 YESTERDAY
  MAXIMUM         87    405 PM  98    1936  82      5       85
  MINIMUM         64    554 AM  46    1960  61      3       61
  AVERAGE         76                        72      4       73

PRECIPITATION (IN)
  YESTERDAY        0.28          2.41 1935   0.16   0.12     0.00
  MONTH TO DATE    3.21                      2.90   0.31     1.64
  SINCE JUN 1      3.21                      2.90   0.31     1.64
  SINCE JAN 1     14.05                     15.43  -1.38    25.96

DEGREE DAYS
 HEATING
  YESTERDAY        0                         0      0        0
  MONTH TO DATE    9                        19    -10       26
  SINCE JUN 1      9                        19    -10       26
  SINCE JUL 1   7106                      6315    791     6271

 COOLING
  YESTERDAY       11                         7      4        8
  MONTH TO DATE   79                        89    -10       58
  SINCE JUN 1     79                        89    -10       58
  SINCE JAN 1    190                       153     37      135
..................................................................


WIND (MPH)
  HIGHEST WIND SPEED    41   HIGHEST WIND DIRECTION     N (340)
  HIGHEST GUST SPEED    51   HIGHEST GUST DIRECTION    NW (310)
  AVERAGE WIND SPEED    11.2


SKY COVER
  POSSIBLE SUNSHINE  MM
  AVERAGE SKY COVER 0.8


WEATHER CONDITIONS
 THE FOLLOWING WEATHER WAS RECORDED YESTERDAY.
  HEAVY RAIN
  LIGHT RAIN
  FOG


RELATIVE HUMIDITY (PERCENT)
 HIGHEST    93           500 AM
 LOWEST     58          1000 AM
 AVERAGE    76

..........................................................


THE OTTUMWA IA CLIMATE NORMALS FOR TODAY
                         NORMAL    RECORD    YEAR
 MAXIMUM TEMPERATURE (F)   82       101      1953
 MINIMUM TEMPERATURE (F)   62        47      1920


SUNRISE AND SUNSET
JUNE 18 2014..........SUNRISE   537 AM CDT   SUNSET   845 PM CDT
JUNE 19 2014..........SUNRISE   537 AM CDT   SUNSET   845 PM CDT


-  INDICATES NEGATIVE NUMBERS.
R  INDICATES RECORD WAS SET OR TIED.
MM INDICATES DATA IS MISSING.
T  INDICATES TRACE AMOUNT.

$$
