000
CDUS43 KDMX 100636 RRA
CLIOTM

CLIMATE REPORT
NATIONAL WEATHER SERVICE DES MOINES IA
128 AM CDT SUN MAY 10 2015


...................................

...THE OTTUMWA IA CLIMATE SUMMARY FOR MAY 9 2015...

CLIMATE NORMAL PERIOD 1981 TO 2010
CLIMATE RECORD PERIOD 1920 TO 2015


WEATHER ITEM   OBSERVED TIME   RECORD YEAR NORMAL DEPARTURE LAST
                VALUE   (LST)  VALUE       VALUE  FROM      YEAR
                                                  NORMAL
..................................................................
TEMPERATURE (F)
 YESTERDAY
  MAXIMUM         71    428 PM  91    1934  70      1       67
  MINIMUM         53    603 AM  31    1947  48      5       50
  AVERAGE         62                        59      3       59

PRECIPITATION (IN)
  YESTERDAY        0.00          2.05 1950   0.15  -0.15     0.00
  MONTH TO DATE    1.17                      1.29  -0.12     0.06
  SINCE MAR 1      4.17                      6.93  -2.76     6.16
  SINCE JAN 1      5.33                      9.11  -3.78     8.97

DEGREE DAYS
 HEATING
  YESTERDAY        3                         7     -4        6
  MONTH TO DATE   17                        71    -54       62
  SINCE MAR 1   1133                      1316   -183     1488
  SINCE JUL 1   6264                      6201     63     7001

 COOLING
  YESTERDAY        0                         1     -1        0
  MONTH TO DATE   27                         9     18       16
  SINCE MAR 1     28                        20      8       24
  SINCE JAN 1     28                        20      8       24
..................................................................


WIND (MPH)
  HIGHEST WIND SPEED    13   HIGHEST WIND DIRECTION    SE (120)
  HIGHEST GUST SPEED    17   HIGHEST GUST DIRECTION     E (110)
  AVERAGE WIND SPEED     6.4


SKY COVER
  POSSIBLE SUNSHINE  MM
  AVERAGE SKY COVER 0.3


WEATHER CONDITIONS
 THE FOLLOWING WEATHER WAS RECORDED YESTERDAY.
  NO SIGNIFICANT WEATHER WAS OBSERVED.


RELATIVE HUMIDITY (PERCENT)
 HIGHEST    93           500 AM
 LOWEST     66           200 PM
 AVERAGE    80

..........................................................


THE OTTUMWA IA CLIMATE NORMALS FOR TODAY
                         NORMAL    RECORD    YEAR
 MAXIMUM TEMPERATURE (F)   70        92      2011
 MINIMUM TEMPERATURE (F)   49        30      1966


SUNRISE AND SUNSET
MAY 10 2015...........SUNRISE   557 AM CDT   SUNSET   816 PM CDT
MAY 11 2015...........SUNRISE   556 AM CDT   SUNSET   817 PM CDT


-  INDICATES NEGATIVE NUMBERS.
R  INDICATES RECORD WAS SET OR TIED.
MM INDICATES DATA IS MISSING.
T  INDICATES TRACE AMOUNT.




$$
