063
CDUS43 KDMX 190634 RRA
CLIOTM

CLIMATE REPORT
NATIONAL WEATHER SERVICE DES MOINES IA
1232 AM CST TUE JAN 19 2016


...................................

...THE OTTUMWA IA CLIMATE SUMMARY FOR JANUARY 18 2016...

CLIMATE NORMAL PERIOD 1981 TO 2010
CLIMATE RECORD PERIOD 1920 TO 2016


WEATHER ITEM   OBSERVED TIME   RECORD YEAR NORMAL DEPARTURE LAST
                VALUE   (LST)  VALUE       VALUE  FROM      YEAR
                                                  NORMAL
..................................................................
TEMPERATURE (F)
 YESTERDAY
  MAXIMUM         12    452 PM  60    1951  31    -19       47
  MINIMUM         -4    314 AM -22    1930  13    -17       26
  AVERAGE          4                        22    -18       37

PRECIPITATION (IN)
  YESTERDAY        0.00          1.03 1973   0.03  -0.03     0.00
  MONTH TO DATE    0.02                      0.56  -0.54     0.38
  SINCE DEC 1      4.05                      1.93   2.12     1.36
  SINCE JAN 1      0.02                      0.56  -0.54     0.38

DEGREE DAYS
 HEATING
  YESTERDAY       61                        43     18       28
  MONTH TO DATE  791                       768     23      835
  SINCE DEC 1   1637                      1975   -338     1878
  SINCE JUL 1   2648                      3273   -625     3386

 COOLING
  YESTERDAY        0                         0      0        0
  MONTH TO DATE    0                         0      0        0
  SINCE DEC 1      0                         0      0        0
  SINCE JAN 1      0                         0      0        0
..................................................................


WIND (MPH)
  HIGHEST WIND SPEED    15   HIGHEST WIND DIRECTION    NW (330)
  HIGHEST GUST SPEED    17   HIGHEST GUST DIRECTION    NW (330)
  AVERAGE WIND SPEED     6.9


SKY COVER
  POSSIBLE SUNSHINE  MM
  AVERAGE SKY COVER 0.5


WEATHER CONDITIONS
 THE FOLLOWING WEATHER WAS RECORDED YESTERDAY.
  NO SIGNIFICANT WEATHER WAS OBSERVED.


RELATIVE HUMIDITY (PERCENT)
 HIGHEST    87          1000 PM
 LOWEST     65           600 AM
 AVERAGE    76

..........................................................


THE OTTUMWA IA CLIMATE NORMALS FOR TODAY
                         NORMAL    RECORD    YEAR
 MAXIMUM TEMPERATURE (F)   31        60      1952
 MINIMUM TEMPERATURE (F)   13       -21      1936


SUNRISE AND SUNSET
JANUARY 19 2016.......SUNRISE   731 AM CST   SUNSET   510 PM CST
JANUARY 20 2016.......SUNRISE   730 AM CST   SUNSET   511 PM CST


-  INDICATES NEGATIVE NUMBERS.
R  INDICATES RECORD WAS SET OR TIED.
MM INDICATES DATA IS MISSING.
T  INDICATES TRACE AMOUNT.




$$
