000
CDUS43 KDMX 260630
CLIOTM

CLIMATE REPORT
NATIONAL WEATHER SERVICE DES MOINES IA
127 AM CDT TUE AUG 26 2014


...................................

...THE OTTUMWA IA CLIMATE SUMMARY FOR AUGUST 25 2014...

CLIMATE NORMAL PERIOD 1981 TO 2010
CLIMATE RECORD PERIOD 1920 TO 2014


WEATHER ITEM   OBSERVED TIME   RECORD YEAR NORMAL DEPARTURE LAST
                VALUE   (LST)  VALUE       VALUE  FROM      YEAR
                                                  NORMAL
..................................................................
TEMPERATURE (F)
 YESTERDAY
  MAXIMUM         92    305 PM 106    1936  83      9       91
  MINIMUM         75   1157 PM  42    1934  61     14       67
  AVERAGE         84                        72     12       79

PRECIPITATION (IN)
  YESTERDAY        T             3.21 1987   0.15  -0.15     0.00
  MONTH TO DATE    2.83                      3.74  -0.91     0.96
  SINCE JUN 1     16.10                     13.30   2.80     4.79
  SINCE JAN 1     26.94                     25.83   1.11    29.11

DEGREE DAYS
 HEATING
  YESTERDAY        0                         0      0        0
  MONTH TO DATE    0                         0      0        6
  SINCE JUN 1     22                        23     -1       42
  SINCE JUL 1     13                         2     11       16

 COOLING
  YESTERDAY       19                         7     12       14
  MONTH TO DATE  192                       215    -23      165
  SINCE JUN 1    570                       730   -160      629
  SINCE JAN 1    681                       794   -113      706
..................................................................


WIND (MPH)
  HIGHEST WIND SPEED    12   HIGHEST WIND DIRECTION     W (260)
  HIGHEST GUST SPEED    15   HIGHEST GUST DIRECTION     W (250)
  AVERAGE WIND SPEED     5.6


SKY COVER
  POSSIBLE SUNSHINE  MM
  AVERAGE SKY COVER 0.2


WEATHER CONDITIONS
 THE FOLLOWING WEATHER WAS RECORDED YESTERDAY.
  THUNDERSTORM
  LIGHT RAIN


RELATIVE HUMIDITY (PERCENT)
 HIGHEST    94          1000 PM
 LOWEST     59           100 PM
 AVERAGE    77

..........................................................


THE OTTUMWA IA CLIMATE NORMALS FOR TODAY
                         NORMAL    RECORD    YEAR
 MAXIMUM TEMPERATURE (F)   83       102      1983
 MINIMUM TEMPERATURE (F)   61        46      1934


SUNRISE AND SUNSET
AUGUST 26 2014........SUNRISE   630 AM CDT   SUNSET   752 PM CDT
AUGUST 27 2014........SUNRISE   631 AM CDT   SUNSET   750 PM CDT


-  INDICATES NEGATIVE NUMBERS.
R  INDICATES RECORD WAS SET OR TIED.
MM INDICATES DATA IS MISSING.
T  INDICATES TRACE AMOUNT.




$$
