168
CDUS43 KDMX 280636 RRB
CLIOTM

CLIMATE REPORT
NATIONAL WEATHER SERVICE DES MOINES IA
1229 AM CST SUN JAN 28 2018

...................................

...THE OTTUMWA IA CLIMATE SUMMARY FOR JANUARY 27 2018...

CLIMATE NORMAL PERIOD 1981 TO 2010
CLIMATE RECORD PERIOD 1920 TO 2018


WEATHER ITEM   OBSERVED TIME   RECORD YEAR NORMAL DEPARTURE LAST
                VALUE   (LST)  VALUE       VALUE  FROM      YEAR
                                                  NORMAL
..................................................................
TEMPERATURE (F)
 YESTERDAY
  MAXIMUM         53    346 PM  63    2002  32     21       35
                                      1934
  MINIMUM         27   1159 PM -16    1940  14     13       22
  AVERAGE         40                        23     17       29

PRECIPITATION (IN)
  YESTERDAY        0.00          1.54 1949   0.02  -0.02     0.00
  MONTH TO DATE    0.32                      0.79  -0.47     1.15
  SINCE DEC 1      1.02                      2.16  -1.14     2.52
  SINCE JAN 1      0.32                      0.79  -0.47     1.15

DEGREE DAYS
 HEATING
  YESTERDAY       25                        42    -17       36
  MONTH TO DATE 1146                      1152     -6     1017
  SINCE DEC 1   2341                      2359    -18     2173
  SINCE JUL 1   3468                      3657   -189     2966

 COOLING
  YESTERDAY        0                         0      0        0
  MONTH TO DATE    0                         0      0        0
  SINCE DEC 1      0                         0      0        0
  SINCE JAN 1      0                         0      0        0
..................................................................


WIND (MPH)
  HIGHEST WIND SPEED    17   HIGHEST WIND DIRECTION    SW (240)
  HIGHEST GUST SPEED    21   HIGHEST GUST DIRECTION    SW (220)
  AVERAGE WIND SPEED     9.3


SKY COVER
  POSSIBLE SUNSHINE  MM
  AVERAGE SKY COVER 0.0


WEATHER CONDITIONS
 THE FOLLOWING WEATHER WAS RECORDED YESTERDAY.
  NO SIGNIFICANT WEATHER WAS OBSERVED.


RELATIVE HUMIDITY (PERCENT)
 HIGHEST    78           700 AM
 LOWEST     28           300 PM
 AVERAGE    53

..........................................................


THE OTTUMWA IA CLIMATE NORMALS FOR TODAY
                         NORMAL    RECORD    YEAR
 MAXIMUM TEMPERATURE (F)   32        59      2008
 MINIMUM TEMPERATURE (F)   14       -20      1915


SUNRISE AND SUNSET
JANUARY 28 2018.......SUNRISE   724 AM CST   SUNSET   522 PM CST
JANUARY 29 2018.......SUNRISE   723 AM CST   SUNSET   523 PM CST


-  INDICATES NEGATIVE NUMBERS.
R  INDICATES RECORD WAS SET OR TIED.
MM INDICATES DATA IS MISSING.
T  INDICATES TRACE AMOUNT.




$$
