000
CDUS43 KDMX 010741
CLIOTM

CLIMATE REPORT
NATIONAL WEATHER SERVICE DES MOINES IA
133 AM CDT FRI SEP 1 2017

...................................

...THE OTTUMWA IA CLIMATE SUMMARY FOR AUGUST 31 2017...

CLIMATE NORMAL PERIOD 1981 TO 2010
CLIMATE RECORD PERIOD 1920 TO 2017

WEATHER ITEM   OBSERVED TIME   RECORD YEAR NORMAL DEPARTURE LAST
                VALUE   (LST)  VALUE       VALUE  FROM      YEAR
                                                  NORMAL
..................................................................
TEMPERATURE (F)
 YESTERDAY
  MAXIMUM         81    257 PM 100    1912  81      0       79
                                      1947
  MINIMUM         56    413 AM  42    1915  59     -3       61
  AVERAGE         69                        70     -1       70

PRECIPITATION (IN)
  YESTERDAY        0.00          1.77 1989   0.15  -0.15     0.00
  MONTH TO DATE    1.77                      4.61  -2.84     5.81
  SINCE JUN 1      3.38                     14.17 -10.79    12.28
  SINCE JAN 1     15.84                     26.70 -10.86    21.19

DEGREE DAYS
 HEATING
  YESTERDAY        0                         1     -1        0
  MONTH TO DATE    0                         4     -4        0
  SINCE JUN 1     10                        32    -22        8
  SINCE JUL 1      0                        11    -11        7

 COOLING
  YESTERDAY        4                         6     -2        5
  MONTH TO DATE  180                       255    -75      280
  SINCE JUN 1    864                       770     94      828
  SINCE JAN 1    925                       834     91      899
..................................................................

WIND (MPH)
  HIGHEST WIND SPEED    16   HIGHEST WIND DIRECTION     E (70)
  HIGHEST GUST SPEED    20   HIGHEST GUST DIRECTION    NE (50)
  AVERAGE WIND SPEED     8.0

SKY COVER
  POSSIBLE SUNSHINE  MM
  AVERAGE SKY COVER 0.1

WEATHER CONDITIONS
 THE FOLLOWING WEATHER WAS RECORDED YESTERDAY.
  FOG
  HAZE

RELATIVE HUMIDITY (PERCENT)
 HIGHEST   100           300 AM
 LOWEST     54           200 PM
 AVERAGE    77
..........................................................

THE OTTUMWA IA CLIMATE NORMALS FOR TODAY
                         NORMAL    RECORD    YEAR
 MAXIMUM TEMPERATURE (F)   81       103      1911
 MINIMUM TEMPERATURE (F)   59        42      1949

SUNRISE AND SUNSET
SEPTEMBER  1 2017.....SUNRISE   637 AM CDT   SUNSET   742 PM CDT
SEPTEMBER  2 2017.....SUNRISE   638 AM CDT   SUNSET   740 PM CDT

-  INDICATES NEGATIVE NUMBERS.
R  INDICATES RECORD WAS SET OR TIED.
MM INDICATES DATA IS MISSING.
T  INDICATES TRACE AMOUNT.

$$

FAB
