000
CDUS43 KDMX 100634
CLIOTM

CLIMATE REPORT
NATIONAL WEATHER SERVICE DES MOINES IA
130 AM CDT MON AUG 10 2015


...................................

...THE OTTUMWA IA CLIMATE SUMMARY FOR AUGUST 9 2015...

CLIMATE NORMAL PERIOD 1981 TO 2010
CLIMATE RECORD PERIOD 1920 TO 2015


WEATHER ITEM   OBSERVED TIME   RECORD YEAR NORMAL DEPARTURE LAST
                VALUE   (LST)  VALUE       VALUE  FROM      YEAR
                                                  NORMAL
..................................................................
TEMPERATURE (F)
 YESTERDAY
  MAXIMUM         84    229 PM 113    1934  84      0       79
  MINIMUM         68    752 AM  47    1927  63      5       65
  AVERAGE         76                        74      2       72

PRECIPITATION (IN)
  YESTERDAY        0.22          2.73 2010   0.14   0.08     0.00
  MONTH TO DATE    0.23                      1.29  -1.06     0.75
  SINCE JUN 1     14.78                     10.85   3.93    14.02
  SINCE JAN 1     23.69                     23.38   0.31    27.13

DEGREE DAYS
 HEATING
  YESTERDAY        0                         0      0        0
  MONTH TO DATE    0                         0      0        0
  SINCE JUN 1     16                        23     -7       22
  SINCE JUL 1      6                         2      4       13

 COOLING
  YESTERDAY       11                         9      2        7
  MONTH TO DATE   79                        83     -4       56
  SINCE JUN 1    559                       598    -39      434
  SINCE JAN 1    620                       662    -42      545
..................................................................


WIND (MPH)
  HIGHEST WIND SPEED    17   HIGHEST WIND DIRECTION     N (20)
  HIGHEST GUST SPEED    23   HIGHEST GUST DIRECTION    SE (130)
  AVERAGE WIND SPEED     7.0


SKY COVER
  POSSIBLE SUNSHINE  MM
  AVERAGE SKY COVER 0.9


WEATHER CONDITIONS
 THE FOLLOWING WEATHER WAS RECORDED YESTERDAY.
  THUNDERSTORM
  HEAVY RAIN
  RAIN
  LIGHT RAIN
  FOG


RELATIVE HUMIDITY (PERCENT)
 HIGHEST   100           700 AM
 LOWEST     74           100 PM
 AVERAGE    87

..........................................................


THE OTTUMWA IA CLIMATE NORMALS FOR TODAY
                         NORMAL    RECORD    YEAR
 MAXIMUM TEMPERATURE (F)   84       108      1934
 MINIMUM TEMPERATURE (F)   63        48      1903


SUNRISE AND SUNSET
AUGUST 10 2015........SUNRISE   614 AM CDT   SUNSET   815 PM CDT
AUGUST 11 2015........SUNRISE   615 AM CDT   SUNSET   814 PM CDT


-  INDICATES NEGATIVE NUMBERS.
R  INDICATES RECORD WAS SET OR TIED.
MM INDICATES DATA IS MISSING.
T  INDICATES TRACE AMOUNT.




$$
