000
CDUS43 KDMX 040643 RRC
CLIOTM

CLIMATE REPORT
NATIONAL WEATHER SERVICE DES MOINES IA
142 AM CDT SAT OCT 4 2014


...................................

...THE OTTUMWA IA CLIMATE SUMMARY FOR OCTOBER 3 2014...

CLIMATE NORMAL PERIOD 1981 TO 2010
CLIMATE RECORD PERIOD 1920 TO 2014


WEATHER ITEM   OBSERVED TIME   RECORD YEAR NORMAL DEPARTURE LAST
                VALUE   (LST)  VALUE       VALUE  FROM      YEAR
                                                  NORMAL
..................................................................
TEMPERATURE (F)
 YESTERDAY
  MAXIMUM         56   1200 AM  92    2006  69    -13       80
  MINIMUM         39   1136 PM  32    1987  45     -6       65
  AVERAGE         48                        57     -9       73

PRECIPITATION (IN)
  YESTERDAY        0.00          2.06 1925   0.10  -0.10     0.54
  MONTH TO DATE    0.98                      0.30   0.68     0.54
  SINCE SEP 1      5.14                      4.09   1.05     1.61
  SINCE JAN 1     36.11                     30.79   5.32    30.72

DEGREE DAYS
 HEATING
  YESTERDAY       17                         9      8        0
  MONTH TO DATE   24                        25     -1        0
  SINCE SEP 1    145                       135     10       67
  SINCE JUL 1    158                       146     12       83

 COOLING
  YESTERDAY        0                         1     -1        8
  MONTH TO DATE    0                         3     -3       21
  SINCE SEP 1     68                        96    -28      187
  SINCE JAN 1    800                       930   -130     1002
..................................................................


WIND (MPH)
  HIGHEST WIND SPEED    32   HIGHEST WIND DIRECTION    NW (300)
  HIGHEST GUST SPEED    41   HIGHEST GUST DIRECTION    NW (330)
  AVERAGE WIND SPEED    16.3


SKY COVER
  POSSIBLE SUNSHINE  MM
  AVERAGE SKY COVER 0.8


WEATHER CONDITIONS
 THE FOLLOWING WEATHER WAS RECORDED YESTERDAY.
  NO SIGNIFICANT WEATHER WAS OBSERVED.


RELATIVE HUMIDITY (PERCENT)
 HIGHEST    89           200 AM
 LOWEST     45           600 PM
 AVERAGE    67

..........................................................


THE OTTUMWA IA CLIMATE NORMALS FOR TODAY
                         NORMAL    RECORD    YEAR
 MAXIMUM TEMPERATURE (F)   68        96      1938
 MINIMUM TEMPERATURE (F)   45        23      1935


SUNRISE AND SUNSET
OCTOBER  4 2014.......SUNRISE   710 AM CDT   SUNSET   647 PM CDT
OCTOBER  5 2014.......SUNRISE   711 AM CDT   SUNSET   645 PM CDT


-  INDICATES NEGATIVE NUMBERS.
R  INDICATES RECORD WAS SET OR TIED.
MM INDICATES DATA IS MISSING.
T  INDICATES TRACE AMOUNT.




$$
