000
CDUS43 KDMX 100644
CLIOTM

CLIMATE REPORT
NATIONAL WEATHER SERVICE DES MOINES IA
134 AM CDT SUN JUL 10 2016

...................................

...THE OTTUMWA IA CLIMATE SUMMARY FOR JULY 9 2016...

CLIMATE NORMAL PERIOD 1981 TO 2010
CLIMATE RECORD PERIOD 1920 TO 2016

WEATHER ITEM   OBSERVED TIME   RECORD YEAR NORMAL DEPARTURE LAST
                VALUE   (LST)  VALUE       VALUE  FROM      YEAR
                                                  NORMAL
..................................................................
TEMPERATURE (F)
 YESTERDAY
  MAXIMUM         83    353 PM 102    1936  86     -3       77
  MINIMUM         59    458 AM  52    1931  65     -6       54
  AVERAGE         71                        75     -4       66

PRECIPITATION (IN)
  YESTERDAY        0.00          2.19 1955   0.14  -0.14     0.00
  MONTH TO DATE    1.40                      1.41  -0.01     1.42
  SINCE JUN 1      3.98                      6.50  -2.52     9.20
  SINCE JAN 1     12.02                     19.03  -7.01    19.07

DEGREE DAYS
 HEATING
  YESTERDAY        0                         0      0        0
  MONTH TO DATE    7                         0      7        6
  SINCE JUN 1      8                        21    -13       16
  SINCE JUL 1      7                         0      7        6

 COOLING
  YESTERDAY        6                        10     -4        1
  MONTH TO DATE   55                        90    -35       30
  SINCE JUN 1    329                       291     38      234
  SINCE JAN 1    400                       355     45      295
..................................................................

WIND (MPH)
  HIGHEST WIND SPEED     9   HIGHEST WIND DIRECTION    SE (130)
  HIGHEST GUST SPEED    12   HIGHEST GUST DIRECTION    SE (130)
  AVERAGE WIND SPEED     5.1

SKY COVER
  POSSIBLE SUNSHINE  MM
  AVERAGE SKY COVER 0.0

WEATHER CONDITIONS
 THE FOLLOWING WEATHER WAS RECORDED YESTERDAY.
  NO SIGNIFICANT WEATHER WAS OBSERVED.

RELATIVE HUMIDITY (PERCENT)
 HIGHEST    90          1200 AM
 LOWEST     51          1200 PM
 AVERAGE    71
..........................................................

THE OTTUMWA IA CLIMATE NORMALS FOR TODAY
                         NORMAL    RECORD    YEAR
 MAXIMUM TEMPERATURE (F)   86       106      1901
 MINIMUM TEMPERATURE (F)   65        50      1945

SUNRISE AND SUNSET
JULY 10 2016..........SUNRISE   547 AM CDT   SUNSET   843 PM CDT
JULY 11 2016..........SUNRISE   548 AM CDT   SUNSET   843 PM CDT

-  INDICATES NEGATIVE NUMBERS.
R  INDICATES RECORD WAS SET OR TIED.
MM INDICATES DATA IS MISSING.
T  INDICATES TRACE AMOUNT.

$$

FAB
