000
CDUS43 KDMX 160654 RRC
CLIOTM

CLIMATE REPORT
NATIONAL WEATHER SERVICE DES MOINES IA
1253 AM CST WED NOV 16 2016


...................................

...THE OTTUMWA IA CLIMATE SUMMARY FOR NOVEMBER 15 2016...

CLIMATE NORMAL PERIOD 1981 TO 2010
CLIMATE RECORD PERIOD 1920 TO 2016


WEATHER ITEM   OBSERVED TIME   RECORD YEAR NORMAL DEPARTURE LAST
                VALUE   (LST)  VALUE       VALUE  FROM      YEAR
                                                  NORMAL
..................................................................
TEMPERATURE (F)
 YESTERDAY
  MAXIMUM         66    316 PM  76    1950  49     17       64
  MINIMUM         30    542 AM   4    1959  30      0       40
  AVERAGE         48                        40      8       52

PRECIPITATION (IN)
  YESTERDAY        0.00          1.91 1961   0.08  -0.08     0.00
  MONTH TO DATE    0.09                      1.30  -1.21     1.01
  SINCE SEP 1      2.11                      7.92  -5.81     6.67
  SINCE JAN 1     23.30                     34.62 -11.32    32.38

DEGREE DAYS
 HEATING
  YESTERDAY       17                        25     -8       13
  MONTH TO DATE  187                       327   -140      216
  SINCE SEP 1    437                       840   -403      607
  SINCE JUL 1    444                       851   -407      629

 COOLING
  YESTERDAY        0                         0      0        0
  MONTH TO DATE    3                         0      3        0
  SINCE SEP 1    221                       104    117      205
  SINCE JAN 1   1120                       938    182      933
..................................................................


WIND (MPH)
  HIGHEST WIND SPEED    17   HIGHEST WIND DIRECTION     S (200)
  HIGHEST GUST SPEED    20   HIGHEST GUST DIRECTION    SW (220)
  AVERAGE WIND SPEED     7.5


SKY COVER
  POSSIBLE SUNSHINE  MM
  AVERAGE SKY COVER 0.1


WEATHER CONDITIONS
 THE FOLLOWING WEATHER WAS RECORDED YESTERDAY.
  FOG
  FOG W/VISIBILITY <= 1/4 MILE
  HAZE


RELATIVE HUMIDITY (PERCENT)
 HIGHEST   100           600 AM
 LOWEST     40           300 PM
 AVERAGE    70

..........................................................


THE OTTUMWA IA CLIMATE NORMALS FOR TODAY
                         NORMAL    RECORD    YEAR
 MAXIMUM TEMPERATURE (F)   49        77      1931
 MINIMUM TEMPERATURE (F)   30         1      1959


SUNRISE AND SUNSET
NOVEMBER 16 2016......SUNRISE   659 AM CST   SUNSET   450 PM CST
NOVEMBER 17 2016......SUNRISE   700 AM CST   SUNSET   449 PM CST


-  INDICATES NEGATIVE NUMBERS.
R  INDICATES RECORD WAS SET OR TIED.
MM INDICATES DATA IS MISSING.
T  INDICATES TRACE AMOUNT.




$$
