000
CDUS43 KDMX 100656
CLIOTM

CLIMATE REPORT
NATIONAL WEATHER SERVICE DES MOINES IA
136 AM CDT WED JUN 10 2015

...................................

...THE OTTUMWA IA CLIMATE SUMMARY FOR JUNE 9 2015...

CLIMATE NORMAL PERIOD 1981 TO 2010
CLIMATE RECORD PERIOD 1920 TO 2015

WEATHER ITEM   OBSERVED TIME   RECORD YEAR NORMAL DEPARTURE LAST
                VALUE   (LST)  VALUE       VALUE  FROM      YEAR
                                                  NORMAL
..................................................................
TEMPERATURE (F)
 YESTERDAY
  MAXIMUM         91    404 PM  95    1972  80     11       76
  MINIMUM         60    513 AM  42    1915  59      1       58
  AVERAGE         76                        69      7       67

PRECIPITATION (IN)
  YESTERDAY        0.00          1.86 1984   0.17  -0.17      T
  MONTH TO DATE    0.74                      1.53  -0.79     2.77
  SINCE JUN 1      0.74                      1.53  -0.79     2.77
  SINCE JAN 1      9.65                     14.06  -4.41    15.88

DEGREE DAYS
 HEATING
  YESTERDAY        0                         1     -1        0
  MONTH TO DATE   10                        13     -3        3
  SINCE JUN 1     10                        13     -3        3
  SINCE JUL 1   6379                      6309     70     7101

 COOLING
  YESTERDAY       11                         5      6        2
  MONTH TO DATE   49                        39     10       40
  SINCE JUN 1     49                        39     10       40
  SINCE JAN 1    110                       103      7      151
..................................................................

WIND (MPH)
  HIGHEST WIND SPEED    17   HIGHEST WIND DIRECTION    SW (240)
  HIGHEST GUST SPEED    22   HIGHEST GUST DIRECTION    SW (240)
  AVERAGE WIND SPEED     8.6

SKY COVER
  POSSIBLE SUNSHINE  MM
  AVERAGE SKY COVER 0.0

WEATHER CONDITIONS
 THE FOLLOWING WEATHER WAS RECORDED YESTERDAY.
  NO SIGNIFICANT WEATHER WAS OBSERVED.

RELATIVE HUMIDITY (PERCENT)
 HIGHEST    97           400 AM
 LOWEST     34           300 PM
 AVERAGE    66
..........................................................

THE OTTUMWA IA CLIMATE NORMALS FOR TODAY
                         NORMAL    RECORD    YEAR
 MAXIMUM TEMPERATURE (F)   80        99      1933
 MINIMUM TEMPERATURE (F)   59        47      1972

SUNRISE AND SUNSET
JUNE 10 2015..........SUNRISE   537 AM CDT   SUNSET   842 PM CDT
JUNE 11 2015..........SUNRISE   537 AM CDT   SUNSET   842 PM CDT

-  INDICATES NEGATIVE NUMBERS.
R  INDICATES RECORD WAS SET OR TIED.
MM INDICATES DATA IS MISSING.
T  INDICATES TRACE AMOUNT.

$$

FAB
