000
CDUS43 KDMX 100639
CLIOTM

CLIMATE REPORT
NATIONAL WEATHER SERVICE DES MOINES IA
137 AM CDT FRI JUL 10 2015


...................................

...THE OTTUMWA IA CLIMATE SUMMARY FOR JULY 9 2015...

CLIMATE NORMAL PERIOD 1981 TO 2010
CLIMATE RECORD PERIOD 1920 TO 2015


WEATHER ITEM   OBSERVED TIME   RECORD YEAR NORMAL DEPARTURE LAST
                VALUE   (LST)  VALUE       VALUE  FROM      YEAR
                                                  NORMAL
..................................................................
TEMPERATURE (F)
 YESTERDAY
  MAXIMUM         77    437 PM 102    1936  86     -9       79
  MINIMUM         54    455 AM  52    1931  65    -11       59
  AVERAGE         66                        75     -9       69

PRECIPITATION (IN)
  YESTERDAY        0.00          2.19 1955   0.14  -0.14     0.00
  MONTH TO DATE    1.42                      1.41   0.01     1.78
  SINCE JUN 1      9.21                      6.50   2.71     9.80
  SINCE JAN 1     18.12                     19.03  -0.91    22.91

DEGREE DAYS
 HEATING
  YESTERDAY        0                         0      0        0
  MONTH TO DATE    6                         0      6        7
  SINCE JUN 1     16                        21     -5       16
  SINCE JUL 1      6                         0      6        7

 COOLING
  YESTERDAY        1                        10     -9        4
  MONTH TO DATE   30                        90    -60       45
  SINCE JUN 1    234                       291    -57      259
  SINCE JAN 1    295                       355    -60      370
..................................................................


WIND (MPH)
  HIGHEST WIND SPEED     8   HIGHEST WIND DIRECTION    NW (300)
  HIGHEST GUST SPEED    17   HIGHEST GUST DIRECTION     N (350)
  AVERAGE WIND SPEED     4.0


SKY COVER
  POSSIBLE SUNSHINE  MM
  AVERAGE SKY COVER 0.1


WEATHER CONDITIONS
 THE FOLLOWING WEATHER WAS RECORDED YESTERDAY.
  FOG


RELATIVE HUMIDITY (PERCENT)
 HIGHEST   100          1200 AM
 LOWEST     50           200 PM
 AVERAGE    75

..........................................................


THE OTTUMWA IA CLIMATE NORMALS FOR TODAY
                         NORMAL    RECORD    YEAR
 MAXIMUM TEMPERATURE (F)   86       106      1901
 MINIMUM TEMPERATURE (F)   65        50      1945


SUNRISE AND SUNSET
JULY 10 2015..........SUNRISE   546 AM CDT   SUNSET   844 PM CDT
JULY 11 2015..........SUNRISE   547 AM CDT   SUNSET   843 PM CDT


-  INDICATES NEGATIVE NUMBERS.
R  INDICATES RECORD WAS SET OR TIED.
MM INDICATES DATA IS MISSING.
T  INDICATES TRACE AMOUNT.




$$
