000
CDUS43 KDMX 080640
CLIOTM

CLIMATE REPORT
NATIONAL WEATHER SERVICE DES MOINES IA
138 AM CDT SUN MAY 8 2016


...................................

...THE OTTUMWA IA CLIMATE SUMMARY FOR MAY 7 2016...

CLIMATE NORMAL PERIOD 1981 TO 2010
CLIMATE RECORD PERIOD 1920 TO 2016


WEATHER ITEM   OBSERVED TIME   RECORD YEAR NORMAL DEPARTURE LAST
                VALUE   (LST)  VALUE       VALUE  FROM      YEAR
                                                  NORMAL
..................................................................
TEMPERATURE (F)
 YESTERDAY
  MAXIMUM         74   1113 AM  95    1934  69      5       82
  MINIMUM         54    959 PM  26    1931  47      7       64
  AVERAGE         64                        58      6       73

PRECIPITATION (IN)
  YESTERDAY        0.01          2.32 1962   0.14  -0.13      T
  MONTH TO DATE    0.17                      1.00  -0.83     1.17
  SINCE MAR 1      4.04                      6.64  -2.60     4.17
  SINCE JAN 1      4.47                      8.82  -4.35     6.29

DEGREE DAYS
 HEATING
  YESTERDAY        1                         7     -6        0
  MONTH TO DATE   70                        57     13       13
  SINCE MAR 1   1092                      1302   -210     1129
  SINCE JUL 1   5146                      6187  -1041     6260

 COOLING
  YESTERDAY        0                         1     -1        8
  MONTH TO DATE    1                         7     -6       27
  SINCE MAR 1     10                        18     -8       28
  SINCE JAN 1     10                        18     -8       28
..................................................................


WIND (MPH)
  HIGHEST WIND SPEED    23   HIGHEST WIND DIRECTION    NE (40)
  HIGHEST GUST SPEED    29   HIGHEST GUST DIRECTION    NE (40)
  AVERAGE WIND SPEED     9.8


SKY COVER
  POSSIBLE SUNSHINE  MM
  AVERAGE SKY COVER 0.4


WEATHER CONDITIONS
 THE FOLLOWING WEATHER WAS RECORDED YESTERDAY.
  LIGHT RAIN
  HAZE


RELATIVE HUMIDITY (PERCENT)
 HIGHEST    77          1100 PM
 LOWEST     39           500 PM
 AVERAGE    58

..........................................................


THE OTTUMWA IA CLIMATE NORMALS FOR TODAY
                         NORMAL    RECORD    YEAR
 MAXIMUM TEMPERATURE (F)   70        92      1934
 MINIMUM TEMPERATURE (F)   48        35      2010
                                             1980


SUNRISE AND SUNSET
MAY  8 2016...........SUNRISE   558 AM CDT   SUNSET   815 PM CDT
MAY  9 2016...........SUNRISE   557 AM CDT   SUNSET   816 PM CDT


-  INDICATES NEGATIVE NUMBERS.
R  INDICATES RECORD WAS SET OR TIED.
MM INDICATES DATA IS MISSING.
T  INDICATES TRACE AMOUNT.




$$
