000
CDUS43 KDMX 070634 RRB
CLIOTM

CLIMATE REPORT
NATIONAL WEATHER SERVICE DES MOINES IA
1229 AM CST SAT FEB 7 2015


...................................

...THE OTTUMWA IA CLIMATE SUMMARY FOR FEBRUARY 6 2015...

CLIMATE NORMAL PERIOD 1981 TO 2010
CLIMATE RECORD PERIOD 1920 TO 2015


WEATHER ITEM   OBSERVED TIME   RECORD YEAR NORMAL DEPARTURE LAST
                VALUE   (LST)  VALUE       VALUE  FROM      YEAR
                                                  NORMAL
..................................................................
TEMPERATURE (F)
 YESTERDAY
  MAXIMUM         39    458 PM  62    2009  34      5        7
  MINIMUM         11    111 AM -17    1978  15     -4      -12
  AVERAGE         25                        24      1       -2

PRECIPITATION (IN)
  YESTERDAY        0.00          0.76 1928   0.04  -0.04     0.00
  MONTH TO DATE    0.21                      0.19   0.02     0.64
  SINCE DEC 1      2.13                      2.46  -0.33     1.74
  SINCE JAN 1      1.15                      1.09   0.06     1.08

DEGREE DAYS
 HEATING
  YESTERDAY       40                        41     -1       67
  MONTH TO DATE  308                       247     61      338
  SINCE DEC 1   2587                      2771   -184     3173
  SINCE JUL 1   4095                      4069     26     4503

 COOLING
  YESTERDAY        0                         0      0        0
  MONTH TO DATE    0                         0      0        0
  SINCE DEC 1      0                         0      0        0
  SINCE JAN 1      0                         0      0        0
..................................................................


WIND (MPH)
  HIGHEST WIND SPEED    17   HIGHEST WIND DIRECTION    SW (210)
  HIGHEST GUST SPEED    21   HIGHEST GUST DIRECTION    SW (210)
  AVERAGE WIND SPEED     8.4


SKY COVER
  POSSIBLE SUNSHINE  MM
  AVERAGE SKY COVER 0.0


WEATHER CONDITIONS
 THE FOLLOWING WEATHER WAS RECORDED YESTERDAY.
  FOG


RELATIVE HUMIDITY (PERCENT)
 HIGHEST    92           900 PM
 LOWEST     64           100 PM
 AVERAGE    78

..........................................................


THE OTTUMWA IA CLIMATE NORMALS FOR TODAY
                         NORMAL    RECORD    YEAR
 MAXIMUM TEMPERATURE (F)   34        61      1987
 MINIMUM TEMPERATURE (F)   15       -18      1905


SUNRISE AND SUNSET
FEBRUARY  7 2015......SUNRISE   714 AM CST   SUNSET   534 PM CST
FEBRUARY  8 2015......SUNRISE   713 AM CST   SUNSET   535 PM CST


-  INDICATES NEGATIVE NUMBERS.
R  INDICATES RECORD WAS SET OR TIED.
MM INDICATES DATA IS MISSING.
T  INDICATES TRACE AMOUNT.




$$
