000
CDUS43 KDMX 090637 RRA
CLIOTM

CLIMATE REPORT
NATIONAL WEATHER SERVICE DES MOINES IA
133 AM CDT SAT APR 9 2016


...................................

...THE OTTUMWA IA CLIMATE SUMMARY FOR APRIL 8 2016...

CLIMATE NORMAL PERIOD 1981 TO 2010
CLIMATE RECORD PERIOD 1920 TO 2016


WEATHER ITEM   OBSERVED TIME   RECORD YEAR NORMAL DEPARTURE LAST
                VALUE   (LST)  VALUE       VALUE  FROM      YEAR
                                                  NORMAL
..................................................................
TEMPERATURE (F)
 YESTERDAY
  MAXIMUM         50    138 PM  89    1931  60    -10       57
  MINIMUM         27   1159 PM  18    1972  37    -10       45
  AVERAGE         39                        48     -9       51

PRECIPITATION (IN)
  YESTERDAY        T             1.42 2008   0.10  -0.10     0.02
  MONTH TO DATE    0.36                      0.75  -0.39     0.23
  SINCE MAR 1      1.58                      2.99  -1.41     0.69
  SINCE JAN 1      2.01                      5.17  -3.16     2.81

DEGREE DAYS
 HEATING
  YESTERDAY       26                        17      9       14
  MONTH TO DATE  173                       147     26      106
  SINCE MAR 1    788                       958   -170      873
  SINCE JUL 1   4842                      5843  -1001     6004

 COOLING
  YESTERDAY        0                         0      0        0
  MONTH TO DATE    0                         0      0        0
  SINCE MAR 1      0                         1     -1        0
  SINCE JAN 1      0                         1     -1        0
..................................................................


WIND (MPH)
  HIGHEST WIND SPEED    39   HIGHEST WIND DIRECTION    NW (330)
  HIGHEST GUST SPEED    47   HIGHEST GUST DIRECTION     N (340)
  AVERAGE WIND SPEED    21.6


SKY COVER
  POSSIBLE SUNSHINE  MM
  AVERAGE SKY COVER 0.4


WEATHER CONDITIONS
 THE FOLLOWING WEATHER WAS RECORDED YESTERDAY.
  NO SIGNIFICANT WEATHER WAS OBSERVED.


RELATIVE HUMIDITY (PERCENT)
 HIGHEST    82           300 AM
 LOWEST     25           400 PM
 AVERAGE    54

..........................................................


THE OTTUMWA IA CLIMATE NORMALS FOR TODAY
                         NORMAL    RECORD    YEAR
 MAXIMUM TEMPERATURE (F)   60        85      1905
 MINIMUM TEMPERATURE (F)   37        18      1997


SUNRISE AND SUNSET
APRIL  9 2016.........SUNRISE   639 AM CDT   SUNSET   744 PM CDT
APRIL 10 2016.........SUNRISE   638 AM CDT   SUNSET   745 PM CDT


-  INDICATES NEGATIVE NUMBERS.
R  INDICATES RECORD WAS SET OR TIED.
MM INDICATES DATA IS MISSING.
T  INDICATES TRACE AMOUNT.




$$
