000
CDUS43 KDMX 080801
CLIOTM

CLIMATE REPORT
NATIONAL WEATHER SERVICE DES MOINES IA
207 AM CDT FRI JUL 8 2016

...................................

...THE OTTUMWA IA CLIMATE SUMMARY FOR JULY 7 2016...

CLIMATE NORMAL PERIOD 1981 TO 2010
CLIMATE RECORD PERIOD 1920 TO 2016

WEATHER ITEM   OBSERVED TIME   RECORD YEAR NORMAL DEPARTURE LAST
                VALUE   (LST)  VALUE       VALUE  FROM      YEAR
                                                  NORMAL
..................................................................
TEMPERATURE (F)
 YESTERDAY
  MAXIMUM         83    555 PM 104    1936  86     -3       74
  MINIMUM         67    722 AM  48    1934  65      2       60
  AVERAGE         75                        75      0       67

PRECIPITATION (IN)
  YESTERDAY        0.93          1.52 1986   0.16   0.77     0.00
  MONTH TO DATE    1.40                      1.12   0.28     1.38
  SINCE JUN 1      3.98                      6.21  -2.23     9.16
  SINCE JAN 1     12.02                     18.74  -6.72    19.03

DEGREE DAYS
 HEATING
  YESTERDAY        0                         0      0        0
  MONTH TO DATE    7                         0      7        0
  SINCE JUN 1      8                        21    -13       10
  SINCE JUL 1      7                         0      7        0

 COOLING
  YESTERDAY       10                        10      0        2
  MONTH TO DATE   39                        70    -31       29
  SINCE JUN 1    313                       271     42      233
  SINCE JAN 1    384                       335     49      294
..................................................................

WIND (MPH)
  HIGHEST WIND SPEED    28   HIGHEST WIND DIRECTION     N (350)
  HIGHEST GUST SPEED    36   HIGHEST GUST DIRECTION    NE (30)
  AVERAGE WIND SPEED     6.6

SKY COVER
  POSSIBLE SUNSHINE  MM
  AVERAGE SKY COVER 0.3

WEATHER CONDITIONS
 THE FOLLOWING WEATHER WAS RECORDED YESTERDAY.
  THUNDERSTORM
  HEAVY RAIN
  RAIN
  LIGHT RAIN
  FOG

RELATIVE HUMIDITY (PERCENT)
 HIGHEST    97          1200 AM
 LOWEST     62           200 PM
 AVERAGE    80
..........................................................

THE OTTUMWA IA CLIMATE NORMALS FOR TODAY
                         NORMAL    RECORD    YEAR
 MAXIMUM TEMPERATURE (F)   86       102      1936
 MINIMUM TEMPERATURE (F)   65        51      1931

SUNRISE AND SUNSET
JULY  8 2016..........SUNRISE   546 AM CDT   SUNSET   844 PM CDT
JULY  9 2016..........SUNRISE   546 AM CDT   SUNSET   844 PM CDT

-  INDICATES NEGATIVE NUMBERS.
R  INDICATES RECORD WAS SET OR TIED.
MM INDICATES DATA IS MISSING.
T  INDICATES TRACE AMOUNT.

$$

FAB
