000
CDUS43 KDMX 130636 RRB
CLIOTM

CLIMATE REPORT
NATIONAL WEATHER SERVICE DES MOINES IA
134 AM CDT MON MAR 13 2017


...................................

...THE OTTUMWA IA CLIMATE SUMMARY FOR MARCH 12 2017...

CLIMATE NORMAL PERIOD 1981 TO 2010
CLIMATE RECORD PERIOD 1920 TO 2017


WEATHER ITEM   OBSERVED TIME   RECORD YEAR NORMAL DEPARTURE LAST
                VALUE   (LST)  VALUE       VALUE  FROM      YEAR
                                                  NORMAL
..................................................................
TEMPERATURE (F)
 YESTERDAY
  MAXIMUM         37    646 PM  79    1990  47    -10       58
  MINIMUM         23    657 AM  -6    1948  27     -4       36
  AVERAGE         30                        37     -7       47

PRECIPITATION (IN)
  YESTERDAY        0.10          2.20 1939   0.07   0.03     0.19
  MONTH TO DATE    0.36                      0.81  -0.45     0.31
  SINCE MAR 1      0.36                      0.81  -0.45     0.31
  SINCE JAN 1      1.95                      2.99  -1.04     1.61

DEGREE DAYS
 HEATING
  YESTERDAY       35                        28      7       18
  MONTH TO DATE  305                       363    -58      254
  SINCE MAR 1    305                       363    -58      254
  SINCE JUL 1   4112                      5248  -1136     4308

 COOLING
  YESTERDAY        0                         0      0        0
  MONTH TO DATE    0                         0      0        0
  SINCE MAR 1      0                         0      0        0
  SINCE JAN 1      0                         0      0        0
..................................................................


WIND (MPH)
  HIGHEST WIND SPEED    21   HIGHEST WIND DIRECTION    SE (140)
  HIGHEST GUST SPEED    25   HIGHEST GUST DIRECTION    SE (130)
  AVERAGE WIND SPEED    10.0


SKY COVER
  POSSIBLE SUNSHINE  MM
  AVERAGE SKY COVER 1.0


WEATHER CONDITIONS
 THE FOLLOWING WEATHER WAS RECORDED YESTERDAY.
  LIGHT SNOW
  FOG


RELATIVE HUMIDITY (PERCENT)
 HIGHEST   100          1000 PM
 LOWEST     31          1200 PM
 AVERAGE    66

..........................................................


THE OTTUMWA IA CLIMATE NORMALS FOR TODAY
                         NORMAL    RECORD    YEAR
 MAXIMUM TEMPERATURE (F)   48        77      2007
 MINIMUM TEMPERATURE (F)   27         4      1993


SUNRISE AND SUNSET
MARCH 13 2017.........SUNRISE   724 AM CDT   SUNSET   715 PM CDT
MARCH 14 2017.........SUNRISE   723 AM CDT   SUNSET   716 PM CDT


-  INDICATES NEGATIVE NUMBERS.
R  INDICATES RECORD WAS SET OR TIED.
MM INDICATES DATA IS MISSING.
T  INDICATES TRACE AMOUNT.




$$
