000
CDUS43 KDMX 140635
CLIOTM

CLIMATE REPORT
NATIONAL WEATHER SERVICE DES MOINES IA
130 AM CDT SUN AUG 14 2016

...................................

...THE OTTUMWA IA CLIMATE SUMMARY FOR AUGUST 13 2016...

CLIMATE NORMAL PERIOD 1981 TO 2010
CLIMATE RECORD PERIOD 1920 TO 2016


WEATHER ITEM   OBSERVED TIME   RECORD YEAR NORMAL DEPARTURE LAST
                VALUE   (LST)  VALUE       VALUE  FROM      YEAR
                                                  NORMAL
..................................................................
TEMPERATURE (F)
 YESTERDAY
  MAXIMUM         83    319 PM 106    1936  84     -1       85
  MINIMUM         65   1157 PM  48    2004  63      2       60
                                      1964
  AVERAGE         74                        74      0       73

PRECIPITATION (IN)
  YESTERDAY        0.00          2.35 1974   0.15  -0.15     0.00
  MONTH TO DATE    2.22                      1.89   0.33     0.25
  SINCE JUN 1      8.69                     11.45  -2.76    14.79
  SINCE JAN 1     16.73                     23.98  -7.25    24.66

DEGREE DAYS
 HEATING
  YESTERDAY        0                         0      0        0
  MONTH TO DATE    0                         0      0        0
  SINCE JUN 1      8                        23    -15       16
  SINCE JUL 1      7                         2      5        6

 COOLING
  YESTERDAY        9                         9      0        8
  MONTH TO DATE  133                       119     14      108
  SINCE JUN 1    681                       634     47      588
  SINCE JAN 1    752                       698     54      649
..................................................................


WIND (MPH)
  HIGHEST WIND SPEED    20   HIGHEST WIND DIRECTION    NW (320)
  HIGHEST GUST SPEED    22   HIGHEST GUST DIRECTION    NW (330)
  AVERAGE WIND SPEED     8.8


SKY COVER
  POSSIBLE SUNSHINE  MM
  AVERAGE SKY COVER 0.1


WEATHER CONDITIONS
 THE FOLLOWING WEATHER WAS RECORDED YESTERDAY.
  NO SIGNIFICANT WEATHER WAS OBSERVED.


RELATIVE HUMIDITY (PERCENT)
 HIGHEST   100           500 AM
 LOWEST     51           400 PM
 AVERAGE    76

..........................................................


THE OTTUMWA IA CLIMATE NORMALS FOR TODAY
                         NORMAL    RECORD    YEAR
 MAXIMUM TEMPERATURE (F)   84       109      1936
 MINIMUM TEMPERATURE (F)   63        47      2013


SUNRISE AND SUNSET
AUGUST 14 2016........SUNRISE   619 AM CDT   SUNSET   809 PM CDT
AUGUST 15 2016........SUNRISE   620 AM CDT   SUNSET   808 PM CDT


-  INDICATES NEGATIVE NUMBERS.
R  INDICATES RECORD WAS SET OR TIED.
MM INDICATES DATA IS MISSING.
T  INDICATES TRACE AMOUNT.

$$

REV
