000
CDUS43 KDMX 230643
CLIOTM

CLIMATE REPORT
NATIONAL WEATHER SERVICE DES MOINES IA
141 AM CDT SUN OCT 23 2016


...................................

...THE OTTUMWA IA CLIMATE SUMMARY FOR OCTOBER 22 2016...

CLIMATE NORMAL PERIOD 1981 TO 2010
CLIMATE RECORD PERIOD 1920 TO 2016


WEATHER ITEM   OBSERVED TIME   RECORD YEAR NORMAL DEPARTURE LAST
                VALUE   (LST)  VALUE       VALUE  FROM      YEAR
                                                  NORMAL
..................................................................
TEMPERATURE (F)
 YESTERDAY
  MAXIMUM         70    405 PM  86    1940  61      9       70
  MINIMUM         42    643 AM  22    1976  40      2       49
  AVERAGE         56                        50      6       60

PRECIPITATION (IN)
  YESTERDAY        0.00          2.88 2001   0.09  -0.09      T
  MONTH TO DATE    0.79                      2.02  -1.23     0.03
  SINCE SEP 1      1.80                      5.81  -4.01     4.29
  SINCE JAN 1     22.99                     32.51  -9.52    30.00

DEGREE DAYS
 HEATING
  YESTERDAY        9                        15     -6        5
  MONTH TO DATE  148                       252   -104      186
  SINCE SEP 1    172                       362   -190      237
  SINCE JUL 1    179                       373   -194      259

 COOLING
  YESTERDAY        0                         0      0        0
  MONTH TO DATE   42                         9     33        8
  SINCE SEP 1    215                       102    113      205
  SINCE JAN 1   1114                       936    178      933
..................................................................


WIND (MPH)
  HIGHEST WIND SPEED    14   HIGHEST WIND DIRECTION    SW (240)
  HIGHEST GUST SPEED    18   HIGHEST GUST DIRECTION    SW (240)
  AVERAGE WIND SPEED     7.1


SKY COVER
  POSSIBLE SUNSHINE  MM
  AVERAGE SKY COVER 0.0


WEATHER CONDITIONS
 THE FOLLOWING WEATHER WAS RECORDED YESTERDAY.
  HAZE


RELATIVE HUMIDITY (PERCENT)
 HIGHEST    82           500 AM
 LOWEST     37           100 PM
 AVERAGE    60

..........................................................


THE OTTUMWA IA CLIMATE NORMALS FOR TODAY
                         NORMAL    RECORD    YEAR
 MAXIMUM TEMPERATURE (F)   61        83      1963
 MINIMUM TEMPERATURE (F)   39        21      1936


SUNRISE AND SUNSET
OCTOBER 23 2016.......SUNRISE   731 AM CDT   SUNSET   617 PM CDT
OCTOBER 24 2016.......SUNRISE   732 AM CDT   SUNSET   615 PM CDT


-  INDICATES NEGATIVE NUMBERS.
R  INDICATES RECORD WAS SET OR TIED.
MM INDICATES DATA IS MISSING.
T  INDICATES TRACE AMOUNT.




$$
