000
CDUS43 KDMX 220659 RRB
CLIOTM

CLIMATE REPORT
NATIONAL WEATHER SERVICE DES MOINES IA
157 AM CDT TUE MAR 22 2016

...................................

...THE OTTUMWA IA CLIMATE SUMMARY FOR MARCH 21 2016...

CLIMATE NORMAL PERIOD 1981 TO 2010
CLIMATE RECORD PERIOD 1920 TO 2016


WEATHER ITEM   OBSERVED TIME   RECORD YEAR NORMAL DEPARTURE LAST
                VALUE   (LST)  VALUE       VALUE  FROM      YEAR
                                                  NORMAL
..................................................................
TEMPERATURE (F)
 YESTERDAY
  MAXIMUM         59    403 PM  88    1907  52      7       60
  MINIMUM         24    415 AM   4    1951  30     -6       34
  AVERAGE         42                        41      1       47

PRECIPITATION (IN)
  YESTERDAY        0.00          1.22 1932   0.07  -0.07     0.00
  MONTH TO DATE    0.68                      1.46  -0.78     0.08
  SINCE MAR 1      0.68                      1.46  -0.78     0.08
  SINCE JAN 1      1.11                      3.64  -2.53     2.20

DEGREE DAYS
 HEATING
  YESTERDAY       23                        24     -1       18
  MONTH TO DATE  425                       593   -168      537
  SINCE MAR 1    425                       593   -168      537
  SINCE JUL 1   4479                      5478   -999     5668

 COOLING
  YESTERDAY        0                         0      0        0
  MONTH TO DATE    0                         0      0        0
  SINCE MAR 1      0                         0      0        0
  SINCE JAN 1      0                         0      0        0
..................................................................


WIND (MPH)
  HIGHEST WIND SPEED    26   HIGHEST WIND DIRECTION     S (200)
  HIGHEST GUST SPEED    33   HIGHEST GUST DIRECTION     S (200)
  AVERAGE WIND SPEED    11.2


SKY COVER
  POSSIBLE SUNSHINE  MM
  AVERAGE SKY COVER 0.0


WEATHER CONDITIONS
 THE FOLLOWING WEATHER WAS RECORDED YESTERDAY.
  NO SIGNIFICANT WEATHER WAS OBSERVED.


RELATIVE HUMIDITY (PERCENT)
 HIGHEST    92           400 AM
 LOWEST     30           200 PM
 AVERAGE    61

..........................................................


THE OTTUMWA IA CLIMATE NORMALS FOR TODAY
                         NORMAL    RECORD    YEAR
 MAXIMUM TEMPERATURE (F)   52        85      1910
 MINIMUM TEMPERATURE (F)   31         4      1913


SUNRISE AND SUNSET
MARCH 22 2016.........SUNRISE   709 AM CDT   SUNSET   725 PM CDT
MARCH 23 2016.........SUNRISE   707 AM CDT   SUNSET   726 PM CDT


-  INDICATES NEGATIVE NUMBERS.
R  INDICATES RECORD WAS SET OR TIED.
MM INDICATES DATA IS MISSING.
T  INDICATES TRACE AMOUNT.




$$
