000
CDUS43 KDMX 040656
CLIOTM

CLIMATE REPORT
NATIONAL WEATHER SERVICE DES MOINES IA
143 AM CDT MON SEP 4 2017

...................................

...THE OTTUMWA IA CLIMATE SUMMARY FOR SEPTEMBER 3 2017...

CLIMATE NORMAL PERIOD 1981 TO 2010
CLIMATE RECORD PERIOD 1920 TO 2017

WEATHER ITEM   OBSERVED TIME   RECORD YEAR NORMAL DEPARTURE LAST
                VALUE   (LST)  VALUE       VALUE  FROM      YEAR
                                                  NORMAL
..................................................................
TEMPERATURE (F)
 YESTERDAY
  MAXIMUM         88    253 PM 100    1925  81      7       76
  MINIMUM         52    613 AM  40    1974  58     -6       53
  AVERAGE         70                        70      0       65

PRECIPITATION (IN)
  YESTERDAY        0.00          3.65 1926   0.14  -0.14     0.00
  MONTH TO DATE    T                         0.42  -0.42     0.00
  SINCE SEP 1      T                         0.42  -0.42     0.00
  SINCE JAN 1     15.84                     27.12 -11.28    21.19

DEGREE DAYS
 HEATING
  YESTERDAY        0                         1     -1        0
  MONTH TO DATE    2                         3     -1        0
  SINCE SEP 1      2                         3     -1        0
  SINCE JUL 1      2                        14    -12        7

 COOLING
  YESTERDAY        5                         5      0        0
  MONTH TO DATE    9                        17     -8        3
  SINCE SEP 1      9                        17     -8        3
  SINCE JAN 1    934                       851     83      902
..................................................................

WIND (MPH)
  HIGHEST WIND SPEED    14   HIGHEST WIND DIRECTION     S (180)
  HIGHEST GUST SPEED    19   HIGHEST GUST DIRECTION     S (160)
  AVERAGE WIND SPEED     6.3

SKY COVER
  POSSIBLE SUNSHINE  MM
  AVERAGE SKY COVER 0.3

WEATHER CONDITIONS
 THE FOLLOWING WEATHER WAS RECORDED YESTERDAY.
  FOG
  FOG W/VISIBILITY <= 1/4 MILE

RELATIVE HUMIDITY (PERCENT)
 HIGHEST   100          1200 AM
 LOWEST     26           300 PM
 AVERAGE    63
..........................................................

THE OTTUMWA IA CLIMATE NORMALS FOR TODAY
                         NORMAL    RECORD    YEAR
 MAXIMUM TEMPERATURE (F)   80       103      1925
 MINIMUM TEMPERATURE (F)   58        43      1974

SUNRISE AND SUNSET
SEPTEMBER  4 2017.....SUNRISE   640 AM CDT   SUNSET   737 PM CDT
SEPTEMBER  5 2017.....SUNRISE   641 AM CDT   SUNSET   735 PM CDT

-  INDICATES NEGATIVE NUMBERS.
R  INDICATES RECORD WAS SET OR TIED.
MM INDICATES DATA IS MISSING.
T  INDICATES TRACE AMOUNT.

$$

FAB
