000
CDUS43 KDMX 060633 RRD
CLIOTM

CLIMATE REPORT
NATIONAL WEATHER SERVICE DES MOINES IA
131 AM CDT THU JUL 6 2017


...................................

...THE OTTUMWA IA CLIMATE SUMMARY FOR JULY 5 2017...

CLIMATE NORMAL PERIOD 1981 TO 2010
CLIMATE RECORD PERIOD 1920 TO 2017


WEATHER ITEM   OBSERVED TIME   RECORD YEAR NORMAL DEPARTURE LAST
                VALUE   (LST)  VALUE       VALUE  FROM      YEAR
                                                  NORMAL
..................................................................
TEMPERATURE (F)
 YESTERDAY
  MAXIMUM         89    145 PM 110    1911  86      3       89
  MINIMUM         66    315 AM  48    1972  65      1       62
  AVERAGE         78                        75      3       76

PRECIPITATION (IN)
  YESTERDAY        0.00          1.76 1993   0.16  -0.16     0.00
  MONTH TO DATE    0.00                      0.80  -0.80     0.13
  SINCE JUN 1      0.97                      5.89  -4.92     2.71
  SINCE JAN 1     13.43                     18.42  -4.99    11.62

DEGREE DAYS
 HEATING
  YESTERDAY        0                         0      0        0
  MONTH TO DATE    0                         0      0        7
  SINCE JUN 1     10                        21    -11        8
  SINCE JUL 1      0                         0      0        7

 COOLING
  YESTERDAY       13                        10      3       11
  MONTH TO DATE   53                        50      3       18
  SINCE JUN 1    322                       251     71      292
  SINCE JAN 1    383                       315     68      363
..................................................................


WIND (MPH)
  HIGHEST WIND SPEED    13   HIGHEST WIND DIRECTION    SE (140)
  HIGHEST GUST SPEED    18   HIGHEST GUST DIRECTION    SE (140)
  AVERAGE WIND SPEED     5.1


SKY COVER
  POSSIBLE SUNSHINE  MM
  AVERAGE SKY COVER 0.0


WEATHER CONDITIONS
 THE FOLLOWING WEATHER WAS RECORDED YESTERDAY.
  FOG
  HAZE


RELATIVE HUMIDITY (PERCENT)
 HIGHEST   100           200 AM
 LOWEST     46           100 PM
 AVERAGE    73

..........................................................


THE OTTUMWA IA CLIMATE NORMALS FOR TODAY
                         NORMAL    RECORD    YEAR
 MAXIMUM TEMPERATURE (F)   86       104      1936
 MINIMUM TEMPERATURE (F)   65        52      2006


SUNRISE AND SUNSET
JULY  6 2017..........SUNRISE   544 AM CDT   SUNSET   845 PM CDT
JULY  7 2017..........SUNRISE   545 AM CDT   SUNSET   845 PM CDT


-  INDICATES NEGATIVE NUMBERS.
R  INDICATES RECORD WAS SET OR TIED.
MM INDICATES DATA IS MISSING.
T  INDICATES TRACE AMOUNT.




$$
