000
CDUS43 KDMX 300630 RRB
CLIOTM

CLIMATE REPORT
NATIONAL WEATHER SERVICE DES MOINES IA
1229 AM CST SUN NOV 30 2014


...................................

...THE OTTUMWA IA CLIMATE SUMMARY FOR NOVEMBER 29 2014...

CLIMATE NORMAL PERIOD 1981 TO 2010
CLIMATE RECORD PERIOD 1920 TO 2014


WEATHER ITEM   OBSERVED TIME   RECORD YEAR NORMAL DEPARTURE LAST
                VALUE   (LST)  VALUE       VALUE  FROM      YEAR
                                                  NORMAL
..................................................................
TEMPERATURE (F)
 YESTERDAY
  MAXIMUM         57    302 PM  70    1998  41     16       40
  MINIMUM         36    451 AM  -3    1976  23     13       11
  AVERAGE         47                        32     15       26

PRECIPITATION (IN)
  YESTERDAY        0.00          1.65 1975   0.07  -0.07     0.00
  MONTH TO DATE    1.17                      2.31  -1.14     1.76
  SINCE SEP 1      8.84                      8.93  -0.09     7.21
  SINCE JAN 1     40.13                     35.63   4.50    36.32

DEGREE DAYS
 HEATING
  YESTERDAY       18                        33    -15       39
  MONTH TO DATE  936                       739    197      817
  SINCE SEP 1   1458                      1252    206     1289
  SINCE JUL 1   1471                      1263    208     1305

 COOLING
  YESTERDAY        0                         0      0        0
  MONTH TO DATE    0                         0      0        0
  SINCE SEP 1     69                       104    -35      199
  SINCE JAN 1    801                       938   -137     1014
..................................................................


WIND (MPH)
  HIGHEST WIND SPEED    17   HIGHEST WIND DIRECTION    SW (210)
  HIGHEST GUST SPEED    22   HIGHEST GUST DIRECTION    SW (210)
  AVERAGE WIND SPEED     9.7


SKY COVER
  POSSIBLE SUNSHINE  MM
  AVERAGE SKY COVER 0.0


WEATHER CONDITIONS
 THE FOLLOWING WEATHER WAS RECORDED YESTERDAY.
  NO SIGNIFICANT WEATHER WAS OBSERVED.


RELATIVE HUMIDITY (PERCENT)
 HIGHEST    92           800 AM
 LOWEST     67           300 PM
 AVERAGE    80

..........................................................


THE OTTUMWA IA CLIMATE NORMALS FOR TODAY
                         NORMAL    RECORD    YEAR
 MAXIMUM TEMPERATURE (F)   41        67      1998
 MINIMUM TEMPERATURE (F)   23        -9      1964


SUNRISE AND SUNSET
NOVEMBER 30 2014......SUNRISE   715 AM CST   SUNSET   442 PM CST
DECEMBER  1 2014......SUNRISE   716 AM CST   SUNSET   442 PM CST


-  INDICATES NEGATIVE NUMBERS.
R  INDICATES RECORD WAS SET OR TIED.
MM INDICATES DATA IS MISSING.
T  INDICATES TRACE AMOUNT.




$$
